NOAA ALL HAZARDS WEATHER RADIO Live Streams

NOAA-Style Climate Reports

Select a Year or Month report
2018: Jan Feb Mar Apr May Jun Jul Aug Sep Oct Nov Dec
2017: Jan Feb Mar Apr May Jun Jul Aug Sep Oct Nov Dec
2016: Jan Feb Mar Apr May Jun Jul Aug Sep Oct Nov Dec
2015: Jan Feb Mar Apr May Jun Jul Aug Sep Oct Nov Dec
2014: Jan Feb Mar Apr May Jun Jul Aug Sep Oct Nov Dec
2013: Jan Feb Mar Apr May Jun Jul Aug Sep Oct Nov Dec
2012: Jan Feb Mar Apr May Jun Jul Aug Sep Oct Nov Dec
2011: Jan Feb Mar Apr May Jun Jul Aug Sep Oct Nov Dec
2010: Jan Feb Mar Apr May Jun Jul Aug Sep Oct Nov Dec

Report for 2018 April
                  MONTHLY CLIMATOLOGICAL SUMMARY FOR 4/2018
                                        HEAT  COOL        
     MEAN                               DEG   DEG       WIND SPEED       DOM MEAN  MEAN
DAY  TEMP  HIGH   TIME     LOW   TIME   DAYS  DAYS RAIN AVG  HI  TIME    DIR BAROM HUM
---------------------------------------------------------------------------------------
1    46.7  51.6   3:50pm  38.1  11:58pm   18    0  0.69   4  24  11:42pm WSW 30.10   83
2    40.7  47.9  11:58pm  35.2   5:31am   24    0  0.16   5  26  12:12am  NE 30.05   87
3    63.7  78.6   4:16pm  47.8  12:00am    5    4  0.31   9  55   9:09pm SSW 29.71   75
4    40.5  62.0  12:06am  31.1  11:54pm   25    0  0.01  11  45   8:23am   W 30.04   63
5    38.6  54.2   6:10pm  23.5   7:23am   26    0  0.00   1  16   2:53pm SSW 30.22   64
6    48.9  63.9   2:48pm  34.0   3:36am   16    0  0.00   6  37   9:11pm  SW 29.93   58
7    33.4  42.8   7:07pm  27.4   7:36am   32    0  0.01   6  24  12:17am   N 30.05   72
8    35.6  45.4   4:21pm  22.6   7:12am   29    0  0.00   2  16  10:47am ENE 30.07   60
9    40.3  48.6   6:26pm  32.3   4:20am   25    0  0.07   4  19   3:24pm  NE 30.11   72
10   42.1  48.6   3:17pm  35.3   7:42am   23    0  0.00   1  11   3:58pm WNW 30.24   68
11   46.7  64.7   6:05pm  26.6   7:15am   18    0  0.00   4  32   3:47pm SSW 30.16   65
12   65.8  78.1   5:09pm  50.8  12:53am    4    5  0.00  10  47   1:28pm SSW 29.91   44
13   70.7  81.7   5:05pm  61.7  11:59pm    0    6  0.00   9  37   9:46am SSW 29.83   43
14   64.1  73.4  10:11am  60.2  11:19pm    2    1  0.28   3  32  10:21am   S 29.79   74
15   53.0  62.7   8:44am  43.0  10:49pm   12    0  0.87   6  39   9:02am WSW 29.68   90
16   35.6  43.1  12:00am  31.4   4:40pm   29    0  0.01  10  35   1:00pm WSW 29.90   80
17   43.7  59.7   6:32pm  31.4   7:38am   21    0  0.00   8  35   3:40pm  SW 29.94   61
18   55.2  75.4   6:16pm  37.8   7:11am   12    3  0.22   8  39   7:06pm  NE 29.77   66
19   44.2  53.2   6:28pm  37.6  11:50pm   21    0  0.00   7  43   2:41am   W 30.15   63
20   47.1  63.0   5:25pm  32.2   6:20am   18    0  0.00   3  24   1:53pm  NE 30.41   55
21   53.4  68.5   4:49pm  40.1   6:15am   12    0  0.00   4  23   9:39am  NE 30.34   44
22   58.6  71.0   4:32pm  47.1   6:39am    7    1  0.00   4  19   7:09pm  NE 30.18   42
23   55.6  60.5   3:11pm  50.4   7:27am    9    0  0.97   5  29   3:31pm  NE 30.02   77
---------------------------------------------------------------------------------------
TOT  48.9  81.7  4/13/18  22.6   4/8/18  390   20  3.60   6  53   4/3/18  NE 30.02   65

HEAT BASE: 65.0
COOL BASE: 65.0