NOAA ALL HAZARDS WEATHER RADIO Live Streams

NOAA-Style Climate Reports

Select a Year or Month report
2018: Jan Feb Mar Apr May Jun Jul Aug Sep Oct Nov Dec
2017: Jan Feb Mar Apr May Jun Jul Aug Sep Oct Nov Dec
2016: Jan Feb Mar Apr May Jun Jul Aug Sep Oct Nov Dec
2015: Jan Feb Mar Apr May Jun Jul Aug Sep Oct Nov Dec
2014: Jan Feb Mar Apr May Jun Jul Aug Sep Oct Nov Dec
2013: Jan Feb Mar Apr May Jun Jul Aug Sep Oct Nov Dec
2012: Jan Feb Mar Apr May Jun Jul Aug Sep Oct Nov Dec
2011: Jan Feb Mar Apr May Jun Jul Aug Sep Oct Nov Dec
2010: Jan Feb Mar Apr May Jun Jul Aug Sep Oct Nov Dec

Report for 2018 August
                  MONTHLY CLIMATOLOGICAL SUMMARY FOR 8/2018
                                        HEAT  COOL        
     MEAN                               DEG   DEG       WIND SPEED       DOM MEAN  MEAN
DAY  TEMP  HIGH   TIME     LOW   TIME   DAYS  DAYS RAIN AVG  HI  TIME    DIR BAROM HUM
---------------------------------------------------------------------------------------
1
2
3    72.2  72.4  11:33pm  71.8  11:58pm    0    0  0.00   0   1  11:41pm SSE 30.12   89
4    78.2  91.2   4:51pm  65.7   6:45am    0   13  0.00   1  11   2:20pm WSW 30.15   77
5    79.9  93.9   5:56pm  67.1   6:52am    0   15  0.00   1  12  12:46pm SSW 30.18   76
6    80.2  90.4   5:48pm  68.9   6:45am    0   15  0.00   3  22   3:37pm  SW 30.12   77
7    77.9  90.6   2:08pm  71.5  11:54pm    0   12  0.10   3  26   4:51pm  SW 30.03   83
8    75.2  81.6   4:15pm  70.3   2:35am    0   10  0.83   3  19  11:51am SSW 29.98   89
9    77.4  88.2   4:08pm  70.1  11:54pm    0   12  0.00   2  17   1:33pm SSW 30.00   81
10   76.2  88.6   5:51pm  66.9   5:32am    0   11  0.00   1   8   7:10pm  NE 29.97   80
11   74.7  87.3   3:51pm  65.6  11:51pm    0    9  0.94   3  23   7:38pm  SW 29.97   84
12   73.9  86.8   4:41pm  63.7   4:18am    0    9  0.01   1  19   4:21pm   N 30.07   80
13   74.5  86.9   2:53pm  62.2   6:01am    0   10  0.00   1  11   2:28pm WNW 30.06   78
14   75.2  89.6   6:13pm  61.8   6:49am    0   10  0.00   1  14   1:48pm WNW 30.03   76
15   72.9  81.1  11:20am  66.4  11:02pm    0   18  0.16   2  28   9:45pm SSW 30.06   86
16   73.4  83.5   6:06pm  66.4  12:00am    0    8  1.71   3  33   3:01pm   S 30.05   89
17   75.1  83.4   4:18pm  70.9   5:54pm    0   10  0.85   3  28   4:51pm SSW 30.02   91
18   74.3  84.9   2:08pm  70.5  11:49pm    0    9  0.68   1  23   3:56pm  SW 29.96   91
19   75.5  87.9   5:48pm  66.1   6:47am    0   10  0.01   1  12   7:21pm NNE 29.95   84
20   71.5  72.8  12:00am  70.1   3:59am    0    1  0.00   0   2  12:31am  NE 29.97   93
---------------------------------------------------------------------------------------
TOT  75.9  93.9   8/5/18  61.8  8/14/18    1  184  5.58   2  33  8/16/18 SSW 30.04   83

HEAT BASE: 65.0
COOL BASE: 65.0