иии NEW иии from Personal Weather Station Operators
NOAA WEATHER RADIO. ORG

NOAA-Style Climate Reports

Select a Year or Month report
2017: Jan Feb Mar Apr May Jun Jul Aug Sep Oct Nov Dec
2016: Jan Feb Mar Apr May Jun Jul Aug Sep Oct Nov Dec
2015: Jan Feb Mar Apr May Jun Jul Aug Sep Oct Nov Dec
2014: Jan Feb Mar Apr May Jun Jul Aug Sep Oct Nov Dec
2013: Jan Feb Mar Apr May Jun Jul Aug Sep Oct Nov Dec
2012: Jan Feb Mar Apr May Jun Jul Aug Sep Oct Nov Dec
2011: Jan Feb Mar Apr May Jun Jul Aug Sep Oct Nov Dec
2010: Jan Feb Mar Apr May Jun Jul Aug Sep Oct Nov Dec

Report for 2017 October
                  MONTHLY CLIMATOLOGICAL SUMMARY FOR 10/2017
                                        HEAT  COOL        
     MEAN                               DEG   DEG       WIND SPEED       DOM MEAN  MEAN
DAY  TEMP  HIGH   TIME     LOW   TIME   DAYS  DAYS RAIN AVG  HI  TIME    DIR BAROM HUM
---------------------------------------------------------------------------------------
1    60.3  76.3   2:41pm  45.1   2:43am    8    3  0.00   2  13   9:04am  NE 30.24   64
2    63.1  81.7   4:33pm  46.5   5:52am    6    5  0.00   1  14  12:45pm SSW 30.27   64
3    67.7  85.7   4:58pm  52.8   6:58am    4    6  0.00   1  14  11:53am SSW 30.38   66
4    66.8  83.7   5:28pm  50.0   7:52am    4    6  0.00   2  19   1:55pm WSW 30.36   71
5    67.9  79.0   5:59pm  57.8   8:09am    2    5  0.00   1  21   2:05pm WSW 30.20   72
6    68.1  83.7   5:09pm  53.8   7:42am    3    6  0.00   2  19  12:35pm  SW 30.06   71
7    73.2  82.6   3:50pm  64.8   5:47am    0    8  0.01   5  34  11:58am SSW 29.87   71
8    66.9  74.3  12:00am  62.4   6:13am    1    3  3.84   2  37  12:05am  NE 29.81   90
9    70.4  76.3   4:45pm  63.7  11:58pm    0    5  0.04   2  13   4:14am WSW 29.89   89
10   68.2  77.7   1:49pm  62.4   4:31am    1    4  1.04   2  19  10:53pm  NE 30.04   89
11   66.3  72.3   6:52am  58.8  11:58pm    1    3  0.07   5  29  11:42am WSW 30.01   84
12   60.8  66.2   3:53pm  55.8  11:59pm    4    0  0.00   1  10   2:05pm WSW 30.14   82
13   60.6  79.3   5:38pm  47.8   7:09am    7    3  0.00   1  11   3:24pm  SW 30.17   80
14   66.3  82.7   4:57pm  50.2   7:27am    5    6  0.01   2  23   1:50pm SSW 30.13   78
15   65.8  77.4   2:49pm  52.9  11:50pm    3    4  0.04   7  43   6:59pm SSW 30.02   80
16   52.5  63.3   5:04pm  42.0  11:59pm   13    0  0.00   2  21  12:59pm   N 30.28   72
17   49.8  68.7   4:56pm  34.1   7:58am   16    0  0.00   1  14   2:16pm SSW 30.34   73
18   41.1  43.8  12:00am  39.0   4:58am    5    0  0.00   0   2   1:30am ESE 30.30   92
---------------------------------------------------------------------------------------
TOT  64.1  85.7  10/3/17  34.1 10/17/17   82   67  5.05   2  37  10/8/17 SSW 30.13   77

HEAT BASE: 65.0
COOL BASE: 65.0