иии NEW иии from Personal Weather Station Operators
NOAA WEATHER RADIO. ORG

NOAA-Style Climate Reports

Select a Year or Month report
2017: Jan Feb Mar Apr May Jun Jul Aug Sep Oct Nov Dec
2016: Jan Feb Mar Apr May Jun Jul Aug Sep Oct Nov Dec
2015: Jan Feb Mar Apr May Jun Jul Aug Sep Oct Nov Dec
2014: Jan Feb Mar Apr May Jun Jul Aug Sep Oct Nov Dec
2013: Jan Feb Mar Apr May Jun Jul Aug Sep Oct Nov Dec
2012: Jan Feb Mar Apr May Jun Jul Aug Sep Oct Nov Dec
2011: Jan Feb Mar Apr May Jun Jul Aug Sep Oct Nov Dec
2010: Jan Feb Mar Apr May Jun Jul Aug Sep Oct Nov Dec

Report for 2017 June
                  MONTHLY CLIMATOLOGICAL SUMMARY FOR 6/2017
                                        HEAT  COOL        
     MEAN                               DEG   DEG       WIND SPEED       DOM MEAN  MEAN
DAY  TEMP  HIGH   TIME     LOW   TIME   DAYS  DAYS RAIN AVG  HI  TIME    DIR BAROM HUM
---------------------------------------------------------------------------------------
1    70.5  83.4   7:08pm  55.5   6:47am    2    7  0.00   0   8   5:52pm   N 30.07   58
2    69.5  86.5   6:46pm  50.7   6:04am    4    8  0.00   0   6   1:15pm NNW 30.09   59
3    72.6  88.9   4:18pm  53.8   6:09am    3   10  0.00   0  13   3:49pm ENE 30.07   59
4    74.1  90.8   5:58pm  55.2   6:19am    2   11  0.00   1  13  10:49pm  SW 29.93   61
5    72.7  83.3   4:45pm  62.7  11:59pm    0    8  0.30   2  38   6:36pm  SW 29.78   83
6    67.2  77.6   4:19pm  58.7   7:02am    2    4  0.00   3  22  12:37pm  NE 29.89   69
7    61.8  68.3   1:41pm  53.2   6:36am    4    0  0.00   4  24   1:57pm NNE 30.00   73
8    63.3  76.4   6:53pm  49.7   4:35am    5    3  0.00   2  19  12:44pm NNE 29.97   70
9    67.6  82.3   4:44pm  50.3   6:08am    4    7  0.00   1  18  11:24am WSW 29.93   65
10   72.3  85.2   5:29pm  55.0   6:26am    2    9  0.00   1  26   5:30pm  SW 30.01   65
11   77.0  88.6   6:00pm  61.6   6:29am    0   12  0.00   1  26   4:56pm SSW 30.08   63
12   79.4  90.5   3:09pm  68.0   6:41am    0   14  0.00   1  16  12:21pm  SW 30.05   68
13   77.5  94.6   2:35pm  70.0  11:58pm    0   13  0.05   1  14  10:10am  SW 30.01   79
14   76.8  89.5   1:33pm  66.5   5:36am    0   12  0.00   1  26   5:37pm ENE 29.97   78
15   76.1  82.4  12:43pm  68.1   7:01am    0   11  0.16   3  27  12:10pm WSW 29.89   81
16   77.8  90.5   4:43pm  68.1   6:01am    0   13  0.00   1  11   3:34am  SW 29.85   74
17   78.4  89.3   5:28pm  65.4   6:26am    0   13  0.00   1  19  12:31pm  SW 29.78   71
18   75.8  86.6   2:48pm  70.0   5:19pm    0   11  1.86   3  32   6:21am  SW 29.76   82
19   74.4  83.1   6:27pm  64.8  11:58pm    0    9  0.19   2  27   5:59pm WSW 29.88   70
20   74.5  87.1   4:47pm  62.0   6:50am    0   10  0.00   1  18   6:18pm WSW 30.00   60
21   76.3  91.3   3:52pm  61.1   6:27am    1   12  0.00   2  27   5:57pm SSW 29.97   68
22   72.9  79.8  11:29am  68.4   6:43am    0    8  0.67   3  29  12:54pm SSW 29.96   84
23   75.0  84.8   1:10pm  67.9   8:51pm    0   10  1.79   6  32   1:14pm SSW 29.75   87
24   71.5  80.3   4:43pm  62.3   5:55am    0    7  0.04   3  24   3:15pm WSW 29.97   73
25   69.1  80.8   4:23pm  53.3   6:43am    2    6  0.00   4  29   4:28pm WSW 30.13   58
26   64.8  77.4   5:31pm  52.3   6:43am    3    3  0.00   3  24   5:28pm WSW 30.14   64
---------------------------------------------------------------------------------------
TOT  72.7  94.6  6/13/17  49.7   6/8/17   34  233  5.06   2  37   6/5/17  SW 29.96   70

HEAT BASE: 65.0
COOL BASE: 65.0