иии NEW иии from Personal Weather Station Operators
NOAA WEATHER RADIO. ORG

NOAA-Style Climate Reports

Select a Year or Month report
2017: Jan Feb Mar Apr May Jun Jul Aug Sep Oct Nov Dec
2016: Jan Feb Mar Apr May Jun Jul Aug Sep Oct Nov Dec
2015: Jan Feb Mar Apr May Jun Jul Aug Sep Oct Nov Dec
2014: Jan Feb Mar Apr May Jun Jul Aug Sep Oct Nov Dec
2013: Jan Feb Mar Apr May Jun Jul Aug Sep Oct Nov Dec
2012: Jan Feb Mar Apr May Jun Jul Aug Sep Oct Nov Dec
2011: Jan Feb Mar Apr May Jun Jul Aug Sep Oct Nov Dec
2010: Jan Feb Mar Apr May Jun Jul Aug Sep Oct Nov Dec

Report for 2010 August
                  MONTHLY CLIMATOLOGICAL SUMMARY FOR 8/2010
                                        HEAT  COOL        
     MEAN                               DEG   DEG       WIND SPEED       DOM MEAN  MEAN
DAY  TEMP  HIGH   TIME     LOW   TIME   DAYS  DAYS RAIN AVG  HI  TIME    DIR BAROM HUM
---------------------------------------------------------------------------------------
1    79.7  91.4   5:06pm  68.2   6:30am    0   15  0.00   1   7  11:49am ENE 29.89   74
2    81.3  93.7   6:31pm  68.6   6:50am    0   16  0.00   1   6  11:22am   E 29.99   70
3    82.7  93.3   4:37pm  69.4   6:33am    0   18  0.00   2  12   6:41pm WSW 30.01   70
4    87.0 100.3   4:29pm  76.7   7:08am    0   22  0.00   3  17   5:22pm WSW 29.91   66
5    80.7  88.0   5:28pm  73.6  11:13am    0   16  0.08   1  20  10:20am   W 29.83   76
6    77.8  88.4   4:28pm  67.8   7:01am    0   12  0.00   1   9   3:03pm NNW 29.92   67
7    74.2  88.7   4:29pm  61.4   6:41am    1    9  0.00   1   9   3:15pm ENE 29.98   66
8    76.8  92.4   3:20pm  60.2   6:50am    1   13  0.00   1  21   3:31pm   E 29.98   65
9    82.2  99.3   4:54pm  65.1   6:52am    0   17  0.00   1   9   5:01pm   W 29.98   65
10   86.0  98.9   5:11pm  72.9   7:00am    0   21  0.00   1  12   2:20pm   W 29.95   69
11   82.2  97.8   2:23pm  75.3  11:17pm    0   17  0.27   1  21   4:32pm   W 29.91   79
12   84.0  99.2   3:36pm  71.8   6:36am    0   19  0.00   1   8  12:21pm WNW 29.84   75
13   84.2  96.4   2:47pm  74.5   6:56am    0   18  0.00   1  11   3:28pm   E 29.82   73
14   81.8  98.2   5:08pm  73.3   7:04am    0   17  0.67   2  24   5:57pm WSW 29.86   77
15   80.6  94.2   5:37pm  72.2   6:19am    0   16  0.18   1  14   7:32pm  SW 29.93   79
16   78.3  88.6   5:12pm  66.7  11:59pm    0   13  0.00   2  11   3:58am  NW 30.02   62
17   75.3  90.3   4:47pm  60.7   6:51am    1   11  0.00   1  10  11:20am  NE 30.07   64
18   75.7  86.0   2:56pm  68.6   7:12am    0   11  0.00   1  13   4:08pm ENE 30.03   70
19   74.1  90.2   5:14pm  64.7   7:40am    0    9  0.00   1   8  11:00am  NE 29.97   78
20   78.2  93.8   6:06pm  64.2   6:47am    0   13  0.00   1  11   2:12pm ENE 29.96   68
21   77.8  87.9   4:13pm  68.3   4:01am    0   13  0.09   2  16   3:48pm WSW 29.87   76
22   78.7  90.3   3:44pm  67.9   6:53am    0   13  0.00   1  12   3:56pm  NW 29.96   73
23   74.5  86.1   4:38pm  62.7   7:18am    0   10  0.00   1  13  12:44pm  NE 29.99   71
24   72.2  81.1   6:11pm  63.2   7:04am    0    7  0.00   1  11   4:15pm  NE 29.97   73
25   74.5  87.4   6:18pm  61.8   7:07am    0   10  0.00   1  11   3:44pm WNW 30.01   71
26   71.1  83.2   5:47pm  56.9   7:09am    1    7  0.00   1  11   4:39pm WNW 30.12   59
27   69.8  87.6   5:17pm  53.0   6:38am    3    8  0.00   1  10   2:02pm  NE 30.14   63
28   75.2  93.7   3:58pm  56.5   6:59am    2   12  0.00   1  10  10:50am ENE 30.14   62
29   80.1  95.4   3:15pm  65.6   7:22am    0   15  0.00   1  11   4:10pm SSW 30.19   61
30   79.2  94.2   3:42pm  67.3   2:54am    0   14  0.00   1   8  12:00pm  SW 30.24   66
31   78.3  92.0   3:37pm  64.5   6:40am    0   13  0.00   1  14   2:37pm  SW 30.18   65
---------------------------------------------------------------------------------------
TOT  78.5 100.3   8/4/10  53.0  8/27/10    9  423  1.29   1  23  8/14/10  NE 29.99   69

HEAT BASE: 65.0
COOL BASE: 65.0