advFrankfort Weaher US is currently performing maintainence and upgrading some hardware and weather scripts.
Some Weather Cams will be off line, for exampkle, and there may be sporadic feature and data interruptions.
NOAA ALL HAZARDS WEATHER RADIO Live Streams

NOAA-Style Climate Reports

Select a Year or Month report
2019: Jan Feb Mar Apr May Jun Jul Aug Sep Oct Nov Dec
2018: Jan Feb Mar Apr May Jun Jul Aug Sep Oct Nov Dec
2017: Jan Feb Mar Apr May Jun Jul Aug Sep Oct Nov Dec
2016: Jan Feb Mar Apr May Jun Jul Aug Sep Oct Nov Dec
2015: Jan Feb Mar Apr May Jun Jul Aug Sep Oct Nov Dec
2014: Jan Feb Mar Apr May Jun Jul Aug Sep Oct Nov Dec
2013: Jan Feb Mar Apr May Jun Jul Aug Sep Oct Nov Dec
2012: Jan Feb Mar Apr May Jun Jul Aug Sep Oct Nov Dec
2011: Jan Feb Mar Apr May Jun Jul Aug Sep Oct Nov Dec
2010: Jan Feb Mar Apr May Jun Jul Aug Sep Oct Nov Dec

Report for 2010 November
                  MONTHLY CLIMATOLOGICAL SUMMARY FOR 11/2010
                                        HEAT  COOL        
     MEAN                               DEG   DEG       WIND SPEED       DOM MEAN  MEAN
DAY  TEMP  HIGH   TIME     LOW   TIME   DAYS  DAYS RAIN AVG  HI  TIME    DIR BAROM HUM
---------------------------------------------------------------------------------------
1    46.4  57.9   4:52pm  36.4   7:09am   19    0  0.00   5  18  10:23am  NE 30.32   52
2    47.4  59.9   4:37pm  36.7   8:21am   18    0  0.00   5  16  11:17am  NE 30.31   50
3    47.9  52.3   4:26pm  43.2   7:03am   17    0  0.00   2   8  12:54am  SW 30.04   68
4    47.3  56.7   2:15pm  38.3   7:48am   17    0  0.04   4  22   2:47pm  SW 29.74   74
5    42.5  47.5   2:41pm  36.7  11:39pm   22    0  0.02   5  21  11:24am WNW 29.90   68
6    35.9  45.9   4:57pm  27.0   8:23am   29    0  0.00   3  16   2:43pm  NW 30.31   67
7    39.5  56.8   3:59pm  22.1   6:46am   26    0  0.00   3  15   1:17pm ESE 30.40   58
8    48.8  70.1   3:59pm  30.4   7:29am   17    1  0.00   2  14   3:48pm  SW 30.10   49
9    50.4  73.3   4:29pm  31.3   7:09am   16    1  0.00   2  10   2:48pm SSE 30.05   59
10   51.9  75.1   3:43pm  34.3   7:06am   14    1  0.00   1   7   2:00pm  SE 30.16   63
11   51.8  74.3   3:07pm  33.7   6:32am   15    2  0.00   2  12   1:11pm SSW 30.34   62
12   50.9  75.8   4:09pm  32.3   7:46am   16    2  0.00   1  12   2:07pm ESE 30.32   59
13   54.9  72.6   4:09pm  36.2   6:58am   11    1  0.02   3  24  12:36pm ESE 30.10   60
14   45.7  58.6  12:53am  29.6  11:37pm   19    0  0.01   4  18   1:57am WSW 30.02   70
15   37.3  48.3   3:28pm  23.8   7:40am   28    0  0.00   2  11   2:36pm ENE 29.99   81
16   46.8  57.4   4:31pm  43.5  12:00am   18    0  0.88   6  40   5:59pm  NE 29.62   89
17   44.9  53.8   2:25pm  36.9  11:31pm   20    0  0.00   6  23   1:03am  SW 30.06   81
18   41.1  45.6   2:49pm  33.9   2:08am   24    0  0.16   1   7  12:18pm  NW 30.28   90
19   46.4  55.7   3:23pm  41.1   6:56am   19    0  0.00   3  15   3:35pm ENE 30.27   78
20   47.3  62.1   3:26pm  35.3   6:22am   18    0  0.00   3  15  12:25pm   S 30.26   80
21   59.1  69.7   2:57pm  45.0  12:00am    6    1  0.00   4  20  12:44pm SSW 30.19   66
22   66.5  73.9   4:16pm  60.2  12:17am    1    3  0.00   8  31  12:36pm SSW 30.06   59
23   52.5  67.4   2:11am  35.6  11:59pm   12    0  0.74   5  24   1:38am  NW 30.10   67
24   36.8  45.3  11:54pm  31.6   4:51am   28    0  0.35   5  20   2:37pm ENE 30.16   82
25   58.3  64.1   5:30am  39.3  11:59pm    7    0  1.61   6  28   5:27am SSW 29.79   88
26   31.4  39.3  12:00am  25.6   7:59am   31    0  0.06   6  21   4:35pm  SW 30.02   76
27   34.2  42.2   4:21pm  25.0  11:36pm   31    0  0.00   5  17  10:58am  SW 30.14   72
28   34.6  50.0   3:56pm  20.7   6:52am   30    0  0.01   2  11  12:37pm   E 30.28   75
29   46.9  62.8   3:44pm  29.7   4:17am   18    0  0.14   3  22  11:45pm   E 30.13   70
30   49.6  58.1   8:24am  33.2  11:28pm   15    0  1.39   6  26   4:02am WSW 29.83   88
---------------------------------------------------------------------------------------
TOT  46.5  75.8 11/12/10  20.7 11/28/10  562   12  5.43   4  40 11/16/10  SW 30.11   70

HEAT BASE: 65.0
COOL BASE: 65.0