иии NEW иии from Personal Weather Station Operators
NOAA WEATHER RADIO. ORG

NOAA-Style Climate Reports

Select a Year or Month report
2017: Jan Feb Mar Apr May Jun Jul Aug Sep Oct Nov Dec
2016: Jan Feb Mar Apr May Jun Jul Aug Sep Oct Nov Dec
2015: Jan Feb Mar Apr May Jun Jul Aug Sep Oct Nov Dec
2014: Jan Feb Mar Apr May Jun Jul Aug Sep Oct Nov Dec
2013: Jan Feb Mar Apr May Jun Jul Aug Sep Oct Nov Dec
2012: Jan Feb Mar Apr May Jun Jul Aug Sep Oct Nov Dec
2011: Jan Feb Mar Apr May Jun Jul Aug Sep Oct Nov Dec
2010: Jan Feb Mar Apr May Jun Jul Aug Sep Oct Nov Dec

Report for 2011 February
                  MONTHLY CLIMATOLOGICAL SUMMARY FOR 2/2011
                                        HEAT  COOL        
     MEAN                               DEG   DEG       WIND SPEED       DOM MEAN  MEAN
DAY  TEMP  HIGH   TIME     LOW   TIME   DAYS  DAYS RAIN AVG  HI  TIME    DIR BAROM HUM
---------------------------------------------------------------------------------------
1    42.3  52.7  11:59pm  34.3  12:00am   22    0  1.12   4  17   6:29pm  NE 29.83   93
2    29.6  54.7  12:49am  22.9  11:55pm   35    0  0.01  13  41   1:58am WSW 30.06   71
3    24.3  30.0   5:18pm  20.0   3:30am   39    0  0.00   3  12  12:09am WSW 30.48   74
4    28.9  40.4   5:04pm  19.1   5:27am   35    0  0.00   3   8   3:27pm ENE 30.20   74
5    34.2  39.8  10:35am  32.3   7:49pm   30    0  0.23   8  32   1:48pm  SW 29.74   83
6    38.6  48.3   3:12pm  31.7   8:46am   26    0  0.00   6  16   3:28am  SW 29.94   72
7    35.6  42.0  12:00am  29.2  11:29pm   29    0  0.21   4  17   7:35pm  NW 29.88   90
8    24.9  29.6  12:09am  14.0  11:53pm   40    0  0.00   6  20   1:16pm   W 30.23   73
9    19.0  24.2   2:13pm  13.2  12:31am   46    0  0.00   3  10   3:27pm  SW 30.30   78
10   18.6  29.0   3:58pm   6.5   7:56am   45    0  0.00   4  14   4:42pm  SW 30.23   63
11   23.4  36.2   4:13pm  11.4   6:10am   41    0  0.00   6  19   1:58pm SSW 30.16   55
12   35.9  45.0   3:17pm  29.1  12:17am   29    0  0.02   8  20   1:36pm  SW 30.18   60
13   46.5  58.9   4:59pm  34.3   2:50am   18    0  0.00   9  27   4:17pm  SW 30.00   54
14   46.7  52.6  12:50am  33.4  11:58pm   18    0  0.00   9  28  10:14am  SW 30.02   55
15   35.8  48.1   4:17pm  25.4   5:12am   29    0  0.00   4  13  10:11am ENE 30.30   70
16   51.6  67.6   3:51pm  31.5   2:04am   14    0  0.00   5  22   3:13pm SSW 30.11   55
17   57.3  65.9   3:57pm  48.3   7:36am    8    0  0.00   9  33   2:52pm SSW 29.98   64
18   60.6  67.7   3:59pm  43.1  11:57pm    5    0  0.00   8  26   3:00pm  SW 30.06   48
19   42.7  59.4   3:39pm  27.8   6:59am   22    0  0.00   3  14   4:55pm  SW 30.32   40
20   45.0  62.8  11:35pm  35.5  12:33am   20    0  0.05   5  26  11:46pm ENE 30.04   57
21   57.1  65.1  10:04am  36.8  11:54pm    8    0  0.28  10  31   6:31pm  SW 29.67   73
22   29.9  32.7  12:00am  26.4   4:50am    7    0  0.00   3   7   2:01am NNE 30.28   86
23   37.1  48.1   3:58pm  26.1   7:25am   26    0  0.00   4  13  12:57pm ENE 30.24   76
24   44.9  50.3   5:16am  39.0  12:24am   20    0  2.06   4  21  11:53pm  NE 29.91   85
25   37.1  44.7   4:25am  33.1   9:14am   28    0  0.61   6  25   7:35am  NW 29.93   84
26   36.8  41.5   2:22pm  31.7   5:34am   28    0  0.00   4  17   4:40pm  SW 30.06   81
27   50.7  63.7  11:59pm  37.1  12:00am   14    0  0.51   4  19  11:42pm ENE 29.86   84
28   50.9  68.7   5:24am  33.9  11:46pm   15    1  0.83   8  37   3:26am  SW 29.83   84
---------------------------------------------------------------------------------------
TOT  39.0  68.7  2/28/11   6.5  2/10/11  697    1  5.95   6  41   2/2/11  SW 30.06   71

HEAT BASE: 65.0
COOL BASE: 65.0