иии NEW иии from Personal Weather Station Operators
NOAA WEATHER RADIO. ORG

NOAA-Style Climate Reports

Select a Year or Month report
2017: Jan Feb Mar Apr May Jun Jul Aug Sep Oct Nov Dec
2016: Jan Feb Mar Apr May Jun Jul Aug Sep Oct Nov Dec
2015: Jan Feb Mar Apr May Jun Jul Aug Sep Oct Nov Dec
2014: Jan Feb Mar Apr May Jun Jul Aug Sep Oct Nov Dec
2013: Jan Feb Mar Apr May Jun Jul Aug Sep Oct Nov Dec
2012: Jan Feb Mar Apr May Jun Jul Aug Sep Oct Nov Dec
2011: Jan Feb Mar Apr May Jun Jul Aug Sep Oct Nov Dec
2010: Jan Feb Mar Apr May Jun Jul Aug Sep Oct Nov Dec

Report for 2012 March
                  MONTHLY CLIMATOLOGICAL SUMMARY FOR 3/2012
                                        HEAT  COOL        
     MEAN                               DEG   DEG       WIND SPEED       DOM MEAN  MEAN
DAY  TEMP  HIGH   TIME     LOW   TIME   DAYS  DAYS RAIN AVG  HI  TIME    DIR BAROM HUM
---------------------------------------------------------------------------------------
1
2
3
4    38.7  43.7   5:43pm  32.8  11:51pm    7    0  0.00   3  12   6:28pm   W 29.87   60
5    30.7  34.8   4:55pm  22.8  11:52pm   34    0  0.01   1  12   3:56pm   W 30.23   83
6    43.3  69.2   4:52pm  21.6   1:18am   21    0  0.28   2  16   4:20pm SSW 30.34   58
7    58.2  70.5   3:26pm  44.8   5:01am    7    1  0.00   7  49   1:07pm  SW 30.22   50
8    54.5  62.3   8:33am  38.8  11:52pm   10    0  0.69   8  38  10:12am SSW 30.10   78
9    41.4  51.4   1:56pm  33.1   6:45am   23    0  0.00   4  36  11:25am SSW 30.41   60
10   40.5  54.8   4:56pm  26.3   6:07am   24    0  0.00   2  15   9:25am ENE 30.49   56
11   51.8  70.8   3:07pm  31.5   6:05am   13    1  0.00   2  20  11:12am  SW 30.34   54
12   62.1  63.6   2:47am  61.2  12:30am    0    0  0.00   8  25   2:34am  SW 30.04   83
13   66.2  75.7   5:11pm  58.0  11:39pm    2    3  0.00   6  25   2:34am  SW 30.07   74
14   64.3  79.6   4:49pm  48.8   8:02am    5    5  0.00   2  22   2:56pm  SW 30.12   70
15   66.2  82.3   3:47pm  59.4  11:58pm    2    3  0.27   4  39   5:28pm  SW 30.11   76
16   61.5  66.3   3:21pm  55.3   8:05am    4    0  0.11   2  20   2:10am  SW 30.12   87
17   66.3  77.4   5:01pm  56.3   7:31am    2    4  0.20   2  35  10:47pm  SW 30.11   80
18   68.2  79.2   3:14pm  59.2   7:50am    2    5  0.02   4  22   1:33pm  SW 30.10   76
19   69.3  82.5   4:38pm  56.0   7:21am    2    6  0.00   2  21   3:55pm  SW 30.07   69
20   71.6  85.8   5:27pm  60.1   7:56am    1    8  0.00   1  13   3:31pm ENE 30.05   66
21   71.2  85.7   5:35pm  57.0   7:36am    2    8  0.00   1  15  10:23am  SW 30.08   67
22   70.0  82.5   4:22pm  57.6   6:05am    2    6  0.00   2  17  10:46am SSW 30.07   69
23   66.6  74.8   5:44pm  58.4  11:59pm    1    2  1.04   2  38  11:52pm  SE 29.92   83
24   57.2  64.3   6:56pm  48.2  11:50pm    7    0  0.11   3  18  11:28am  SW 29.84   76
25   56.9  70.3   2:47pm  43.6   7:43am    9    1  0.00   3  21   4:24pm  NW 29.93   81
26   55.5  64.5   2:21pm  44.2  11:59pm   10    0  0.00   5  24   3:42pm  NE 30.13   68
27   50.2  68.7   5:51pm  36.6   7:11am   15    0  0.00   4  18  12:26am ENE 30.21   58
28   52.1  63.1   1:03pm  45.3   7:38am    7    0  0.00   1  15  11:49am ENE 30.01   76
29   57.6  70.8   5:12pm  45.3   7:38am    8    1  0.00   2  15  11:49am ENE 29.99   66
30   64.7  80.0   4:40pm  50.4   7:32am    5    5  0.00   6  32   6:43pm ENE 29.85   61
31   55.8  63.2  12:00am  44.9  11:56pm    9    0  0.17   2  15  12:02am   N 29.86   87
---------------------------------------------------------------------------------------
TOT  58.6  85.8  3/20/12  21.6   3/6/12  233   58  3.29   3  51   3/2/12  SW 30.10   70

HEAT BASE: 65.0
COOL BASE: 65.0