advFrankfort Weaher US is currently performing maintainence and upgrading some hardware and weather scripts.
Some Weather Cams will be off line, for exampkle, and there may be sporadic feature and data interruptions.
NOAA ALL HAZARDS WEATHER RADIO Live Streams

NOAA-Style Climate Reports

Select a Year or Month report
2019: Jan Feb Mar Apr May Jun Jul Aug Sep Oct Nov Dec
2018: Jan Feb Mar Apr May Jun Jul Aug Sep Oct Nov Dec
2017: Jan Feb Mar Apr May Jun Jul Aug Sep Oct Nov Dec
2016: Jan Feb Mar Apr May Jun Jul Aug Sep Oct Nov Dec
2015: Jan Feb Mar Apr May Jun Jul Aug Sep Oct Nov Dec
2014: Jan Feb Mar Apr May Jun Jul Aug Sep Oct Nov Dec
2013: Jan Feb Mar Apr May Jun Jul Aug Sep Oct Nov Dec
2012: Jan Feb Mar Apr May Jun Jul Aug Sep Oct Nov Dec
2011: Jan Feb Mar Apr May Jun Jul Aug Sep Oct Nov Dec
2010: Jan Feb Mar Apr May Jun Jul Aug Sep Oct Nov Dec

Report for 2012 May
                  MONTHLY CLIMATOLOGICAL SUMMARY FOR 5/2012
                                        HEAT  COOL        
     MEAN                               DEG   DEG       WIND SPEED       DOM MEAN  MEAN
DAY  TEMP  HIGH   TIME     LOW   TIME   DAYS  DAYS RAIN AVG  HI  TIME    DIR BAROM HUM
---------------------------------------------------------------------------------------
1    71.3  83.6   4:38pm  61.7   6:12am    0    7  0.02   3  29   5:28pm  SW 29.98   82
2    77.1  88.8   5:47pm  65.4   7:04am    0   12  0.00   5  31   1:15pm  SW 29.99   68
3    73.3  83.2   2:50pm  62.1   6:08am    0    9  0.00   4  18  11:32am  SW 30.03   77
4    73.5  84.7   2:38pm  65.8   3:39am    0    8  0.00   4  31   5:43pm  SW 29.96   77
5    70.2  83.0   4:23pm  63.8   4:47am    0    5  0.52   2  22  12:24am WSW 29.92   85
6    72.4  86.8   3:56pm  59.3   6:35am    1    8  0.00   1  13   3:58pm ENE 29.95   78
7    73.0  83.9   5:27pm  62.0   5:29am    0    8  0.17   4  22   9:34pm  SW 29.83   76
8    67.8  75.0   6:31pm  62.7  11:59pm    0    3  0.66   4  21   5:21pm WSW 29.83   77
9    63.7  71.9   2:59pm  55.1  11:58pm    3    2  0.00   4  34   9:57pm WSW 29.86   61
10   57.8  70.3   5:31pm  46.4   6:21am    8    1  0.00   2  20   4:19pm  NW 29.95   65
11   59.6  74.4   4:57pm  43.5   6:31am    8    2  0.00   2  17   9:43am ENE 30.14   62
12   62.6  77.7   2:57pm  48.2   5:21am    6    3  0.01   1  15   7:21pm ENE 30.20   71
13   61.4  64.4   3:23pm  59.7   4:03am    4    0  1.44   2  13   9:55am ENE 30.09   94
14   63.4  73.7   4:43pm  57.6  11:58pm    3    2  0.23   3  17   9:50am  NE 30.01   85
15   65.9  82.5   5:44pm  51.9   6:33am    4    5  0.00   1  11   5:01pm  SW 29.99   74
16   68.9  83.3   5:02pm  53.2   6:38am    3    7  0.05   3  20   1:17pm  SW 29.95   68
17   64.5  75.0   5:20pm  54.5   6:59am    3    3  0.00   5  21   6:14am  NE 30.04   58
18   66.8  84.1   5:19pm  49.3   6:38am    5    6  0.00   1  11   2:07pm ENE 30.05   64
19   71.1  86.7   5:18pm  54.0   6:08am    3    9  0.00   1  13   4:25pm ENE 30.07   69
20   73.2  87.9   4:39pm  57.8   6:00am    2   10  0.00   1  13  12:56pm  NE 30.07   69
21   70.6  80.9   3:44pm  61.4   4:02am    0    6  0.00   3  21   4:34pm   W 29.96   74
22   66.9  74.8   6:18pm  59.1   7:02am    1    3  0.00   2  17  12:16am   N 29.91   76
23   68.5  81.1   5:07pm  55.5   5:53am    2    6  0.00   2  14  12:55pm ENE 29.88   77
24   73.8  86.4   5:53pm  58.7   6:28am    1   10  0.00   3  21   1:04pm SSW 29.86   67
25   78.4  90.1   5:17pm  67.1   5:44am    0   13  0.00   4  21   1:27pm  SW 29.99   63
26   79.1  93.2   6:04pm  64.1   6:36am    0   14  0.00   1  11   6:35pm  SW 30.08   69
27   80.1  94.3   3:26pm  65.1   6:45am    0   15  0.00   1  14  11:43am  SW 30.01   68
28   80.4  91.7   4:23pm  67.5   6:35am    0   15  0.00   3  24   4:02pm  SW 29.91   71
29   72.8  79.4   4:56pm  65.9  11:58pm    0    8  0.37   2  22   2:04pm WSW 29.84   84
30   69.9  83.4   1:20pm  57.7   5:57am    1    6  0.00   3  22   2:02pm WSW 29.85   72
31   68.0  86.0   3:59pm  50.5   6:43am    4    7  1.39   3  52   8:16pm ENE 29.80   68
---------------------------------------------------------------------------------------
TOT  69.9  94.3  5/27/12  43.5  5/11/12   64  214  4.87   3  43  5/31/12  SW 29.97   73

HEAT BASE: 65.0
COOL BASE: 65.0