иии NEW иии from Personal Weather Station Operators
NOAA WEATHER RADIO. ORG

NOAA-Style Climate Reports

Select a Year or Month report
2017: Jan Feb Mar Apr May Jun Jul Aug Sep Oct Nov Dec
2016: Jan Feb Mar Apr May Jun Jul Aug Sep Oct Nov Dec
2015: Jan Feb Mar Apr May Jun Jul Aug Sep Oct Nov Dec
2014: Jan Feb Mar Apr May Jun Jul Aug Sep Oct Nov Dec
2013: Jan Feb Mar Apr May Jun Jul Aug Sep Oct Nov Dec
2012: Jan Feb Mar Apr May Jun Jul Aug Sep Oct Nov Dec
2011: Jan Feb Mar Apr May Jun Jul Aug Sep Oct Nov Dec
2010: Jan Feb Mar Apr May Jun Jul Aug Sep Oct Nov Dec

Report for 2012 June
                  MONTHLY CLIMATOLOGICAL SUMMARY FOR 6/2012
                                        HEAT  COOL        
     MEAN                               DEG   DEG       WIND SPEED       DOM MEAN  MEAN
DAY  TEMP  HIGH   TIME     LOW   TIME   DAYS  DAYS RAIN AVG  HI  TIME    DIR BAROM HUM
---------------------------------------------------------------------------------------
1    60.6  65.1   6:45am  53.7  11:59pm    4    0  0.41   6  25  11:54am WSW 29.74   87
2    60.2  70.4   4:22pm  48.6   5:47am    6    1  0.00   5  24  11:39am  SW 29.90   70
3    68.5  81.4   5:19pm  54.6   6:39am    3    6  0.03   3  29   2:20pm   W 29.86   67
4    65.2  74.1  10:46am  59.1   6:23am    2    2  0.03   2  15   3:46pm WSW 29.81   83
5    64.1  74.4   3:46pm  53.9   5:48am    3    2  0.00   4  20   4:09pm  NE 29.87   70
6    63.0  75.9   6:32pm  50.9   6:26am    5    3  0.00   3  18  11:24am  NE 29.97   70
7    66.9  82.4   6:21pm  49.5   6:24am    5    7  0.00   2  18   1:07pm  NE 30.06   65
8    70.8  87.1   6:02pm  52.9   5:28am    3    9  0.00   1  14   3:54pm   N 30.04   61
9    73.5  88.5   6:44pm  55.7   6:39am    2   11  0.00   2  18   2:39pm  SW 29.99   61
10   73.6  85.6   2:53pm  59.7   5:45am    1    9  0.00   2  18   7:32pm ENE 29.99   69
11   73.2  83.7   6:21pm  66.8   6:01am    0    8  0.60   1  18   3:40pm SSW 29.93   83
12   75.3  85.1   4:58pm  66.7   4:58am    0   10  0.00   3  21   3:49pm   W 29.92   73
13   69.9  81.5   4:30pm  55.2   6:25am    1    6  0.00   3  17   2:23pm  NE 30.04   60
14   69.4  83.4   5:30pm  53.6   5:50am    2    7  0.00   2  15  10:39am  NE 30.07   59
15   74.1  91.2   6:18pm  55.6   6:17am    2   11  0.00   2  24  10:34am  SW 30.07   69
16   75.3  85.4   5:04pm  67.7   5:43am    0   10  0.00   3  24  10:32am  SW 30.10   77
17   73.9  80.2  12:50pm  69.1   2:31am    0    9  0.97   4  27  12:55pm  SW 29.98   82
18   78.1  88.0   5:48pm  68.9   5:46am    0   13  0.00   6  25   2:39pm  SW 29.94   67
19   79.8  90.9   4:10pm  66.0   6:36am    0   15  0.00   3  22   1:20pm  SW 30.06   63
20   80.3  92.1   6:23pm  65.6   6:02am    0   15  0.00   2  15   5:38pm  SW 30.08   66
21   80.2  90.6   6:52pm  67.7   6:25am    0   15  0.00   3  20   2:14pm WSW 29.97   67
22   76.6  87.6   4:17pm  67.8  11:57pm    0   12  0.00   2  18   5:22pm  NW 29.91   68
23   75.9  89.7   2:25pm  58.9   5:58am    1   12  0.00   2  15   5:25pm  NE 29.96   62
24   80.4  92.9   4:15pm  66.6   6:42am    0   15  0.00   2  15   5:24pm   N 29.93   55
25   76.7  88.3   3:23pm  65.4   5:53am    0   12  0.00   5  25   4:28pm  NE 29.87   62
26   69.1  81.1   6:24pm  54.5   6:55am    2    6  0.00   5  25  10:38am  NE 29.98   48
27   72.7  90.4   4:58pm  52.8   6:05am    3   10  0.00   2  15   5:11pm ENE 30.01   56
28   81.5 100.5   5:59pm  58.1   6:10am    1   18  0.00   5  27   4:27pm  SW 29.92   55
29   84.4 101.4   5:45pm  69.9   6:35am    0   19  0.00   3  45   6:53pm  SW 29.87   57
30   84.7 100.9   2:56pm  68.1   6:38am    0   20  0.00   2  27   7:37am   W 29.84   62
---------------------------------------------------------------------------------------
TOT  73.2 101.4  6/29/12  48.6   6/2/12   46  293  2.04   3  45  6/29/12  SW 29.96   66

HEAT BASE: 65.0
COOL BASE: 65.0