advFrankfort Weaher US is currently performing maintainence and upgrading some hardware and weather scripts.
Some Weather Cams will be off line, for exampkle, and there may be sporadic feature and data interruptions.
NOAA ALL HAZARDS WEATHER RADIO Live Streams

NOAA-Style Climate Reports

Select a Year or Month report
2019: Jan Feb Mar Apr May Jun Jul Aug Sep Oct Nov Dec
2018: Jan Feb Mar Apr May Jun Jul Aug Sep Oct Nov Dec
2017: Jan Feb Mar Apr May Jun Jul Aug Sep Oct Nov Dec
2016: Jan Feb Mar Apr May Jun Jul Aug Sep Oct Nov Dec
2015: Jan Feb Mar Apr May Jun Jul Aug Sep Oct Nov Dec
2014: Jan Feb Mar Apr May Jun Jul Aug Sep Oct Nov Dec
2013: Jan Feb Mar Apr May Jun Jul Aug Sep Oct Nov Dec
2012: Jan Feb Mar Apr May Jun Jul Aug Sep Oct Nov Dec
2011: Jan Feb Mar Apr May Jun Jul Aug Sep Oct Nov Dec
2010: Jan Feb Mar Apr May Jun Jul Aug Sep Oct Nov Dec

Report for 2012 July
                  MONTHLY CLIMATOLOGICAL SUMMARY FOR 7/2012
                                        HEAT  COOL        
     MEAN                               DEG   DEG       WIND SPEED       DOM MEAN  MEAN
DAY  TEMP  HIGH   TIME     LOW   TIME   DAYS  DAYS RAIN AVG  HI  TIME    DIR BAROM HUM
---------------------------------------------------------------------------------------
1    85.3 101.3   4:56pm  69.1  10:21pm    0   20  0.57   3  42   9:37pm WSW 29.94   58
2    81.2  96.1   6:32pm  66.5   4:55am    0   16  0.00   3  17   1:04pm WSW 29.99   66
3    82.2  94.2   6:25pm  69.4   6:44am    0   17  0.00   3  18   5:17pm  SW 29.96   63
4    85.2  98.5   5:44pm  71.0   6:39am    0   20  0.00   2  17   4:05pm WSW 29.94   63
5    83.6  97.8   1:47pm  74.5  11:59pm    0   19  0.00   2  22   5:38pm  SW 29.95   67
6    85.6 102.2   5:40pm  68.1   5:51am    0   21  0.00   2  14   5:49pm  SE 29.97   60
7    89.5 104.2   4:49pm  72.8   6:45am    0   24  0.00   2  12  12:58pm  SE 29.96   58
8    84.2 100.2   3:56pm  72.3   7:14pm    0   19  0.33   5  36   6:52pm  SW 29.94   67
9    75.1  80.6   7:54pm  67.3  11:59pm    0   10  0.00   3  16   4:39pm ENE 30.01   79
10   78.7  92.8   3:52pm  63.4   6:27am    0   14  0.00   3  21   1:18pm ENE 30.02   63
11   80.1  94.4   4:07pm  65.8   5:22am    0   15  0.03   3  21   2:54pm ENE 30.05   61
12   76.4  86.2   4:08pm  68.5   6:59am    0   11  0.00   3  24   5:22pm   E 30.09   73
13   73.6  79.9   5:58pm  68.5   5:22am    0    9  0.00   3  15   3:55pm ENE 30.12   84
14   76.0  88.7   2:10pm  71.1  11:43pm    0   11  0.44   4  22   3:14pm SSW 30.13   84
15   77.3  86.7   6:20pm  69.3   4:46am    0   12  0.07   4  38   3:36pm  SW 30.14   83
16   80.9  91.6   4:07pm  71.8   5:20am    0   16  0.43   4  27  11:43am  SW 30.05   77
17   84.2  94.7   6:00pm  73.5   6:43am    0   19  0.00   4  22   1:18pm  SW 29.96   69
18   70.5  72.8   8:18am  69.8   6:16am    0    2  0.00   2  14   7:35am SSW 30.00   97
19   75.8  90.3  12:37pm  69.8   6:16am    0   11  0.10   4  24   7:43pm  SW 29.96   88
20   75.8  85.4   3:37pm  71.4   5:06am    0   11  0.00   7  24   3:28am WSW 29.96   84
21   74.5  84.8   6:00pm  65.0   6:25am    0    9  0.00   3  15  12:05pm  NE 30.08   74
22   77.3  93.1   6:58pm  62.2   7:00am    0   13  0.00   2  10   1:41pm ENE 30.14   69
23   82.2  93.8   4:04pm  70.3   4:03am    0   17  0.00   6  22   6:47pm ESE 30.10   73
24   83.8  93.3   6:39pm  76.0  10:29pm    0   19  0.20   6  26   9:45pm WSW 29.98   73
25   84.7  97.0   5:11pm  72.5   6:39am    0   20  0.00   5  22   5:20pm WSW 29.90   73
26   82.4  95.7   2:50pm  72.4  11:56pm    0   16  0.97   8  46   5:46pm  SW 29.80   74
27   77.4  90.8   5:53pm  66.6  10:27pm    0   12  2.40   7  52   7:48pm WSW 29.91   82
28   74.1  85.4   5:25pm  66.1   5:10am    0    9  0.00   4  26   3:49pm   W 30.04   79
29   75.0  87.4   4:43pm  62.4   6:54am    0   10  0.00   3  18   4:52pm   N 30.08   73
30   77.0  89.0   4:29pm  64.4   6:40am    0   12  0.00   3  16   2:47pm ENE 30.00   73
31   79.7  91.6   5:53pm  66.6   6:40am    0   15  0.00   2  14   4:18pm  SE 29.93   71
---------------------------------------------------------------------------------------
TOT  80.0 104.2   7/7/12  62.2  7/22/12    1  449  7.52   4  51  7/27/12  SW 30.00   72

HEAT BASE: 65.0
COOL BASE: 65.0