иии NEW иии from Personal Weather Station Operators
NOAA WEATHER RADIO. ORG

NOAA-Style Climate Reports

Select a Year or Month report
2017: Jan Feb Mar Apr May Jun Jul Aug Sep Oct Nov Dec
2016: Jan Feb Mar Apr May Jun Jul Aug Sep Oct Nov Dec
2015: Jan Feb Mar Apr May Jun Jul Aug Sep Oct Nov Dec
2014: Jan Feb Mar Apr May Jun Jul Aug Sep Oct Nov Dec
2013: Jan Feb Mar Apr May Jun Jul Aug Sep Oct Nov Dec
2012: Jan Feb Mar Apr May Jun Jul Aug Sep Oct Nov Dec
2011: Jan Feb Mar Apr May Jun Jul Aug Sep Oct Nov Dec
2010: Jan Feb Mar Apr May Jun Jul Aug Sep Oct Nov Dec

Report for 2012 August
                  MONTHLY CLIMATOLOGICAL SUMMARY FOR 8/2012
                                        HEAT  COOL        
     MEAN                               DEG   DEG       WIND SPEED       DOM MEAN  MEAN
DAY  TEMP  HIGH   TIME     LOW   TIME   DAYS  DAYS RAIN AVG  HI  TIME    DIR BAROM HUM
---------------------------------------------------------------------------------------
1    81.4  92.7   4:19pm  70.9   6:21am    0   16  0.00   3  19   5:11pm SSW 29.89   69
2    80.4  94.8   6:54pm  65.5   6:30am    0   15  0.00   2  14  12:11pm   E 29.90   66
3    75.3  80.8  12:24pm  72.8   7:19am    0   10  0.40   3  18  11:39am   E 29.93   84
4    80.4  91.2   4:14pm  73.1   3:02am    0   15  0.01   6  32   8:28pm  SW 30.00   82
5    79.3  84.3  12:29pm  74.7  11:59pm    0   14  0.18   9  28   6:43am  SW 30.08   82
6    78.4  88.4   4:51pm  70.7   6:42am    0   13  0.20   3  16   1:44pm   E 30.10   75
7    79.0  92.2   5:44pm  65.1   6:59am    0   14  0.00   2  18   6:11pm NNE 30.02   70
8    80.9  94.6   4:20pm  66.0   6:27am    0   16  0.00   4  21  12:31pm ESE 29.99   67
9    76.0  89.4   3:48pm  69.5   9:18pm    0   11  0.06   4  35   4:55pm ESE 29.89   78
10   71.9  79.1   6:07pm  63.9  11:23pm    0    7  0.00   5  32   1:22pm   W 29.83   77
11   68.0  80.5   6:15pm  58.0   6:07am    2    5  0.00   4  21   3:14pm WSW 29.99   68
12   69.1  83.8   4:44pm  52.6   6:54am    3    7  0.00   2  16   3:08pm ESE 30.06   67
13   71.5  80.8   5:54pm  59.5   6:54am    1    7  0.00   3  24   3:01pm   E 30.01   72
14   74.2  83.1   4:27pm  69.0  11:58pm    0    9  0.00   4  26   4:03pm  SW 29.93   75
15   74.5  86.5   6:57pm  65.7   7:26am    0    9  0.00   3  18   1:02pm   N 30.00   69
16   74.9  89.7   4:16pm  59.8   6:43am    1   11  0.06   5  35  10:14pm  SW 30.02   69
17   71.2  82.0   4:23pm  62.6  11:35pm    0    6  0.03   4  21   6:53pm WSW 29.96   78
18   68.8  81.5   4:07pm  57.0   7:14am    2    6  0.00   3  16  11:40am  NE 29.98   67
19   70.3  83.2   4:03pm  58.7   6:53am    2    7  0.00   3  21  12:24pm  NE 29.92   62
20   67.3  82.3   6:02pm  51.7   7:07am    4    6  0.00   3  18  11:45am  SW 29.98   65
21   66.7  82.7   2:58pm  54.0   6:01am    3    5  0.00   3  26   4:46pm WSW 30.08   72
22   69.3  86.6   5:13pm  52.6   7:12am    4    8  0.01   2  18  12:53pm ESE 30.15   67
23   72.6  90.7   5:43pm  53.7   6:41am    3   10  0.00   2  21   1:57pm SSW 30.14   62
24   76.2  92.7   5:22pm  57.2   7:06am    1   12  0.00   3  19   2:43pm  SE 30.10   60
25   77.5  95.2   4:40pm  61.1   7:11am    0   13  0.00   3  24   5:34pm ESE 30.10   62
26   77.7  91.6   3:44pm  62.7   6:27am    0   13  0.00   3  24   5:31pm  SW 30.12   66
27   77.5  90.1   1:57pm  69.7   3:03am    0   12  0.37   5  35   4:14pm ESE 30.06   75
28   77.3  89.2   5:20pm  68.4  10:59pm    0   12  0.01   3  21   4:43pm NNE 30.04   74
29   75.3  87.6   5:28pm  62.5   7:00am    0   10  0.00   5  21   5:46pm  NE 30.05   61
30   76.6  94.3   5:37pm  58.0   7:26am    1   13  0.00   3  19   9:19pm ENE 30.08   62
31   79.7  89.4   5:53pm  69.3   7:20am    0   15  0.00   4  21  12:18pm ESE 30.15   76
---------------------------------------------------------------------------------------
TOT  74.8  95.2  8/25/12  51.7  8/20/12   26  329  1.33   4  35   8/9/12 ESE 30.02   70

HEAT BASE: 65.0
COOL BASE: 65.0