advFrankfort Weaher US is currently performing maintainence and upgrading some hardware and weather scripts.
Some Weather Cams will be off line, for exampkle, and there may be sporadic feature and data interruptions.
NOAA ALL HAZARDS WEATHER RADIO Live Streams

NOAA-Style Climate Reports

Select a Year or Month report
2019: Jan Feb Mar Apr May Jun Jul Aug Sep Oct Nov Dec
2018: Jan Feb Mar Apr May Jun Jul Aug Sep Oct Nov Dec
2017: Jan Feb Mar Apr May Jun Jul Aug Sep Oct Nov Dec
2016: Jan Feb Mar Apr May Jun Jul Aug Sep Oct Nov Dec
2015: Jan Feb Mar Apr May Jun Jul Aug Sep Oct Nov Dec
2014: Jan Feb Mar Apr May Jun Jul Aug Sep Oct Nov Dec
2013: Jan Feb Mar Apr May Jun Jul Aug Sep Oct Nov Dec
2012: Jan Feb Mar Apr May Jun Jul Aug Sep Oct Nov Dec
2011: Jan Feb Mar Apr May Jun Jul Aug Sep Oct Nov Dec
2010: Jan Feb Mar Apr May Jun Jul Aug Sep Oct Nov Dec

Report for 2012 September
                  MONTHLY CLIMATOLOGICAL SUMMARY FOR 9/2012
                                        HEAT  COOL        
     MEAN                               DEG   DEG       WIND SPEED       DOM MEAN  MEAN
DAY  TEMP  HIGH   TIME     LOW   TIME   DAYS  DAYS RAIN AVG  HI  TIME    DIR BAROM HUM
---------------------------------------------------------------------------------------
1    81.2  90.0   4:19pm  73.2   7:11am    0   16  0.00   5  24  10:54am SSW 30.08   73
2    76.3  82.4   2:33pm  72.7   8:27pm    0   11  0.90   4  35   5:23pm ESE 29.92   84
3    75.7  83.7   4:04pm  72.7   8:03am    0   11  0.23   3  18   2:46pm SSW 29.88   90
4    78.2  88.0   5:15pm  72.0   6:27am    0   13  0.00   2  19   2:32pm ESE 29.90   83
5    76.4  91.2   3:36pm  67.3  11:53pm    0   11  0.57   3  38   5:24pm NNE 29.89   84
6    74.7  87.3   5:19pm  67.4  12:00am    0   10  0.00   2  14  12:29pm WSW 29.97   83
7    78.0  90.1   5:07pm  65.8   7:04am    0   13  0.00   5  28   2:42pm ESE 29.89   77
8    67.6  80.2  12:48am  56.6  11:40pm    1    4  1.15   6  42  12:52am   W 29.85   78
9    64.0  77.7   4:40pm  49.3   7:00am    5    4  0.00   4  28   3:56pm   W 30.02   72
10   64.6  77.6   5:23pm  52.7   7:22am    4    4  0.00   3  18  11:41am ENE 30.20   71
11   65.3  81.7   5:24pm  47.9   7:22am    5    5  0.00   2  21   1:17pm   E 30.26   69
12   69.1  84.1   1:32pm  54.9   4:08am    3    7  0.00   2  19   2:14pm   S 30.28   74
13   72.7  85.6   4:24pm  64.0  11:58pm    0    8  0.00   3  16  10:20am  SW 30.29   72
14   68.0  81.9   1:19pm  58.2   6:15am    2    5  0.00   5  28   5:29pm ESE 30.26   79
15   63.5  76.9   4:01pm  51.1   7:34am    4    3  0.00   4  30  11:54am  NE 30.29   66
16   66.8  80.5   5:09pm  56.3   1:36am    3    5  0.00   2  14  11:37am ENE 30.14   69
17   65.1  70.5  11:14am  59.2   5:09am    1    2  0.00   2  21   7:35pm ESE 29.97   91
18   63.6  68.0   5:15pm  52.1  11:37pm    2    1  0.00   5  35  11:04am WSW 29.83   83
19   54.6  69.6   5:36pm  39.1   6:56am   11    1  0.00   2  18  12:20pm NNW 30.17   67
20   60.7  77.5   4:12pm  42.0   7:31am    8    4  0.00   6  30   1:48pm ESE 30.08   67
21   67.4  77.5   4:54pm  53.3   7:26am    2    4  0.03   6  37  11:01pm SSW 29.97   69
22   66.2  74.9   3:13pm  47.3  11:57pm    2    3  0.00  11  47   2:51pm WSW 29.99   56
23   50.4  64.9   6:02pm  35.3   7:04am   15    0  0.00   2  18   5:08pm NNW 30.27   68
24   51.9  69.6   6:02pm  34.5   6:27am   13    1  0.00   3  19   2:54pm   W 30.27   68
25   59.3  72.6   5:26pm  46.3  12:40am    6    1  0.53   5  37  10:16am SSW 30.10   80
26   70.2  80.4   4:07pm  63.0   7:13am    0    5  0.13   6  26  12:54am  SW 30.11   78
27   67.8  76.4   5:26pm  63.5   5:33am    0    3  0.25   4  23  10:58am WSW 30.14   87
28   65.6  71.5   3:58pm  61.8  11:57pm    0    1  0.21   2  16   4:57pm   E 30.10   93
29   64.4  74.5   4:46pm  55.9  11:57pm    3    2  0.00   3  18  11:33am  NE 30.05   81
30   61.7  74.3   1:19pm  47.1   7:19am    6    3  0.00   4  24   1:38pm  SW 29.93   75
---------------------------------------------------------------------------------------
TOT  67.0  91.2   9/5/12  34.5  9/24/12   98  159  4.00   4  44  9/22/12  SW 30.07   76

HEAT BASE: 65.0
COOL BASE: 65.0