иии NEW иии from Personal Weather Station Operators
NOAA WEATHER RADIO. ORG

NOAA-Style Climate Reports

Select a Year or Month report
2017: Jan Feb Mar Apr May Jun Jul Aug Sep Oct Nov Dec
2016: Jan Feb Mar Apr May Jun Jul Aug Sep Oct Nov Dec
2015: Jan Feb Mar Apr May Jun Jul Aug Sep Oct Nov Dec
2014: Jan Feb Mar Apr May Jun Jul Aug Sep Oct Nov Dec
2013: Jan Feb Mar Apr May Jun Jul Aug Sep Oct Nov Dec
2012: Jan Feb Mar Apr May Jun Jul Aug Sep Oct Nov Dec
2011: Jan Feb Mar Apr May Jun Jul Aug Sep Oct Nov Dec
2010: Jan Feb Mar Apr May Jun Jul Aug Sep Oct Nov Dec

Report for 2012 November
                  MONTHLY CLIMATOLOGICAL SUMMARY FOR 11/2012
                                        HEAT  COOL        
     MEAN                               DEG   DEG       WIND SPEED       DOM MEAN  MEAN
DAY  TEMP  HIGH   TIME     LOW   TIME   DAYS  DAYS RAIN AVG  HI  TIME    DIR BAROM HUM
---------------------------------------------------------------------------------------
1    46.1  55.2   5:50pm  36.2   8:15am   19    0  0.00   8  33   2:01pm WSW 29.89   53
2    48.4  56.3   4:25pm  36.4  11:45pm   17    0  0.00   5  23   1:12pm ENE 29.96   54
3    38.1  46.7   4:52pm  29.2   7:00am   27    0  0.33   4  26   5:09pm  SE 30.11   86
4    42.1  53.2   2:28pm  34.0   7:41am   23    0  0.01   4  18  12:53pm   N 30.14   77
5    37.4  50.6   3:58pm  25.8   7:11am   28    0  0.00   2  21   2:56pm   E 30.14   78
6    43.3  56.3   3:18pm  32.0   7:28am   22    0  0.00   2  14  12:55pm ENE 30.00   67
7    45.0  53.6   2:55pm  38.7  11:23pm   20    0  0.05   3  16  12:47am   W 29.97   77
8    40.2  56.9   4:19pm  27.5   7:21am   25    0  0.00   2  14  12:16pm WNW 30.20   75
9    45.0  63.1   3:00pm  27.3   7:21am   20    0  0.00   3  19  11:45am  SE 30.21   73
10   56.8  73.8   3:40pm  43.5   6:55am   10    1  0.00   4  26  11:56am ESE 30.19   59
11   58.7  71.0   1:32pm  43.1   6:33am    7    1  0.00   6  44  11:34am SSW 30.18   53
12   47.7  63.8   3:54am  28.4  11:51pm   17    0  0.81   8  37   9:23am WSW 30.19   80
13   32.9  46.0   3:41pm  22.3   6:28am   32    0  0.00   2  18   2:45pm ESE 30.49   75
14   34.4  45.5   2:48pm  25.2   6:06am   31    0  0.00   4  19   2:05pm ENE 30.46   71
15   35.4  50.5   2:56pm  23.2   7:02am   30    0  0.00   2  18  12:13pm ENE 30.36   73
16   37.7  53.7   3:32pm  24.5   5:56am   27    0  0.00   2  16   2:14pm   N 30.43   73
17   41.6  59.0   2:47pm  25.4   7:49am   23    0  0.01   3  19  11:03am   E 30.48   67
18   42.7  64.4   3:01pm  27.1   7:32am   22    0  0.00   2  12   3:43pm  SE 30.41   61
19   43.1  61.3   2:15pm  28.3   7:05am   22    0  0.00   1   7  12:46pm SSW 30.30   66
20   50.3  64.8   1:38pm  35.3   6:55am   15    0  0.00   1  10  12:39pm ESE 30.13   64
21   49.4  67.4   4:16pm  38.2   7:52am   16    0  0.00   1  12   1:16pm SSE 30.18   69
22   48.7  67.2   3:11pm  31.0   7:55am   16    0  0.00   4  26   2:47pm  SW 30.16   69
23   47.9  56.3   3:47am  34.8  11:53pm   16    0  0.01  11  46   2:36pm   W 30.08   59
24   30.1  37.2   2:01pm  21.0  10:39pm   35    0  0.00   5  26   3:55am   W 30.22   64
25   38.8  52.3   3:34pm  22.2  12:00am   25    0  0.00   7  33   3:36pm  SW 30.05   55
26   40.4  51.5   1:41pm  27.4   7:32am   25    0  0.10   1  10  11:42pm   E 30.15   66
27   36.8  44.4   3:46pm  26.8  11:49pm   28    0  0.02   5  33   1:19am   N 30.30   80
28   31.2  44.6   3:27pm  22.6   4:54am   34    0  0.01   2  19   3:03pm  SW 30.42   77
29   34.8  53.1   3:38pm  19.9   6:45am   30    0  0.00   3  19  12:46pm  SE 30.36   70
30   45.3  57.3   2:53pm  33.4  12:58am   20    0  0.00   5  35  11:16am  SW 30.23   66
---------------------------------------------------------------------------------------
TOT  42.3  73.8 11/10/12  19.9 11/29/12  679    3  1.35   4  44 11/11/12  SW 30.21   69

HEAT BASE: 65.0
COOL BASE: 65.0