advFrankfort Weaher US is currently performing maintainence and upgrading some hardware and weather scripts.
Some Weather Cams will be off line, for exampkle, and there may be sporadic feature and data interruptions.
NOAA ALL HAZARDS WEATHER RADIO Live Streams

NOAA-Style Climate Reports

Select a Year or Month report
2019: Jan Feb Mar Apr May Jun Jul Aug Sep Oct Nov Dec
2018: Jan Feb Mar Apr May Jun Jul Aug Sep Oct Nov Dec
2017: Jan Feb Mar Apr May Jun Jul Aug Sep Oct Nov Dec
2016: Jan Feb Mar Apr May Jun Jul Aug Sep Oct Nov Dec
2015: Jan Feb Mar Apr May Jun Jul Aug Sep Oct Nov Dec
2014: Jan Feb Mar Apr May Jun Jul Aug Sep Oct Nov Dec
2013: Jan Feb Mar Apr May Jun Jul Aug Sep Oct Nov Dec
2012: Jan Feb Mar Apr May Jun Jul Aug Sep Oct Nov Dec
2011: Jan Feb Mar Apr May Jun Jul Aug Sep Oct Nov Dec
2010: Jan Feb Mar Apr May Jun Jul Aug Sep Oct Nov Dec

Report for 2013 January
                  MONTHLY CLIMATOLOGICAL SUMMARY FOR 1/2013
                                        HEAT  COOL        
     MEAN                               DEG   DEG       WIND SPEED       DOM MEAN  MEAN
DAY  TEMP  HIGH   TIME     LOW   TIME   DAYS  DAYS RAIN AVG  HI  TIME    DIR BAROM HUM
---------------------------------------------------------------------------------------
1    33.9  35.8   1:03pm  31.6  11:49pm   31    0  0.07   3  14   7:44pm NNW 30.07   93
2    28.6  37.3   3:55pm  22.3   8:01am   37    0  0.01   3  15   2:28am   W 30.19   81
3    28.5  40.4   3:14pm  17.9   7:57am   37    0  0.00   5  27   2:46pm   W 30.27   77
4    32.5  38.8   4:14pm  25.1  11:40pm   32    0  0.00   7  30   1:21pm WSW 30.36   74
5    33.5  47.0   2:57pm  20.3   8:13am   32    0  0.00   3  18  12:38pm WSW 30.29   76
6    37.1  42.8  11:39am  28.0  11:52pm   28    0  0.00   9  33   1:15pm WSW 30.16   73
7    31.2  43.3   4:23pm  21.0   8:13am   34    0  0.00   3  21  12:02pm  SE 30.36   78
8    36.8  55.2   4:55pm  22.0   3:35am   29    0  0.00   4  26  12:09pm  SW 30.26   76
9    46.0  56.8   4:07pm  35.2  12:11am   19    0  0.00   4  15  11:22am  SW 30.34   82
10   43.5  51.6  10:45pm  36.0   4:28am   22    0  0.39   4  21   9:07am   E 30.32   89
11   58.1  67.2   3:44pm  51.0  12:29am    7    0  0.44   7  39  12:46pm WSW 29.93   82
12   61.8  65.8   1:48pm  54.4   1:58am    4    0  0.04   4  16   3:02am SSW 29.90   94
13   55.7  67.0   4:11am  36.6  11:59pm   10    0  2.39   7  40   6:46pm  SW 29.90   92
14   30.1  36.6  12:00am  26.2   8:26am   35    0  0.00   7  22   1:19am NNE 30.34   84
15   29.9  34.0   3:01pm  26.0   7:25am   36    0  0.01   8  24   7:03am  NE 30.27   86
16   32.5  33.6   3:43pm  31.3   7:22am   33    0  0.00   4  12   9:52am   N 30.09   94
17   34.0  41.2   4:28pm  30.8   7:20am   31    0  0.01   5  26   1:46pm   N 30.23   86
18   32.6  43.8   4:25pm  22.6   8:00am   33    0  0.00   5  20  12:40am SSW 30.48   67
19   45.2  55.5   3:53pm  35.5   2:41am   20    0  0.00  13  39  12:23pm  SW 30.19   52
20   38.8  47.3  12:10am  25.2  11:59pm   27    0  0.00   7  28  12:08am   W 30.16   49
21   24.7  31.5  12:39pm  15.2  11:59pm   41    0  0.00   9  38  12:43pm   W 30.21   58
22   15.7  21.8   2:55pm  10.7   8:15am   50    0  0.00   7  26   4:18pm   W 30.39   50
23   23.5  34.8   5:19pm  11.3   4:07am   42    0  0.00   4  18   2:30pm WSW 30.26   58
24   23.2  29.0   1:58am  17.3   8:12am   42    0  0.00   8  39   2:20am ENE 30.41   49
25   24.8  28.2   8:43pm  21.7   1:38am   41    0  0.00   6  20   1:02am   E 30.16   76
26   28.8  39.2   3:45pm  20.9   8:08am   37    0  0.00   5  24   2:19am WSW 30.28   76
27   34.5  46.0   3:55pm  22.0   6:54am   31    0  0.20   4  18   9:53am   E 30.31   74
28   51.0  56.0  11:24pm  42.6  12:00am   14    0  0.16   9  33   9:42am  SW 30.08   86
29   61.4  68.5   4:15pm  54.8   6:54am    4    0  0.00   9  39   1:49pm  SW 29.90   81
30   54.5  68.2   5:28am  33.3  11:58pm   11    0  0.99  11  50   5:59am  SW 29.46   85
31   30.2  34.0   6:46pm  21.3  11:56pm   35    0  0.00  14  40  10:36pm   W 29.92   72
---------------------------------------------------------------------------------------
TOT  36.9  68.5  1/29/13  10.7  1/22/13  884    1  4.71   6  44  1/30/13 WSW 30.18   76

HEAT BASE: 65.0
COOL BASE: 65.0