advFrankfort Weaher US is currently performing maintainence and upgrading some hardware and weather scripts.
Some Weather Cams will be off line, for exampkle, and there may be sporadic feature and data interruptions.
NOAA ALL HAZARDS WEATHER RADIO Live Streams

NOAA-Style Climate Reports

Select a Year or Month report
2019: Jan Feb Mar Apr May Jun Jul Aug Sep Oct Nov Dec
2018: Jan Feb Mar Apr May Jun Jul Aug Sep Oct Nov Dec
2017: Jan Feb Mar Apr May Jun Jul Aug Sep Oct Nov Dec
2016: Jan Feb Mar Apr May Jun Jul Aug Sep Oct Nov Dec
2015: Jan Feb Mar Apr May Jun Jul Aug Sep Oct Nov Dec
2014: Jan Feb Mar Apr May Jun Jul Aug Sep Oct Nov Dec
2013: Jan Feb Mar Apr May Jun Jul Aug Sep Oct Nov Dec
2012: Jan Feb Mar Apr May Jun Jul Aug Sep Oct Nov Dec
2011: Jan Feb Mar Apr May Jun Jul Aug Sep Oct Nov Dec
2010: Jan Feb Mar Apr May Jun Jul Aug Sep Oct Nov Dec

Report for 2013 April
                  MONTHLY CLIMATOLOGICAL SUMMARY FOR 4/2013
                                        HEAT  COOL        
     MEAN                               DEG   DEG       WIND SPEED       DOM MEAN  MEAN
DAY  TEMP  HIGH   TIME     LOW   TIME   DAYS  DAYS RAIN AVG  HI  TIME    DIR BAROM HUM
---------------------------------------------------------------------------------------
1    45.7  50.8   6:34pm  36.8  11:35pm   20    0  0.00   7  30   6:22am  NW 29.98   69
2    39.2  50.1   4:52pm  26.1   7:21am   26    0  0.00   4  22   2:57pm  NW 30.21   56
3    39.2  51.9   4:48pm  23.7   7:17am   26    0  0.00   6  26  12:53pm  NE 30.32   56
4    44.5  53.2   4:39pm  35.5   7:42am   21    0  0.00   5  21   2:36am ENE 30.11   55
5    49.4  66.4   4:33pm  28.9   7:29am   16    0  0.00   4  27   4:46pm SSW 30.03   63
6    55.5  72.6   4:09pm  38.8   4:05am   11    1  0.00   5  24   4:37pm   E 30.05   56
7    63.8  72.3   2:44pm  57.6  12:00am    3    1  0.02  10  36   3:25pm WSW 29.93   61
8    63.5  73.7   5:53pm  50.1   6:23am    5    3  0.00   7  42   3:12pm WSW 29.92   73
9    68.7  80.9   5:27pm  53.8   5:03am    3    6  0.00   8  40   1:36pm  SW 29.97   75
10   72.7  83.9   5:27pm  62.3   2:16am    0    8  0.00   8  38  10:44am  SW 29.87   73
11   66.1  72.8   2:18am  59.1  11:27pm    2    2  0.70   5  26   5:57pm SSW 29.65   82
12   49.4  59.1  12:00am  41.6   8:46am   16    0  0.16  11  38   4:47am   W 29.72   74
13   48.7  62.4   6:03pm  35.1   7:14am   17    0  0.00   8  32   5:09pm WSW 29.96   65
14   56.7  73.2   4:35pm  38.3   5:27am   11    2  0.00   5  32   8:58pm  SE 29.91   67
15   63.0  71.9   6:39pm  57.2   7:13am    3    1  0.00   5  24  12:54am SSW 29.90   73
16   69.3  81.7   4:11pm  56.5   1:11am    2    6  0.06   7  40   7:58pm  SW 30.00   77
17   66.0  76.5   3:56pm  60.4   4:01am    2    2  0.37   5  30   6:37am ESE 30.02   88
18   73.2  83.9   3:54pm  63.1   5:55am    0    8  0.00   8  42   3:22pm SSW 29.76   66
19   50.5  74.4  12:09am  39.6  11:39pm   16    1  0.81  12  39   4:53am   W 29.72   75
20   45.6  56.5   5:16pm  35.8   7:01am   20    0  0.00   7  32  11:18am WSW 30.16   62
21   48.3  59.7   4:39pm  35.9   7:02am   17    0  0.00   7  26   9:51am ENE 30.36   55
22   55.9  72.9   5:05pm  36.7   5:41am   10    1  0.00   3  26   1:10pm  NE 30.19   57
23   59.3  70.8  12:53pm  43.1   7:15am    8    2  0.00   5  28   3:12pm  SW 29.99   71
24   53.3  65.0   5:57am  38.7  11:59pm   12    0  0.84   8  36  10:24am WSW 29.96   80
25   47.2  61.4   5:04pm  30.4   7:11am   18    0  0.00   5  34   5:06pm  SW 30.32   70
26   50.8  62.1   6:13pm  34.8   6:00am   15    0  0.00   3  16   9:35am SSE 30.41   63
27   54.9  60.0   1:32pm  49.6   6:03am   11    0  0.34   3  22   4:04pm   E 30.23   83
28   60.4  69.8   3:39pm  53.9   6:57am    5    0  0.41   8  32   2:31am WSW 29.90   86
29   58.7  66.5   4:06pm  52.9  12:52am    7    0  0.00   3  14   9:34am WSW 29.97   86
30   63.7  80.0   7:05pm  45.5   6:32am    7    5  0.00   3  16  11:13am  SE 30.01   75
---------------------------------------------------------------------------------------
TOT  56.1  83.9  4/10/13  23.7   4/3/13  328   50  3.71   6  42   4/8/13 WSW 30.02   70

HEAT BASE: 65.0
COOL BASE: 65.0