advFrankfort Weaher US is currently performing maintainence and upgrading some hardware and weather scripts.
Some Weather Cams will be off line, for exampkle, and there may be sporadic feature and data interruptions.
NOAA ALL HAZARDS WEATHER RADIO Live Streams

NOAA-Style Climate Reports

Select a Year or Month report
2019: Jan Feb Mar Apr May Jun Jul Aug Sep Oct Nov Dec
2018: Jan Feb Mar Apr May Jun Jul Aug Sep Oct Nov Dec
2017: Jan Feb Mar Apr May Jun Jul Aug Sep Oct Nov Dec
2016: Jan Feb Mar Apr May Jun Jul Aug Sep Oct Nov Dec
2015: Jan Feb Mar Apr May Jun Jul Aug Sep Oct Nov Dec
2014: Jan Feb Mar Apr May Jun Jul Aug Sep Oct Nov Dec
2013: Jan Feb Mar Apr May Jun Jul Aug Sep Oct Nov Dec
2012: Jan Feb Mar Apr May Jun Jul Aug Sep Oct Nov Dec
2011: Jan Feb Mar Apr May Jun Jul Aug Sep Oct Nov Dec
2010: Jan Feb Mar Apr May Jun Jul Aug Sep Oct Nov Dec

Report for 2013 July
                  MONTHLY CLIMATOLOGICAL SUMMARY FOR 7/2013
                                        HEAT  COOL        
     MEAN                               DEG   DEG       WIND SPEED       DOM MEAN  MEAN
DAY  TEMP  HIGH   TIME     LOW   TIME   DAYS  DAYS RAIN AVG  HI  TIME    DIR BAROM HUM
---------------------------------------------------------------------------------------
1    70.2  80.9   3:57pm  63.2  11:42pm    0    5  0.32   2  28   8:16pm  NE 29.85   89
2    71.4  84.7   5:34pm  60.9   4:38am    1    7  0.02   1  16   5:49pm   E 29.97   85
3    73.8  80.7   3:21pm  67.5   3:43am    0    8  0.00   1  14   2:15pm SSW 30.09   85
4    69.2  72.0  12:00am  65.6  10:49pm    0    4  1.45   1  12   1:13pm   E 30.13   93
5    71.1  79.6   3:28pm  65.6   2:53am    0    6  1.52   2  15   1:29pm  SW 30.13   93
6    70.0  73.3  12:11pm  67.2   9:17am    0    5  3.60   2  21   2:59pm WSW 30.12   94
7    74.3  85.4   5:14pm  66.0   6:26am    0    9  0.00   2  15   3:17pm WSW 30.10   82
8    77.1  88.8   5:11pm  63.6   6:12am    0   12  0.00   2  16  11:34am WSW 30.12   80
9    81.8  90.0   5:32pm  74.0   5:26am    0   16  0.00   4  24  11:41am WSW 30.08   77
10   78.2  90.6   1:51pm  70.6  11:07pm    0   13  0.52   4  36   3:06pm WSW 29.95   87
11   75.1  84.1   5:10pm  68.8   4:05am    0   10  0.00   3  24   5:13pm  NE 29.97   83
12   71.5  81.1   5:15pm  59.6   5:18am    1    7  0.00   4  27  11:12am  NE 30.05   70
13   73.0  82.2   2:20pm  63.8   6:30am    0    8  0.00   3  18  10:59am ENE 30.08   77
14   79.9  91.6   5:20pm  69.0   5:16am    0   22  0.00   2  15  11:30am   E 30.15   78
15   82.0  91.9   3:07pm  71.2   6:37am    0   17  0.00   2  15   3:52pm   E 30.26   75
16   82.6  94.5   4:11pm  69.5   6:40am    0   17  0.00   1   9  12:23pm ENE 30.29   75
17   82.4  96.4   9:16am  72.0   4:59am    0   17  0.05   2  26   7:56pm ENE 30.26   80
18   81.7  93.5   5:04pm  73.3   4:42am    0   16  0.00   1  21   3:14pm WSW 30.14   82
19   81.8  91.2   3:36pm  72.9   6:48am    0   16  0.00   4  26   3:56pm   W 30.01   75
20   81.5  90.8   5:57pm  73.7   6:30am    0   16  0.00   5  27   4:46pm WSW 29.93   76
21   78.7  88.3   7:15pm  71.3   7:18am    0   13  0.09   1  16  11:27pm  SW 29.93   80
22   74.9  81.0   4:29pm  71.6   6:25am    0   10  0.98   3  19   4:56pm  SW 29.86   89
23   78.0  88.2   4:40pm  70.3   5:54am    0   13  1.07   5  26  10:36pm  SW 29.83   84
24   70.7  80.2   5:36pm  63.3   7:02am    0    6  0.00   3  18  12:14pm NNE 29.92   79
25   69.6  80.4   4:25pm  59.0   6:09am    1    5  0.00   3  16  12:24pm  NE 30.06   74
26   70.1  82.5   2:31pm  55.5   6:53am    2    7  0.00   2  16   3:18pm WSW 30.07   76
27   70.2  76.6   5:44pm  66.3  11:35pm    0    5  0.05   3  29   3:02pm WSW 29.95   84
28   66.2  76.9   6:51pm  53.6   6:59am    2    3  0.00   3  22  12:34pm   W 30.04   67
29   68.0  81.4   5:32pm  53.1   6:50am    3    6  0.00   3  21  11:53am WSW 30.17   74
30   69.7  81.4   4:21pm  59.5   6:05am    2    6  0.04   1  11  12:10pm ESE 30.21   81
31   70.2  77.2   4:09pm  64.4   6:40am    0    5  0.31   2  18   4:26am  SW 30.07   88
---------------------------------------------------------------------------------------
TOT  74.7  96.4  7/17/13  53.1  7/29/13   14  308 10.02   2  26  7/20/13 WSW 30.06   81

HEAT BASE: 65.0
COOL BASE: 65.0