иии NEW иии from Personal Weather Station Operators
NOAA WEATHER RADIO. ORG

NOAA-Style Climate Reports

Select a Year or Month report
2017: Jan Feb Mar Apr May Jun Jul Aug Sep Oct Nov Dec
2016: Jan Feb Mar Apr May Jun Jul Aug Sep Oct Nov Dec
2015: Jan Feb Mar Apr May Jun Jul Aug Sep Oct Nov Dec
2014: Jan Feb Mar Apr May Jun Jul Aug Sep Oct Nov Dec
2013: Jan Feb Mar Apr May Jun Jul Aug Sep Oct Nov Dec
2012: Jan Feb Mar Apr May Jun Jul Aug Sep Oct Nov Dec
2011: Jan Feb Mar Apr May Jun Jul Aug Sep Oct Nov Dec
2010: Jan Feb Mar Apr May Jun Jul Aug Sep Oct Nov Dec

Report for 2013 September
                  MONTHLY CLIMATOLOGICAL SUMMARY FOR 9/2013
                                        HEAT  COOL        
     MEAN                               DEG   DEG       WIND SPEED       DOM MEAN  MEAN
DAY  TEMP  HIGH   TIME     LOW   TIME   DAYS  DAYS RAIN AVG  HI  TIME    DIR BAROM HUM
---------------------------------------------------------------------------------------
1    75.4  85.2   2:26pm  67.8   5:23am    0   10  0.02   3  21  12:14am  SW 29.84   83
2    76.4  86.6   3:18pm  69.6   7:11am    0   11  0.27   4  29   4:21pm  SW 29.86   85
3    69.9  79.8   3:50pm  60.4  11:58pm    1    5  0.00   3  24   1:47pm NNE 30.00   77
4    67.2  81.8   4:53pm  53.4   6:58am    4    5  0.01   1  13  11:28am NNE 30.14   78
5    70.5  84.8   5:11pm  57.1   6:45am    2    7  0.00   1  10  12:51pm   W 30.18   79
6    71.1  84.8   4:37pm  60.5   7:20am    1    6  0.00   2  13   9:45am ENE 30.18   73
7    72.2  86.2   3:15pm  57.4   7:26am    2    9  0.00   2  18   4:41pm  SW 30.07   77
8    77.3  90.4   5:04pm  67.5   7:26am    0   12  0.00   1  11   1:02pm NNE 29.99   77
9    78.9  91.0   4:05pm  67.6   4:57am    0   14  0.00   3  19   5:41pm  SW 30.03   76
10   80.9  91.9   4:15pm  71.5   6:00am    0   15  0.00   3  21   3:58pm  SW 30.12   77
11   79.5  90.1   4:02pm  70.5   7:13am    0   14  0.00   4  19  12:36pm  SW 30.12   79
12   74.2  82.7   1:14pm  67.5   6:13am    0    9  0.17   3  29   1:34pm  SW 29.98   82
13   63.6  71.2  12:00am  50.5  11:58pm    3    1  0.00   6  29   3:32pm NNE 30.02   69
14   58.1  73.3   4:56pm  46.2   6:21am    8    1  0.00   3  18   9:12am  NE 30.14   71
15   63.3  80.1   4:19pm  45.8   7:18am    7    5  0.00   3  26   4:26pm  SW 30.12   75
16   66.2  72.5   2:56pm  56.9  11:59pm    1    2  0.03   3  18   3:29pm  NE 30.18   83
17   64.1  77.7   5:21pm  53.2   7:32am    4    3  0.00   3  22   1:28pm ENE 30.24   75
18   66.9  76.4   5:30pm  57.8   1:11am    2    4  0.01   2  18   1:02pm  SW 30.14   87
19   71.4  81.2   6:52pm  63.7   6:12am    0    6  0.20   2  21   2:32pm  SW 30.08   87
20   75.2  86.0   3:48pm  66.0   7:32am    0   10  0.03   4  26   2:15pm  SW 29.93   80
21   65.8  73.3   4:55pm  55.4  10:46pm    2    2  1.60   3  24   2:46pm  NW 29.80   81
22   58.3  71.1   4:33pm  47.1   7:08am    8    1  0.00   2  22  11:59am NNE 29.97   77
23   59.0  73.2   5:15pm  48.1   2:06am    8    2  0.01   3  21   1:30pm ENE 30.06   74
24   64.4  80.8   5:03pm  51.7   7:36am    5    4  0.00   3  16   1:31am ENE 29.99   76
25   67.4  78.2   4:15pm  60.2  11:25pm    1    3  0.00   2  19   4:31pm ENE 29.87   79
26   64.0  80.5   3:48pm  49.2   6:32am    5    4  0.00   1  13  11:55am  NE 30.00   77
27   65.2  82.3   6:19pm  50.4   6:45am    5    5  0.00   1  11  12:33pm  NE 30.11   75
28   65.1  83.8   5:08pm  50.3   7:48am    6    5  0.00   1  14   2:38pm  SW 30.12   77
29   63.4  72.5   1:40pm  54.7   7:09am    3    1  0.00   3  22  10:04am  SW 30.06   84
30   67.8  77.2   5:18pm  60.4   6:33am    1    4  0.00   2  21  12:20pm  SW 30.01   78
---------------------------------------------------------------------------------------
TOT  68.8  91.9  9/10/13  45.8  9/15/13   80  180  2.35   3  29  9/12/13  SW 30.05   78

HEAT BASE: 65.0
COOL BASE: 65.0