advFrankfort Weaher US is currently performing maintainence and upgrading some hardware and weather scripts.
Some Weather Cams will be off line, for exampkle, and there may be sporadic feature and data interruptions.
NOAA ALL HAZARDS WEATHER RADIO Live Streams

NOAA-Style Climate Reports

Select a Year or Month report
2019: Jan Feb Mar Apr May Jun Jul Aug Sep Oct Nov Dec
2018: Jan Feb Mar Apr May Jun Jul Aug Sep Oct Nov Dec
2017: Jan Feb Mar Apr May Jun Jul Aug Sep Oct Nov Dec
2016: Jan Feb Mar Apr May Jun Jul Aug Sep Oct Nov Dec
2015: Jan Feb Mar Apr May Jun Jul Aug Sep Oct Nov Dec
2014: Jan Feb Mar Apr May Jun Jul Aug Sep Oct Nov Dec
2013: Jan Feb Mar Apr May Jun Jul Aug Sep Oct Nov Dec
2012: Jan Feb Mar Apr May Jun Jul Aug Sep Oct Nov Dec
2011: Jan Feb Mar Apr May Jun Jul Aug Sep Oct Nov Dec
2010: Jan Feb Mar Apr May Jun Jul Aug Sep Oct Nov Dec

Report for 2013 October
                  MONTHLY CLIMATOLOGICAL SUMMARY FOR 10/2013
                                        HEAT  COOL        
     MEAN                               DEG   DEG       WIND SPEED       DOM MEAN  MEAN
DAY  TEMP  HIGH   TIME     LOW   TIME   DAYS  DAYS RAIN AVG  HI  TIME    DIR BAROM HUM
---------------------------------------------------------------------------------------
1    67.8  80.6   5:24pm  57.3   5:25am    2    5  0.00   2  19   1:34pm  SW 30.06   81
2    70.2  83.8   4:03pm  57.8   6:16am    2    7  0.00   1  18   6:26pm SSW 30.08   86
3    73.6  83.4   6:11pm  68.6  11:51pm    0    8  0.01   2  13  11:12am SSW 30.05   83
4    73.9  85.9   5:11pm  63.6   6:03am    0    9  0.00   2  18  11:27am SSW 30.06   79
5    72.4  82.3   1:26pm  69.1   7:43am    0    7  1.65   2  21   3:27pm SSW 30.02   86
6    65.3  72.6   1:52pm  54.7   8:49pm    2    2  1.58   4  29   2:45pm  SW 29.85   93
7    54.6  64.7   4:48pm  46.0  11:16pm   11    0  0.00   4  26  11:17am WSW 30.01   78
8    53.9  68.6   4:14pm  41.0   7:48am   12    0  0.01   3  27   3:50pm  NE 30.22   77
9    58.2  78.0   4:17pm  43.7   6:43am   10    2  0.00   1  11   1:55pm ENE 30.19   75
10   57.6  75.4   5:19pm  42.7   6:36am   10    2  0.00   1  10  12:32pm  NE 30.15   74
11   60.5  80.6   4:29pm  45.0   7:22am    8    3  0.00   1  11   1:22pm  NE 30.07   76
12   62.8  81.2   5:12pm  48.5   7:28am    6    4  0.00   1  16   3:57pm  SW 30.08   78
13   62.7  76.9   3:15pm  51.6   4:55am    6    3  0.00   2  21   5:19pm   N 30.22   84
14   60.4  75.1   4:00pm  48.6   8:11am    7    2  0.00   2  18  11:01am  NE 30.24   77
15   65.6  74.2   3:58pm  56.0  12:15am    2    3  0.00   3  21   1:42pm  SW 30.06   84
16   62.8  65.8  12:43am  57.2  11:52pm    3    0  0.18   3  18   6:17am  SW 29.95   91
17   52.9  58.6   5:32pm  44.3  11:45pm   12    0  0.12   2  26   3:22pm   W 29.95   86
18   50.4  66.4   4:54pm  36.8   7:34am   15    0  0.02   2  19  11:36am  SW 30.04   80
19   47.1  52.1  11:28am  40.4  11:58pm   18    0  0.22   3  34  11:37am  SW 29.96   89
20   47.5  63.0   4:39pm  34.9   5:49am   18    0  0.01   3  24   3:18pm  SW 30.08   78
21   52.2  68.0   4:53pm  35.9   7:50am   13    0  0.00   4  27   5:02pm  SW 30.02   71
22   48.5  58.0   4:30pm  35.3   8:33am   17    0  0.05   2  29   3:12am  NW 29.99   68
23   44.7  48.2   4:16pm  39.9  10:58am   21    0  0.01   7  37   7:02am WSW 29.94   77
24   40.7  47.7   3:10pm  36.1   7:20pm   25    0  0.05   5  32   5:09pm WSW 30.19   76
25   37.7  49.7   4:37pm  28.9   8:08am   28    0  0.00   2  16   1:43pm WSW 30.43   71
26   41.2  55.9   4:53pm  25.5   6:29am   24    0  0.00   6  37   4:36pm  SW 30.18   70
27   45.2  62.0   4:41pm  30.0   8:00am   20    0  0.00   2  18   2:44pm WSW 30.11   73
28   48.2  66.8   4:44pm  37.5   2:34am   17    0  0.00   1  11   2:42pm ENE 30.22   80
29   47.4  57.1   5:21pm  35.0   7:39am   18    0  0.06   0   5  10:09am ENE 30.30   94
30   61.9  69.3   4:27pm  55.9  12:00am    4    1  1.14   2  16   6:17am  SW 30.13   92
31   65.4  69.9   9:49pm  62.7  11:09am    1    1  1.00   8  58  11:12pm SSW 29.76   81
---------------------------------------------------------------------------------------
TOT  56.6  85.9  10/4/13  25.5 10/26/13  332   58  6.11   3  58 10/31/13  SW 30.08   80

HEAT BASE: 65.0
COOL BASE: 65.0