иии NEW иии from Personal Weather Station Operators
NOAA WEATHER RADIO. ORG

NOAA-Style Climate Reports

Select a Year or Month report
2017: Jan Feb Mar Apr May Jun Jul Aug Sep Oct Nov Dec
2016: Jan Feb Mar Apr May Jun Jul Aug Sep Oct Nov Dec
2015: Jan Feb Mar Apr May Jun Jul Aug Sep Oct Nov Dec
2014: Jan Feb Mar Apr May Jun Jul Aug Sep Oct Nov Dec
2013: Jan Feb Mar Apr May Jun Jul Aug Sep Oct Nov Dec
2012: Jan Feb Mar Apr May Jun Jul Aug Sep Oct Nov Dec
2011: Jan Feb Mar Apr May Jun Jul Aug Sep Oct Nov Dec
2010: Jan Feb Mar Apr May Jun Jul Aug Sep Oct Nov Dec

Report for 2013 November
                  MONTHLY CLIMATOLOGICAL SUMMARY FOR 11/2013
                                        HEAT  COOL        
     MEAN                               DEG   DEG       WIND SPEED       DOM MEAN  MEAN
DAY  TEMP  HIGH   TIME     LOW   TIME   DAYS  DAYS RAIN AVG  HI  TIME    DIR BAROM HUM
---------------------------------------------------------------------------------------
1    58.6  65.6  12:00am  51.6   8:38am    7    0  0.22   8  50  12:23am  SW 29.69   74
2    50.4  57.0   5:09pm  43.0   8:12am   15    0  0.01   5  24   3:56pm WSW 29.92   72
3    44.7  57.6   2:33pm  34.9   7:47am   20    0  0.00   1  14   3:17pm ENE 30.29   76
4    49.9  63.8   1:21pm  36.6  12:36am   15    0  0.00   2  22   1:58pm ENE 30.37   70
5    54.6  64.3   4:13pm  46.8   7:42am   11    0  0.00   1  14  10:27am   E 30.35   65
6    59.8  71.0   1:38pm  49.9  12:13am    6    1  0.32   6  38  12:08pm  SW 30.10   76
7    44.2  51.5  12:00am  36.7  10:50pm   21    0  0.08   5  24  12:22am WNW 30.23   72
8    41.2  56.4   4:24pm  29.7   7:17am   24    0  0.00   2  18   2:39am WSW 30.35   69
9    47.9  62.2   2:48pm  32.8   2:53am   17    0  0.00   7  38   1:06pm  SW 30.20   57
10   46.7  56.4   3:07pm  31.8  11:57pm   19    0  0.00   5  32   9:37am WSW 30.29   59
11   46.5  63.5   3:14pm  29.8   3:16am   19    0  0.00   3  29  10:28pm  SW 30.22   60
12   32.3  47.7  12:00am  23.3  10:53pm   32    0  0.04   9  35   1:23pm NNW 30.48   72
13   29.0  42.5   4:00pm  17.4   6:12am   36    0  0.00   2  18   2:41pm  SW 30.59   72
14   38.1  54.8   3:49pm  23.5   5:03am   26    0  0.00   3  27  11:09am SSW 30.33   56
15   42.9  54.6  11:55am  29.2   4:44am   21    0  0.05   2  26  11:14am SSW 30.16   68
16   54.1  61.7   3:32pm  44.6   5:40am   11    0  0.00   3  22   8:05pm   S 30.04   87
17   61.2  67.4   6:52pm  53.3  11:40pm    4    0  1.61   7  42   6:41pm   S 29.76   85
18   49.0  56.3   3:05pm  39.4  11:59pm   16    0  0.00   7  40   2:31pm WSW 30.02   63
19   36.0  43.8   1:57pm  27.2   7:31am   29    0  0.00   4  19  10:47am  NE 30.28   73
20   40.5  57.3   4:37pm  29.0   7:42am   24    0  0.00   3  14   1:34am  NE 30.26   68
21   49.7  61.9   2:53pm  36.5   1:27am   15    0  0.00   1  19   3:24pm   E 30.24   74
22   51.6  56.5  11:04am  41.7  11:47pm   13    0  0.18   6  27   5:31pm SSW 30.22   89
23   34.5  43.3   1:58pm  23.7  11:56pm   30    0  0.00   8  32   2:42pm  NW 30.41   66
24   22.7  29.3   2:30pm  16.1   7:54am   42    0  0.00   3  22  12:00am   N 30.62   64
25   31.9  42.0   3:31pm  19.6  12:21am   33    0  0.00   4  24   7:50pm SSW 30.37   61
26   33.0  35.0   1:29pm  31.3   9:19pm   32    0  0.23   3  16  12:14pm   N 30.03   93
27   27.8  32.1   1:50am  20.6  11:43pm   37    0  0.00   6  26   9:49am WNW 30.11   81
28   25.0  38.0   4:28pm  14.5   5:23am   40    0  0.00   3  22  10:56am  SW 30.39   73
29   28.9  44.1   3:42pm  15.7   7:15am   36    0  0.02   1  11  12:41pm  NE 30.55   77
30   37.0  54.6   4:15pm  23.5   3:34am   28    0  0.00   3  27  12:25pm  SW 30.35   69
---------------------------------------------------------------------------------------
TOT  42.3  71.0  11/6/13  14.5 11/28/13  678    1  2.76   4  48  11/1/13  SW 30.24   71

HEAT BASE: 65.0
COOL BASE: 65.0