advFrankfort Weaher US is currently performing maintainence and upgrading some hardware and weather scripts.
Some Weather Cams will be off line, for exampkle, and there may be sporadic feature and data interruptions.
NOAA ALL HAZARDS WEATHER RADIO Live Streams

NOAA-Style Climate Reports

Select a Year or Month report
2019: Jan Feb Mar Apr May Jun Jul Aug Sep Oct Nov Dec
2018: Jan Feb Mar Apr May Jun Jul Aug Sep Oct Nov Dec
2017: Jan Feb Mar Apr May Jun Jul Aug Sep Oct Nov Dec
2016: Jan Feb Mar Apr May Jun Jul Aug Sep Oct Nov Dec
2015: Jan Feb Mar Apr May Jun Jul Aug Sep Oct Nov Dec
2014: Jan Feb Mar Apr May Jun Jul Aug Sep Oct Nov Dec
2013: Jan Feb Mar Apr May Jun Jul Aug Sep Oct Nov Dec
2012: Jan Feb Mar Apr May Jun Jul Aug Sep Oct Nov Dec
2011: Jan Feb Mar Apr May Jun Jul Aug Sep Oct Nov Dec
2010: Jan Feb Mar Apr May Jun Jul Aug Sep Oct Nov Dec

Report for 2013 December
                  MONTHLY CLIMATOLOGICAL SUMMARY FOR 12/2013
                                        HEAT  COOL        
     MEAN                               DEG   DEG       WIND SPEED       DOM MEAN  MEAN
DAY  TEMP  HIGH   TIME     LOW   TIME   DAYS  DAYS RAIN AVG  HI  TIME    DIR BAROM HUM
---------------------------------------------------------------------------------------
1    43.2  51.7   2:57pm  33.0   1:10am   22    0  0.00   4  21  11:53am SSW 30.08   66
2    43.6  58.1   2:30pm  31.5   3:33am   21    0  0.00   1  10   1:48pm   E 29.83   79
3    48.2  56.4   1:33pm  38.6   7:03am   16    0  0.00   1  13   1:25pm ENE 29.79   86
4    58.3  67.0   2:46pm  46.7   1:48am    7    0  0.05   3  21  11:53am SSE 29.77   85
5    52.1  66.6   5:17am  34.0  11:54pm   13    0  1.06   7  32   5:21pm SSW 29.90   87
6    31.2  34.2   1:00am  27.9   9:31pm   34    0  0.44   6  29   9:19am   N 30.18   92
7    26.1  28.9   3:26pm  22.5  10:55pm   38    0  0.00   4  16   5:40am NNE 30.51   87
8    28.2  34.3  11:58pm  23.1  12:00am   36    0  0.00   4  19   6:57am  NE 30.22   90
9    31.1  34.3  12:00am  26.6  11:50pm   34    0  0.00   6  24   8:00am WSW 30.16   86
10   25.6  31.3   3:31pm  19.7  11:59pm   39    0  0.00   7  27   3:00pm  SW 30.26   80
11   26.5  39.4   2:46pm  15.4   5:56am   38    0  0.01   6  37   3:52pm  SW 30.40   78
12   21.0  29.9   3:33pm  11.4   7:51am   44    0  0.00   4  18  12:37pm SSW 30.51   67
13   31.1  44.0   2:47pm  18.2   2:47am   34    0  0.17   3  27   8:02pm SSW 30.27   64
14   38.1  44.2   3:42pm  34.1  12:30am   27    0  0.73   5  30  10:10pm WSW 29.88   91
15   30.4  34.8  12:00am  27.9  11:07am   34    0  0.00  10  32   3:32pm WSW 30.06   83
16   34.8  43.7   4:26pm  29.5  12:00am   30    0  0.00   4  22   2:10am  SW 30.08   83
17   35.5  42.1   3:43am  29.7  11:58pm   29    0  0.00   5  26   9:17pm WSW 30.08   82
18   32.5  42.8   4:39pm  25.0   8:03am   32    0  0.00   5  22  11:41am  SW 30.22   66
19   48.1  60.3   3:44pm  31.8   5:36am   17    0  0.00   7  38   2:36pm SSW 30.07   52
20   55.9  61.6  11:50pm  50.2  10:50am    9    0  0.08   7  29   5:55pm SSW 29.91   73
21   62.5  71.0  11:13pm  58.0   7:13am    3    1  1.06   7  82  11:15pm   S 29.70   88
22   54.3  59.8  12:24am  39.2  11:59pm   10    0  0.31   8  35   5:17am  SW 29.81   85
23   33.8  39.2  12:00am  26.8  11:31pm   31    0  0.05   7  27   6:11am   W 30.29   76
24   21.6  27.0  12:22am  16.2  10:01am   43    0  0.00   5  30   6:55am WSW 30.51   73
25   28.7  39.5   2:29pm  16.8  12:01am   36    0  0.00   4  21   2:35pm SSW 30.38   62
26   35.1  43.2   3:45pm  25.8  11:43pm   30    0  0.02   5  27   6:01am  SW 30.34   66
27   35.2  51.6   3:42pm  22.1   5:00am   29    0  0.01   3  21  12:33pm SSW 30.39   68
28   38.9  50.8   1:39pm  27.2   7:52am   26    0  0.03   1  14  12:58pm SSW 30.24   63
29   39.8  47.2   3:47pm  32.3  11:47pm   25    0  0.53   6  29   3:18pm WSW 29.92   88
30   28.9  32.4  12:00am  23.2  10:27pm   36    0  0.00   5  21   4:40am WSW 30.20   80
31   28.6  37.7   4:13pm  22.4   6:26am   36    0  0.00   6  27  10:50am  SW 30.33   69
---------------------------------------------------------------------------------------
TOT  37.0  71.0 12/21/13  11.4 12/12/13  856    1  4.56   5  82 12/21/13  SW 30.14   77

HEAT BASE: 65.0
COOL BASE: 65.0