advFrankfort Weaher US is currently performing maintainence and upgrading some hardware and weather scripts.
Some Weather Cams will be off line, for exampkle, and there may be sporadic feature and data interruptions.
NOAA ALL HAZARDS WEATHER RADIO Live Streams

NOAA-Style Climate Reports

Select a Year or Month report
2019: Jan Feb Mar Apr May Jun Jul Aug Sep Oct Nov Dec
2018: Jan Feb Mar Apr May Jun Jul Aug Sep Oct Nov Dec
2017: Jan Feb Mar Apr May Jun Jul Aug Sep Oct Nov Dec
2016: Jan Feb Mar Apr May Jun Jul Aug Sep Oct Nov Dec
2015: Jan Feb Mar Apr May Jun Jul Aug Sep Oct Nov Dec
2014: Jan Feb Mar Apr May Jun Jul Aug Sep Oct Nov Dec
2013: Jan Feb Mar Apr May Jun Jul Aug Sep Oct Nov Dec
2012: Jan Feb Mar Apr May Jun Jul Aug Sep Oct Nov Dec
2011: Jan Feb Mar Apr May Jun Jul Aug Sep Oct Nov Dec
2010: Jan Feb Mar Apr May Jun Jul Aug Sep Oct Nov Dec

Report for 2014 May
                  MONTHLY CLIMATOLOGICAL SUMMARY FOR 5/2014
                                        HEAT  COOL        
     MEAN                               DEG   DEG       WIND SPEED       DOM MEAN  MEAN
DAY  TEMP  HIGH   TIME     LOW   TIME   DAYS  DAYS RAIN AVG  HI  TIME    DIR BAROM HUM
---------------------------------------------------------------------------------------
1
2
3
4
5
6    74.1  82.2   4:43pm  52.2   6:21am    0    6  0.00   2  14   8:41am  NE 29.86   59
7    71.1  84.9   5:17pm  54.3   6:13am    2    8  0.00   4  31   3:47pm SSW 29.94   63
8    75.0  85.9   5:10pm  64.6   7:21am    0   10  0.00   5  29  11:26am SSW 30.02   55
9    70.3  75.2  10:57am  60.3   9:50pm    0    6  0.54   4  61   9:08pm   S 29.92   73
10   65.1  74.0   2:49pm  58.7  11:53pm    2    2  0.69   5  27   2:42pm SSW 29.95   90
11   68.9  83.1   5:58pm  55.0   5:11am    3    7  0.00   1  19   9:17am  NE 30.03   84
12   76.8  87.4   5:30pm  65.6   6:05am    0   12  0.00   4  25   3:13pm SSW 30.02   72
13   74.9  86.3   5:05pm  63.1  11:00pm    0   10  0.54   3  50  10:45pm SSW 30.01   75
14   66.8  78.6   2:24pm  61.7   3:13am    1    3  1.29   2  38  10:13pm SSW 29.96   93
15   54.8  65.5  12:00am  45.8  11:43pm   10    0  0.65   6  33   4:01am  SW 29.93   86
16   49.7  59.7   5:23pm  40.5  11:58pm   15    0  0.03   4  33   1:10pm  SW 30.02   78
17   48.7  61.3   6:22pm  38.1   6:15am   16    0  0.00   2  22   4:01pm  SW 30.16   71
18   53.0  67.5   6:54pm  36.1   6:10am   12    0  0.00   1  15   2:34pm  NE 30.26   67
19   58.5  74.6   5:19pm  40.2   4:57am    9    2  0.00   1  15  11:20am  NE 30.22   63
20   69.5  83.3   5:15pm  54.5   2:20am    3    7  0.00   5  34  12:56pm SSW 30.04   63
21   69.5  82.7   5:09pm  61.9  11:58pm    0    5  1.20   7  46   7:52pm SSW 29.96   71
22   71.6  84.0   4:53pm  61.3   3:52am    1    7  0.25   4  37   2:34am  SW 29.98   75
23   67.0  77.1   5:45pm  56.9  11:52pm    2    4  0.00   2  19   5:12pm   N 30.08   62
24   64.4  77.1   4:10pm  48.8   6:03am    5    4  0.00   1  16  10:59am  NE 30.14   69
25   65.3  80.0   4:10pm  51.9   6:30am    4    4  0.00   1  16   1:13pm  NE 30.11   72
26   72.4  87.5   4:37pm  55.5   5:54am    3   10  0.00   2  21   5:18pm SSW 30.07   73
27   77.5  88.0   5:14pm  68.1   7:08am    0   13  0.00   4  22   3:25pm  SW 29.98   69
28   73.6  87.0   1:45pm  61.8   6:44am    0    9  0.01   1  19   2:10pm SSW 29.96   76
29   73.5  84.3   4:48pm  64.9   4:20am    0    8  0.00   1  12   8:23pm  NE 29.99   77
30   74.4  85.4   5:19pm  64.2   5:57am    0    9  0.00   2  18   4:04pm NNE 30.03   75
31   72.5  84.9   5:00pm  56.2   6:18am    1    9  0.00   3  24  11:47am  NE 30.10   58
---------------------------------------------------------------------------------------
TOT  67.5  88.0  5/27/14  36.1  5/18/14   90  155  5.20   3  52   5/9/14 SSW 30.03   72

HEAT BASE: 65.0
COOL BASE: 65.0