иии NEW иии from Personal Weather Station Operators
NOAA WEATHER RADIO. ORG

NOAA-Style Climate Reports

Select a Year or Month report
2017: Jan Feb Mar Apr May Jun Jul Aug Sep Oct Nov Dec
2016: Jan Feb Mar Apr May Jun Jul Aug Sep Oct Nov Dec
2015: Jan Feb Mar Apr May Jun Jul Aug Sep Oct Nov Dec
2014: Jan Feb Mar Apr May Jun Jul Aug Sep Oct Nov Dec
2013: Jan Feb Mar Apr May Jun Jul Aug Sep Oct Nov Dec
2012: Jan Feb Mar Apr May Jun Jul Aug Sep Oct Nov Dec
2011: Jan Feb Mar Apr May Jun Jul Aug Sep Oct Nov Dec
2010: Jan Feb Mar Apr May Jun Jul Aug Sep Oct Nov Dec

Report for 2014 June
                  MONTHLY CLIMATOLOGICAL SUMMARY FOR 6/2014
                                        HEAT  COOL        
     MEAN                               DEG   DEG       WIND SPEED       DOM MEAN  MEAN
DAY  TEMP  HIGH   TIME     LOW   TIME   DAYS  DAYS RAIN AVG  HI  TIME    DIR BAROM HUM
---------------------------------------------------------------------------------------
1    72.6  87.3   4:02pm  56.8   6:22am    2    9  0.00   3  19   9:41am SSW 30.08   74
2    75.5  82.3   5:44pm  70.5   6:24am    0   10  0.00   5  24  11:38am   S 30.06   69
3    77.0  85.7   3:42pm  71.3   5:39am    0   12  0.00   6  25   9:47am  SW 29.97   75
4    75.4  84.8   5:04pm  68.1   4:26am    0   10  0.27   5  33   2:00pm  SW 29.79   82
5    69.3  79.4   5:43pm  62.2   6:10am    0    5  0.00   3  25   3:17am NNE 29.85   71
6    69.4  82.5   5:12pm  55.2   5:19am    2    7  0.00   2  18   8:42am  NE 29.95   64
7    70.9  85.2   4:07pm  52.7   6:21am    3    9  0.00   2  16   2:02pm  NE 29.93   57
8    68.3  73.2   9:23am  59.2  11:16pm    1    4  0.00   5  31  12:14pm  SW 29.83   78
9    65.3  76.0   5:32pm  55.8   6:22am    3    3  0.00   1  13  10:26am NNE 29.92   79
10   69.7  84.4   4:33pm  61.4  12:33am    0    5  1.27   2  41   5:30pm SSW 29.83   81
11   69.3  79.9   5:32pm  64.5   1:09am    0    4  0.03   3  24   6:35pm   S 29.77   86
12   71.2  80.8   7:41pm  64.1  11:59pm    0    6  0.00   3  21   3:08pm  SW 29.82   76
13   68.1  77.8   6:57pm  59.3  11:43pm    1    4  0.00   2  21   4:28pm   W 29.89   73
14   63.4  77.5   5:01pm  46.1   6:03am    5    4  0.00   2  15  10:27am  NE 30.07   63
15   71.4  88.0   4:28pm  50.7   5:49am    4   10  0.00   3  24   2:02pm SSW 30.04   68
16   78.1  90.1   6:40pm  64.5   5:59am    0   13  0.00   3  21   4:54pm  SW 30.08   69
17   79.7  90.5   5:03pm  66.1   5:59am    0   15  0.00   5  25   1:37pm SSW 30.04   68
18   81.3  91.3   6:34pm  68.9   6:40am    0   16  0.00   4  24   4:03pm SSW 30.02   68
19   78.9  90.6   5:05pm  69.1   9:51pm    0   13  1.64   4  33   7:22pm  SW 30.03   74
20   74.8  88.3   4:53pm  67.2   5:44am    0   10  0.36   3  55   5:36pm  SW 29.97   84
21   76.4  87.4   3:00pm  68.0   3:16am    0   11  0.00   1  16   4:32pm   N 29.90   77
22   77.0  90.0   3:46pm  64.0   5:53am    0   12  0.00   2  21   3:58pm SSW 29.88   71
23   79.5  92.6   4:17pm  66.8   6:14am    0   14  0.00   3  34   8:13pm SSW 29.89   67
24   76.9  85.8   2:56pm  70.0   2:44am    0   12  0.53   3  28   4:28pm   S 29.90   75
25   76.1  85.7   3:07pm  70.3   5:51am    0   11  0.03   3  22   1:41pm  SW 29.92   79
26   77.6  89.1   5:30pm  65.5   6:27am    0   13  0.00   1  10   1:35pm   N 29.98   70
27   76.6  89.8   2:30pm  66.0   6:03am    0   12  0.42   1  24  11:49pm  NE 30.01   76
28   74.9  85.1   4:31pm  68.5   6:27am    0   10  0.08   2  18  12:00am SSW 30.07   83
29   76.6  85.1   5:00pm  69.9   5:58am    0   12  0.01   4  27   2:57pm SSW 30.06   79
30   78.1  88.7   6:24pm  69.1   5:52am    0   13  0.00   3  22   4:55pm   S 29.94   80
---------------------------------------------------------------------------------------
TOT  74.0  92.6  6/23/14  46.1  6/14/14   21  290  4.64   3  55  6/20/14 SSW 29.95   74

HEAT BASE: 65.0
COOL BASE: 65.0