иии NEW иии from Personal Weather Station Operators
NOAA WEATHER RADIO. ORG

NOAA-Style Climate Reports

Select a Year or Month report
2017: Jan Feb Mar Apr May Jun Jul Aug Sep Oct Nov Dec
2016: Jan Feb Mar Apr May Jun Jul Aug Sep Oct Nov Dec
2015: Jan Feb Mar Apr May Jun Jul Aug Sep Oct Nov Dec
2014: Jan Feb Mar Apr May Jun Jul Aug Sep Oct Nov Dec
2013: Jan Feb Mar Apr May Jun Jul Aug Sep Oct Nov Dec
2012: Jan Feb Mar Apr May Jun Jul Aug Sep Oct Nov Dec
2011: Jan Feb Mar Apr May Jun Jul Aug Sep Oct Nov Dec
2010: Jan Feb Mar Apr May Jun Jul Aug Sep Oct Nov Dec

Report for 2014 July
                  MONTHLY CLIMATOLOGICAL SUMMARY FOR 7/2014
                                        HEAT  COOL        
     MEAN                               DEG   DEG       WIND SPEED       DOM MEAN  MEAN
DAY  TEMP  HIGH   TIME     LOW   TIME   DAYS  DAYS RAIN AVG  HI  TIME    DIR BAROM HUM
---------------------------------------------------------------------------------------
1    81.4  91.4   6:03pm  69.8  11:57pm    0   16  0.12   6  47   9:34pm SSW 29.82   76
2    74.6  85.8   5:04pm  67.6   6:38am    0   10  0.00   3  30   6:40pm  SW 29.91   77
3    68.7  75.2   4:49pm  60.0  11:53pm    0    4  0.00   3  21   1:23am WSW 30.05   71
4    66.8  80.2   6:00pm  50.9   5:47am    3    5  0.00   2  22  11:40am   N 30.22   62
5    68.5  83.8   4:37pm  52.3   4:16am    3    7  0.00   1  19   1:36pm  NE 30.22   61
6    74.0  85.5   4:22pm  59.4   6:37am    1   10  0.00   5  28  12:30pm SSW 30.02   62
7    77.2  88.7   4:29pm  66.8   6:43am    0   12  0.16   6  33   3:40pm SSW 29.87   66
8    78.0  85.8   2:57pm  69.3   2:31am    0   13  0.00   7  36  11:55am  SW 29.81   69
9    76.7  85.5   3:48pm  66.7   6:57am    0   12  0.00   3  18  12:41pm  SW 29.92   64
10   74.1  86.5   4:41pm  62.9   4:14am    0    9  0.00   2  16   1:41pm   N 30.05   67
11   74.6  88.4   5:07pm  59.7   6:20am    1   10  0.00   1  15   3:25pm   N 30.13   65
12   76.1  87.8  12:33pm  61.7   6:33am    0   12  0.00   2  16  12:29pm  SW 30.11   70
13   80.8  92.4   2:44pm  73.8   4:31am    0   16  0.00   5  34   5:55pm SSW 29.95   69
14   75.1  84.7   5:53pm  67.9  11:28pm    0   10  0.31   4  22  12:28am SSW 29.87   82
15   69.8  76.3   4:31pm  59.2  11:59pm    0    5  0.00   4  25   5:04pm WSW 29.87   67
16   64.3  75.8   5:49pm  50.9   6:27am    4    3  0.00   2  18  11:12am   W 29.97   70
17   66.0  79.3   4:55pm  51.6   6:49am    4    5  0.00   1  16   6:06pm   N 30.07   66
18   63.0  70.4  12:29pm  56.2   5:35am    3    1  0.32   1  10  12:06pm  NE 30.12   83
19   67.3  72.7   5:03pm  62.6   3:13am    1    3  0.01   1  13   6:04pm  NE 30.03   89
20   73.0  83.8   6:57pm  66.9   2:41am    0    8  0.03   1  12   3:12pm   N 29.99   84
21   75.8  89.7   5:52pm  65.0   4:00am    0   11  0.00   1  10   2:22pm NNE 30.04   76
22   79.9  93.4   5:34pm  66.4   7:03am    0   15  0.00   1  15   1:45pm  SW 30.03   72
23   78.5  87.3   5:36pm  70.4   6:27am    0   13  0.02   1  18  12:41pm  SW 29.97   77
24   70.5  78.4   6:16pm  63.3   8:24am    0    6  0.00   5  25  12:25pm   N 29.98   70
25   69.4  83.1   4:45pm  53.8   6:20am    3    7  0.00   1  13   2:35pm  SW 30.02   67
26   75.8  88.9   5:46pm  63.0   6:22am    0   11  0.02   4  50  11:22pm SSW 29.92   69
27   74.6  87.4   6:25pm  68.4  11:32am    0   10  1.10   5  44  11:13am  SW 29.80   81
28   68.5  74.6   5:14pm  62.3  11:49pm    0    4  0.00   3  19  10:34am WSW 29.91   73
29   62.9  74.8   5:40pm  50.6   6:54am    5    3  0.00   2  19  12:19pm   W 30.03   71
30   68.5  80.9   4:39pm  55.6   4:16am    3    6  0.00   3  19  12:52pm  SW 30.05   69
31   70.3  84.7   4:14pm  55.2   6:41am    2    8  0.00   1  16   3:44pm  SW 30.06   68
---------------------------------------------------------------------------------------
TOT  72.4  93.4  7/22/14  50.6  7/29/14   34  263  2.09   3  50  7/26/14  SW 30.00   71

HEAT BASE: 65.0
COOL BASE: 65.0