иии NEW иии from Personal Weather Station Operators
NOAA WEATHER RADIO. ORG

NOAA-Style Climate Reports

Select a Year or Month report
2017: Jan Feb Mar Apr May Jun Jul Aug Sep Oct Nov Dec
2016: Jan Feb Mar Apr May Jun Jul Aug Sep Oct Nov Dec
2015: Jan Feb Mar Apr May Jun Jul Aug Sep Oct Nov Dec
2014: Jan Feb Mar Apr May Jun Jul Aug Sep Oct Nov Dec
2013: Jan Feb Mar Apr May Jun Jul Aug Sep Oct Nov Dec
2012: Jan Feb Mar Apr May Jun Jul Aug Sep Oct Nov Dec
2011: Jan Feb Mar Apr May Jun Jul Aug Sep Oct Nov Dec
2010: Jan Feb Mar Apr May Jun Jul Aug Sep Oct Nov Dec

Report for 2014 November
                  MONTHLY CLIMATOLOGICAL SUMMARY FOR 11/2014
                                        HEAT  COOL        
     MEAN                               DEG   DEG       WIND SPEED       DOM MEAN  MEAN
DAY  TEMP  HIGH   TIME     LOW   TIME   DAYS  DAYS RAIN AVG  HI  TIME    DIR BAROM HUM
---------------------------------------------------------------------------------------
1    35.9  40.6   6:02pm  27.8  11:57pm   29    0  0.01   8  38   2:14am NNW 30.22   83
2    34.9  52.7   4:26pm  22.6   6:55am   30    0  0.00   1  14  10:37am  NE 30.44   74
3    48.3  66.3   3:08pm  29.0   1:05am   17    0  0.00   3  26  12:54pm SSW 30.33   52
4    57.6  67.9   2:58pm  49.4  12:23am    8    0  0.04   5  30  11:58am SSW 30.17   53
5    54.0  55.6   1:45pm  52.7   7:28am   11    0  0.29   1  11  11:10pm  SW 30.15   95
6    48.7  54.5   2:40am  42.4  10:51pm   16    0  0.08   9  32   1:53pm WSW 29.98   88
7    41.4  50.7   4:53pm  32.9  11:25pm   24    0  0.00   3  22   5:59am WNW 30.14   73
8    44.4  55.6   4:12pm  31.9   5:25am   21    0  0.00   5  34  11:43am WSW 29.96   73
9    44.3  56.6   3:43pm  31.7   7:37am   21    0  0.00   2  19   1:16pm  SW 30.01   68
10   50.7  66.9   2:53pm  35.0   7:36am   14    0  0.00   3  24   1:15pm   S 29.93   59
11   53.9  66.4   1:48pm  37.4  11:57pm   11    0  0.05   6  34   3:57pm SSW 29.88   73
12   36.3  37.4  12:00am  34.5  11:58pm   29    0  0.00   3  22  12:32am  NW 30.23   79
13   30.0  34.6  12:00am  26.4  11:59pm   35    0  0.00   5  24   1:48pm WNW 30.31   68
14   25.4  35.1   3:04pm  18.3  11:46pm   40    0  0.00   1  18  11:01am WSW 30.40   71
15   28.1  39.3   3:26pm  14.6   6:05am   37    0  0.00   1  13  11:54am ENE 30.39   69
16   37.9  43.2   2:37pm  33.9   7:34am   27    0  0.18   1  19  11:59am SSW 30.11   79
17   27.8  37.3  12:00am  19.2  11:59pm   37    0  0.22   5  29   2:22pm WSW 29.96   88
18   18.3  24.8   3:13pm  11.5  11:49pm   47    0  0.00   7  30  11:27am  SW 30.29   71
19   31.6  47.6   4:35pm   8.6   1:23am   33    0  0.15   7  38  12:04pm  SW 30.14   65
20   29.6  35.2  12:00am  24.0   7:20am   35    0  0.00   6  27   1:56pm WSW 30.21   64
21   26.9  41.3   2:58pm  14.2   7:23am   38    0  0.00   1  13  10:45am ENE 30.47   66
22   47.5  63.3   2:55pm  27.4  12:09am   18    0  0.00   4  38   1:10pm SSW 30.25   53
23   54.3  59.8  11:23am  47.2  12:06am   11    0  0.98   3  34  11:56pm ENE 29.75   76
24   54.0  63.8   9:34am  41.7  11:58pm   11    0  0.03  13  61   9:45am  SW 29.60   75
25   38.8  47.1   2:02pm  29.7   7:49am   26    0  0.00   2  26  11:53am  SW 30.10   72
26   34.8  44.7   3:09pm  25.7   7:43am   30    0  0.00   1  13   8:48am   N 30.09   81
27   31.7  35.0  12:00am  28.5  11:54pm   33    0  0.00   5  26   7:43pm WSW 30.30   76
28   30.9  38.3   3:44pm  24.7   4:38am   34    0  0.00   3  21   3:55pm  SW 30.33   64
29   46.7  58.1   9:32pm  29.7   1:43am   18    0  0.00   8  38   1:50pm SSW 30.00   65
30   62.4  66.1   3:43pm  56.8  12:00am    3    0  0.00  13  43  11:20am SSW 29.98   71
---------------------------------------------------------------------------------------
TOT  40.2  67.9  11/4/14   8.6 11/19/14  743    1  2.03   4  58 11/24/14  SW 30.14   71

HEAT BASE: 65.0
COOL BASE: 65.0