advFrankfort Weaher US is currently performing maintainence and upgrading some hardware and weather scripts.
Some Weather Cams will be off line, for exampkle, and there may be sporadic feature and data interruptions.
NOAA ALL HAZARDS WEATHER RADIO Live Streams

NOAA-Style Climate Reports

Select a Year or Month report
2019: Jan Feb Mar Apr May Jun Jul Aug Sep Oct Nov Dec
2018: Jan Feb Mar Apr May Jun Jul Aug Sep Oct Nov Dec
2017: Jan Feb Mar Apr May Jun Jul Aug Sep Oct Nov Dec
2016: Jan Feb Mar Apr May Jun Jul Aug Sep Oct Nov Dec
2015: Jan Feb Mar Apr May Jun Jul Aug Sep Oct Nov Dec
2014: Jan Feb Mar Apr May Jun Jul Aug Sep Oct Nov Dec
2013: Jan Feb Mar Apr May Jun Jul Aug Sep Oct Nov Dec
2012: Jan Feb Mar Apr May Jun Jul Aug Sep Oct Nov Dec
2011: Jan Feb Mar Apr May Jun Jul Aug Sep Oct Nov Dec
2010: Jan Feb Mar Apr May Jun Jul Aug Sep Oct Nov Dec

Report for 2015 January
                  MONTHLY CLIMATOLOGICAL SUMMARY FOR 1/2015
                                        HEAT  COOL        
     MEAN                               DEG   DEG       WIND SPEED       DOM MEAN  MEAN
DAY  TEMP  HIGH   TIME     LOW   TIME   DAYS  DAYS RAIN AVG  HI  TIME    DIR BAROM HUM
---------------------------------------------------------------------------------------
1    28.1  39.7   4:23pm  19.4   4:10am   29    0  0.00   8  35   1:36pm  SW 30.32   55
2    31.2  39.7   4:23pm  19.4   4:10am   41    0  0.00   6  35   1:36pm  SW 30.33   67
3    50.9  62.0   2:33pm  36.7  12:00am   14    0  0.43   5  30   3:40pm   S 30.00   91
4    45.7  59.7   3:39am  25.3  11:58pm   19    0  0.13  11  38   6:08am WSW 30.02   81
5    20.6  25.3  12:00am  15.3   8:28am   44    0  0.00   5  29   1:56am WSW 30.59   62
6    26.6  31.0   1:55pm  21.9  11:53pm   38    0  0.00   5  27   9:36pm WSW 30.35   65
7    13.7  21.9  12:00am   3.6  11:53pm   51    0  0.00   8  34   3:57pm WNW 30.58   61
8    11.0  27.5  11:42pm  -1.2   8:01am   54    0  0.00   6  43  11:40pm  SW 30.54   59
9    21.9  27.7   1:10am  11.7  11:50pm   43    0  0.00  10  42   2:38am WSW 30.36   47
10   15.0  30.9   4:42pm   2.8   8:27am   50    0  0.00   1  16  12:51pm  SW 30.61   60
11   31.2  44.4   2:11pm  13.6   1:21am   34    0  0.01   1  21   1:49pm SSW 30.46   63
12   35.5  38.4  11:20am  30.1  11:54pm   29    0  0.26   4  27   9:17pm   N 30.31   91
13   26.7  30.1  12:00am  24.9   7:06am   38    0  0.00   7  26   5:02am NNE 30.51   75
14   25.8  32.0   3:59pm  21.2   8:27pm   39    0  0.00   2  13   8:34am WNW 30.37   74
15   29.6  37.2   4:06pm  24.8  12:00am   35    0  0.00   4  19   2:19pm  SW 30.23   77
16   32.0  46.0   3:54pm  24.1   8:12am   33    0  0.00   2  14  12:08am  SW 30.23   82
17   41.6  55.4   3:33pm  25.7   1:57am   23    0  0.01   6  37   3:45pm SSW 30.07   63
18   43.5  50.4   3:42pm  34.5  11:49pm   21    0  0.07   9  40   3:11am  SW 29.95   66
19   37.9  58.0   3:39pm  24.1   6:44am   27    0  0.00   1  11  11:46am ENE 30.01   69
20   40.9  57.5   4:00pm  25.4   5:04am   24    0  0.00   2  19  12:15pm WSW 29.94   68
21   43.3  53.3   3:24pm  33.2  11:57pm   22    0  0.00   7  32   4:11pm  SW 30.11   64
22   34.0  37.9   3:46pm  29.5   3:41am   31    0  0.00   2  13   1:40pm  NE 30.40   78
23   33.0  36.2   2:13pm  30.5   7:07am   32    0  0.00   2  16  10:24am  NE 30.17   82
24   32.1  37.4   5:17pm  24.3   8:12am   33    0  0.20   3  27   1:59pm  SW 29.85   86
25   39.1  44.0  12:44pm  34.1  12:00am   26    0  0.28   2  18   5:27am SSW 29.74   83
26   28.7  39.7  12:00am  23.3   8:43am   36    0  0.00   6  29   2:47am WNW 29.90   82
27   28.2  34.6   3:40pm  21.0  11:55pm   37    0  0.00   2  16   1:54pm NNE 30.10   72
28   25.9  39.9   4:08pm  13.4   7:28am   39    0  0.01   1  18   1:06pm ENE 30.34   69
29   40.6  53.7   1:15pm  32.2  12:00am   24    0  0.08   9  40   1:50pm WSW 30.07   69
30   31.9  37.1   3:55pm  20.2  11:29pm   33    0  0.00   5  29   9:57am WNW 30.42   65
31   29.4  42.3   3:27pm  15.0   5:10am   36    0  0.00   2  16  12:31pm  SW 30.40   67
---------------------------------------------------------------------------------------
TOT  31.6  62.0   1/3/15  -1.2   1/8/15 1038    0  1.48   5  43   1/8/15  SW 30.23   71

HEAT BASE: 65.0
COOL BASE: 65.0