advFrankfort Weaher US is currently performing maintainence and upgrading some hardware and weather scripts.
Some Weather Cams will be off line, for exampkle, and there may be sporadic feature and data interruptions.
NOAA ALL HAZARDS WEATHER RADIO Live Streams

NOAA-Style Climate Reports

Select a Year or Month report
2019: Jan Feb Mar Apr May Jun Jul Aug Sep Oct Nov Dec
2018: Jan Feb Mar Apr May Jun Jul Aug Sep Oct Nov Dec
2017: Jan Feb Mar Apr May Jun Jul Aug Sep Oct Nov Dec
2016: Jan Feb Mar Apr May Jun Jul Aug Sep Oct Nov Dec
2015: Jan Feb Mar Apr May Jun Jul Aug Sep Oct Nov Dec
2014: Jan Feb Mar Apr May Jun Jul Aug Sep Oct Nov Dec
2013: Jan Feb Mar Apr May Jun Jul Aug Sep Oct Nov Dec
2012: Jan Feb Mar Apr May Jun Jul Aug Sep Oct Nov Dec
2011: Jan Feb Mar Apr May Jun Jul Aug Sep Oct Nov Dec
2010: Jan Feb Mar Apr May Jun Jul Aug Sep Oct Nov Dec

Report for 2015 February
                  MONTHLY CLIMATOLOGICAL SUMMARY FOR 2/2015
                                        HEAT  COOL        
     MEAN                               DEG   DEG       WIND SPEED       DOM MEAN  MEAN
DAY  TEMP  HIGH   TIME     LOW   TIME   DAYS  DAYS RAIN AVG  HI  TIME    DIR BAROM HUM
---------------------------------------------------------------------------------------
1    42.1  50.3   9:24pm  34.6  12:12am   22    0  0.54   5  35  11:08am   S 29.90   72
2    28.3  44.7  12:00am  22.4   9:52am   37    0  0.00   9  43   4:38am WSW 30.05   74
3    29.1  38.6   4:00pm  20.3   7:24am   36    0  0.00   5  22  10:15am  SW 30.32   65
4    40.1  52.0   4:00pm  28.3  11:59pm   25    0  0.00   8  27   2:58pm  SW 30.14   58
5    22.5  29.1   3:18pm  13.2  11:41pm   43    0  0.00   5  29   3:09am NNW 30.41   65
6    25.9  40.9   5:00pm  11.0   3:07am   39    0  0.00   2  21   2:03pm  SW 30.35   62
7    47.0  61.5   4:11pm  28.5  12:27am   18    0  0.00   9  38  12:19pm SSW 30.04   39
8    53.4  58.0  11:36am  49.7   5:13am   12    0  0.01  11  42  12:02pm SSW 29.82   63
9    38.2  52.9  12:15am  26.8  11:47pm   27    0  0.01   6  26   2:15pm NNW 29.94   91
10   28.9  34.7   4:18pm  24.0  11:57pm   36    0  0.00   4  26   1:56am   N 30.19   79
11   32.9  47.1   4:14pm  20.6   3:21am   32    0  0.00   4  29   7:06pm WSW 30.11   76
12   25.5  34.2  12:00am  19.9  11:42pm   39    0  0.00   8  34   8:20am WNW 30.27   67
13   23.4  33.2   4:13pm  11.5   7:53am   42    0  0.00   3  24  11:53pm  SW 30.34   58
14   27.0  36.1  11:59am  10.0  11:51pm   38    0  0.00  13  58   3:10pm  SW 30.07   53
15   14.2  23.3   5:21pm   5.5   7:35am   51    0  0.00   4  24  11:33am WNW 30.50   52
16   12.9  17.8  12:00am   8.8  11:47pm   52    0  0.00   6  22   4:05am  NE 30.17   80
17   13.2  26.3   2:19pm  -4.4   7:45am   52    0  0.00   3  18   3:24pm  SW262.91   70
18   15.3  21.9   8:14am   3.6  11:55pm   50    0  0.00   8  43   3:47pm WSW 30.05   69
19    2.8   9.9   4:13pm  -4.4   7:33am   62    0  0.00   5  26   2:32pm WSW 30.41   62
20    5.3  25.9  11:57pm -17.1   7:32am   60    0  0.00   2  19  12:53pm ENE 30.43   61
21   33.7  37.5   3:20pm  25.9  12:00am   31    0  1.28   2  22  12:21pm   S 30.02   91
22   32.2  38.7   2:26pm  27.3  11:57pm   33    0  0.17   3  22  11:27pm NNW 30.32   79
23   18.3  27.3  12:00am   7.6  11:58pm   47    0  0.00   6  32   4:50am   N 30.56   57
24   18.5  31.0   4:33pm   3.5   7:19am   46    0  0.00   5  30   4:03pm  SW 30.15   55
25   29.5  36.1   3:14pm  20.6   7:47am   35    0  0.00   3  21   3:02am  SW 29.96   63
26   26.6  34.3   3:22pm  15.3  11:57pm   38    0  0.00   5  26  10:38pm   N 30.07   66
27   17.1  26.2   3:53pm   9.9   3:39am   48    0  0.00   1  16  12:40pm NNW 30.60   63
28   24.5  33.6   3:30pm  14.7   5:35am   40    0  0.00   4  18   9:27am  NE 30.66   57
---------------------------------------------------------------------------------------
TOT  26.0  61.5   2/7/15 -17.1  2/20/15 1090    0  2.01   5  50  2/14/15  SW 38.51   66

HEAT BASE: 65.0
COOL BASE: 65.0