иии NEW иии from Personal Weather Station Operators
NOAA WEATHER RADIO. ORG

NOAA-Style Climate Reports

Select a Year or Month report
2017: Jan Feb Mar Apr May Jun Jul Aug Sep Oct Nov Dec
2016: Jan Feb Mar Apr May Jun Jul Aug Sep Oct Nov Dec
2015: Jan Feb Mar Apr May Jun Jul Aug Sep Oct Nov Dec
2014: Jan Feb Mar Apr May Jun Jul Aug Sep Oct Nov Dec
2013: Jan Feb Mar Apr May Jun Jul Aug Sep Oct Nov Dec
2012: Jan Feb Mar Apr May Jun Jul Aug Sep Oct Nov Dec
2011: Jan Feb Mar Apr May Jun Jul Aug Sep Oct Nov Dec
2010: Jan Feb Mar Apr May Jun Jul Aug Sep Oct Nov Dec

Report for 2015 March
                  MONTHLY CLIMATOLOGICAL SUMMARY FOR 3/2015
                                        HEAT  COOL        
     MEAN                               DEG   DEG       WIND SPEED       DOM MEAN  MEAN
DAY  TEMP  HIGH   TIME     LOW   TIME   DAYS  DAYS RAIN AVG  HI  TIME    DIR BAROM HUM
---------------------------------------------------------------------------------------
1    35.7  42.7   3:17pm  30.5   2:46am   29    0  0.29   3  16   2:21pm  SW 30.38   85
2    31.8  39.0   3:08pm  24.3   7:21am   33    0  0.00   4  24   4:44am  NE 30.45   69
3    43.7  62.5   7:11pm  26.8   1:38am   21    0  0.37   6  37   5:08pm SSW 30.01   81
4    36.8  48.5  12:00am  23.9  11:57pm   28    0  1.64   4  29  11:23pm NNW 30.00   94
5    19.4  25.1   5:03pm   7.7  11:48pm   46    0  0.00   4  30   1:54am   N 30.40   90
6    15.4  32.5   4:28pm  -4.2   6:37am   50    0  0.06   1  13   6:12pm SSW 30.57   75
7    35.3  48.4   4:34pm  18.5   1:10am   30    0  0.10   7  27   2:11pm SSW 30.32   58
8    41.1  53.9   3:41pm  25.3   8:09am   23    0  0.00   1  19  12:26am  SW 30.24   60
9    45.2  57.0   2:55pm  33.7   7:49am   20    0  0.00   1  16   3:31pm  SW 30.21   72
10   49.6  58.9   7:28pm  42.0   1:09am   15    0  1.43   2  19   8:38pm ENE 30.03   93
11   54.0  68.2   5:40pm  46.0  11:58pm   11    0  0.00   2  18   1:50pm  NW 30.19   77
12   51.9  64.4   5:06pm  40.7   8:22am   13    0  0.00   7  32  11:38am  NE 30.39   57
13   52.2  54.8  12:00am  51.0   5:27am   13    0  1.13   2  19  11:07am ENE 30.20   76
14   55.1  61.3   4:41pm  50.3  11:47pm   10    0  0.88   3  21   2:06pm WSW 30.01   87
15   51.7  66.3   5:51pm  36.3   8:03am   13    0  0.00   2  16  12:43pm  SW 30.22   65
16   61.3  75.5   5:42pm  46.0   5:18am    6    3  0.00   6  26  12:41pm  SW 30.06   50
17   55.7  63.0  12:00am  40.8  11:59pm    9    0  0.00   7  38  12:06pm  SW 30.03   59
18   39.3  47.3   6:23pm  28.7   8:10am   26    0  0.00   4  30   9:59am  NE 30.29   40
19   44.2  50.2   3:25pm  39.6   9:16am   21    0  0.22   5  24  10:48am  NE 30.16   59
20   45.2  48.6   3:06pm  42.1  12:19am   20    0  0.03   2  14  12:14pm WSW 30.10   88
21   52.9  67.5   6:21pm  39.6   7:56am   12    0  0.00   5  22  10:18am  SW 30.13   68
22   48.8  58.6   3:47pm  40.7   7:55am   16    0  0.00   6  22  12:39pm NNE 30.14   49
23   44.6  59.6   4:40pm  32.5   7:39am   20    0  0.00   5  24  10:07pm  NE 30.14   46
24   41.7  48.9   5:47pm  32.5   6:32am   23    0  0.08   5  19   9:46am  NE 30.17   69
25   61.2  74.9   6:17pm  46.0   2:37am    6    2  0.00   8  37  10:30am  SW 30.01   65
26   48.1  58.0  12:00am  39.9  11:56pm   17    0  0.36   4  26  12:02pm WNW 29.88   87
27   36.2  40.6  12:41pm  29.2  11:58pm   29    0  0.00   5  26   6:20pm NNW 30.02   70
28   30.4  41.6   6:41pm  20.4   7:42am   35    0  0.00   3  21   1:44pm  NW 30.30   54
29   40.1  57.7   4:26pm  19.8   7:46am   25    0  0.00   5  29   4:07pm SSW 30.26   50
30   52.9  61.7   5:44pm  42.9   8:01am   12    0  0.00   6  38  12:02am  SW 30.08   53
31   56.6  73.2   4:37pm  39.3   4:57am   10    2  0.00   8  45   2:12pm  SW 29.91   44
---------------------------------------------------------------------------------------
TOT  44.5  75.5  3/16/15  -4.2   3/6/15  642    7  6.60   4  45  3/31/15  SW 30.17   67

HEAT BASE: 65.0
COOL BASE: 65.0