иии NEW иии from Personal Weather Station Operators
NOAA WEATHER RADIO. ORG

NOAA-Style Climate Reports

Select a Year or Month report
2017: Jan Feb Mar Apr May Jun Jul Aug Sep Oct Nov Dec
2016: Jan Feb Mar Apr May Jun Jul Aug Sep Oct Nov Dec
2015: Jan Feb Mar Apr May Jun Jul Aug Sep Oct Nov Dec
2014: Jan Feb Mar Apr May Jun Jul Aug Sep Oct Nov Dec
2013: Jan Feb Mar Apr May Jun Jul Aug Sep Oct Nov Dec
2012: Jan Feb Mar Apr May Jun Jul Aug Sep Oct Nov Dec
2011: Jan Feb Mar Apr May Jun Jul Aug Sep Oct Nov Dec
2010: Jan Feb Mar Apr May Jun Jul Aug Sep Oct Nov Dec

Report for 2015 April
                  MONTHLY CLIMATOLOGICAL SUMMARY FOR 4/2015
                                        HEAT  COOL        
     MEAN                               DEG   DEG       WIND SPEED       DOM MEAN  MEAN
DAY  TEMP  HIGH   TIME     LOW   TIME   DAYS  DAYS RAIN AVG  HI  TIME    DIR BAROM HUM
---------------------------------------------------------------------------------------
1    51.5  65.7   4:25pm  33.8   7:17am   13    0  0.00   2  22   2:35pm ENE 30.10   57
2    58.3  73.9   3:43pm  44.3  12:54am    7    1  1.42   5  42  10:57am SSW 29.94   68
3    57.8  67.9   2:39pm  47.2  11:56pm    7    0  5.00   5  42   7:28pm  SW 29.86   91
4    45.8  56.3   6:14pm  35.4   7:33am   19    0  0.00   5  30   5:20am WSW 30.28   59
5    49.1  65.0   4:16pm  32.0   6:55am   16    0  0.00   3  19   1:41pm SSW 30.24   55
6    59.7  70.7   3:22pm  46.1   3:44am    6    1  0.00   4  32   6:11pm SSW 30.11   57
7    61.6  73.4   3:48pm  56.7  11:23pm    4    1  2.83   3  32  12:52pm   S 30.04   90
8    63.9  76.9   5:01pm  54.0   2:38am    4    2  0.49   4  38   6:26pm SSW 30.00   89
9    71.7  82.0   4:26pm  60.4   5:48am    1    7  0.00   8  48   4:27pm SSW 29.88   73
10   61.2  74.6   2:58am  51.1  11:58pm    5    2  0.24   9  42   2:58am  SW 29.93   62
11   52.6  65.1   6:02pm  38.2   6:55am   12    0  0.00   3  18   1:34am  NE 30.22   55
12   58.2  77.9   5:05pm  40.1   3:39am    9    3  0.00   2  13  12:47pm ENE 30.16   54
13   63.5  79.7   3:55pm  52.1   4:33am    3    2  0.20   3  32  11:29am  SW 30.07   74
14   58.4  65.1  12:02am  53.4  10:00am    5    0  0.53   7  30   1:42pm NNE 30.09   74
15   56.3  61.1   5:27pm  53.6   6:32am    6    0  0.00   6  27   5:36pm  NE 30.13   65
16   62.4  74.0   4:18pm  56.8   6:03am    3    1  0.01   4  27  11:10am ENE 30.10   82
17   65.7  75.3   4:54pm  59.2  11:58pm    2    2  0.00   1  14   3:40pm SSW 30.05   80
18   65.6  79.4   4:37pm  48.0   7:14am    4    5  0.00   2  18   2:39pm  NE 29.98   64
19   64.6  72.3   5:05pm  57.4   8:44am    1    1  0.82   5  38   8:14pm ENE 29.66   77
20   58.7  63.4  12:00am  50.8  11:54pm    6    0  0.13  10  35   7:17pm  SW 29.59   75
21   54.1  64.6   5:10pm  41.0   5:43am   11    0  0.00  11  48   2:12pm  SW 29.83   52
22   52.9  60.0   2:48pm  44.1   9:35am   12    0  0.06   9  48   3:16pm  SW 29.83   57
23   48.4  60.6   5:36pm  35.7   6:08am   17    0  0.00   6  40   1:03pm  SW 30.03   41
24   48.9  63.6   5:39pm  30.8   6:20am   16    0  0.00   2  16  10:58am ENE 30.07   54
25   51.1  55.5   3:10pm  45.3  11:54pm   14    0  0.40   5  27   6:40pm  NE 29.69   81
26   51.3  62.9   4:10pm  42.3   7:14am   14    0  0.02   5  21   3:00am NNE 29.79   66
27   51.5  65.2   4:30pm  36.0   6:06am   14    0  0.00   3  22   7:37pm   N 29.97   61
28   51.9  65.4   6:01pm  39.4   4:55am   13    0  0.00   4  24  11:52am  NE 30.03   63
29   56.3  69.9   4:03pm  40.5   6:14am   10    1  0.00   2  18   5:29pm NNE 29.85   62
30   53.3  64.4   1:37pm  46.3   5:53am   12    0  0.16   3  32   5:13pm WNW 29.83   69
---------------------------------------------------------------------------------------
TOT  56.7  82.0   4/9/15  30.8  4/24/15  267   29 12.31   5  48  4/21/15  SW 29.97   66

HEAT BASE: 65.0
COOL BASE: 65.0