иии NEW иии from Personal Weather Station Operators
NOAA WEATHER RADIO. ORG

NOAA-Style Climate Reports

Select a Year or Month report
2017: Jan Feb Mar Apr May Jun Jul Aug Sep Oct Nov Dec
2016: Jan Feb Mar Apr May Jun Jul Aug Sep Oct Nov Dec
2015: Jan Feb Mar Apr May Jun Jul Aug Sep Oct Nov Dec
2014: Jan Feb Mar Apr May Jun Jul Aug Sep Oct Nov Dec
2013: Jan Feb Mar Apr May Jun Jul Aug Sep Oct Nov Dec
2012: Jan Feb Mar Apr May Jun Jul Aug Sep Oct Nov Dec
2011: Jan Feb Mar Apr May Jun Jul Aug Sep Oct Nov Dec
2010: Jan Feb Mar Apr May Jun Jul Aug Sep Oct Nov Dec

Report for 2015 July
                  MONTHLY CLIMATOLOGICAL SUMMARY FOR 7/2015
                                        HEAT  COOL        
     MEAN                               DEG   DEG       WIND SPEED       DOM MEAN  MEAN
DAY  TEMP  HIGH   TIME     LOW   TIME   DAYS  DAYS RAIN AVG  HI  TIME    DIR BAROM HUM
---------------------------------------------------------------------------------------
1    70.7  80.9   3:16pm  64.0   1:17am    0    6  0.13   2  13   4:03am  SW 29.91   86
2    71.6  79.7   2:35pm  68.3   9:39am    0    6  0.86   2  19   3:36pm SSW 29.87   90
3    71.4  80.2   2:38pm  67.8   8:27pm    0    6  2.87   2  22   7:52pm  NE 29.85   90
4    72.7  81.6   5:05pm  65.5   6:01am    0    8  0.01   1  11  11:37am NNE 29.96   83
5    72.2  80.5   4:30pm  67.0  11:37pm    0    7  0.00   2  16   4:28pm  NE 30.05   81
6    74.8  86.2   4:41pm  62.3   5:44am    0   10  0.00   2  19   3:39pm  SW 30.05   77
7    74.2  79.9  11:15am  70.2   4:41pm    0    9  0.28   5  38   4:15pm SSW 29.99   87
8    74.2  80.1   6:39pm  70.6   3:06am    0    9  0.05   4  24   3:44pm  SW 30.04   89
9    76.8  82.6   6:34pm  72.7  12:11am    0   12  0.02   7  48   8:03am WSW 30.01   83
10   73.3  81.6  11:46am  68.4  11:47pm    0    8  0.74   2  43  12:01pm  SW 30.08   89
11   73.0  82.5   4:47pm  64.6   5:31am    0    8  0.00   1  11   3:39pm  NE 30.14   80
12   75.7  88.5   5:02pm  68.9   8:59am    0   11  1.07   3  24   7:13am  SW 29.98   83
13   74.9  88.6   1:28pm  67.5   3:25pm    0   10  0.78   3  58   2:52pm  SW 29.84   87
14   75.8  91.0   4:36pm  67.6   6:00am    0   11  2.44   6  56   5:58pm  SW 29.67   85
15   72.8  81.9   6:26pm  65.7   6:00am    0    8  0.00   2  16  12:13pm   N 29.88   81
16   74.7  85.8   5:45pm  63.9   6:46am    0   10  0.00   2  11  12:24pm ENE 30.00   79
17   78.6  90.9   4:11pm  66.8   6:12am    0   14  0.64   4  30   9:18pm  SW 29.94   77
18   80.5  92.6   5:08pm  69.8  12:38am    0   15  0.28   4  21   3:04pm  SW 29.95   80
19   79.9  91.7   2:26pm  71.2   6:20am    0   15  0.01   3  26   4:14pm  SW 29.92   81
20   78.2  87.9   6:29pm  69.3   6:01am    0   13  0.01   2  18   3:42pm WSW 29.84   83
21   78.5  88.3   5:49pm  72.2   6:09am    0   13  0.10   3  27   1:11am WSW 29.80   76
22   73.9  84.9   5:23pm  63.6   6:18am    0    9  0.00   2  14   2:30pm NNE 29.94   63
23   73.7  86.0   4:40pm  61.2   4:02am    0    9  0.00   2  18   4:07pm  NE 29.97   68
24   74.2  87.4   5:16pm  59.8   6:48am    1   10  0.00   2  19  11:45am ENE 30.00   70
25   76.5  89.4   6:14pm  61.9   6:14am    0   12  0.00   1  11   3:42pm  NE 29.98   70
26   79.1  89.1   5:03pm  67.4   6:42am    0   14  0.00   2  14   1:10pm  SW 29.94   75
27   81.3  89.8   6:46pm  74.7   6:21am    0   16  0.00   2  21   3:08pm WSW 29.94   77
28   79.7  91.6   2:20pm  71.5   6:25am    0   15  0.09   2  29   4:47pm WSW 29.95   81
29   77.9  90.8  12:35pm  71.3   6:22am    0   13  0.87   2  40   7:33pm  SW 29.96   86
30
31   83.3  88.8   4:32pm  71.8  11:57pm    0    8  0.00   3  18   5:18pm WNW 29.99   49
---------------------------------------------------------------------------------------
TOT  75.7  92.6  7/18/15  59.8  7/24/15    2  316 11.25   3  56  7/14/15  SW 29.95   80

HEAT BASE: 65.0
COOL BASE: 65.0