иии NEW иии from Personal Weather Station Operators
NOAA WEATHER RADIO. ORG

NOAA-Style Climate Reports

Select a Year or Month report
2017: Jan Feb Mar Apr May Jun Jul Aug Sep Oct Nov Dec
2016: Jan Feb Mar Apr May Jun Jul Aug Sep Oct Nov Dec
2015: Jan Feb Mar Apr May Jun Jul Aug Sep Oct Nov Dec
2014: Jan Feb Mar Apr May Jun Jul Aug Sep Oct Nov Dec
2013: Jan Feb Mar Apr May Jun Jul Aug Sep Oct Nov Dec
2012: Jan Feb Mar Apr May Jun Jul Aug Sep Oct Nov Dec
2011: Jan Feb Mar Apr May Jun Jul Aug Sep Oct Nov Dec
2010: Jan Feb Mar Apr May Jun Jul Aug Sep Oct Nov Dec

Report for 2015 August
                  MONTHLY CLIMATOLOGICAL SUMMARY FOR 8/2015
                                        HEAT  COOL        
     MEAN                               DEG   DEG       WIND SPEED       DOM MEAN  MEAN
DAY  TEMP  HIGH   TIME     LOW   TIME   DAYS  DAYS RAIN AVG  HI  TIME    DIR BAROM HUM
---------------------------------------------------------------------------------------
1    74.9  85.9   4:05pm  62.9   5:57am    0   10  0.00   2  21   3:21pm NNW 29.98   64
2    75.3  89.5   5:42pm  59.8   6:51am    1   10  0.00   2  14   2:28pm  SW 29.97   65
3    75.5  90.2   6:26pm  62.8   4:13am    0   11  0.11   5  40   7:29am WSW 29.91   74
4    76.1  87.6   4:01pm  66.9   6:28am    0   11  0.58   3  34   9:22pm WSW 29.98   78
5    73.5  87.5   3:44pm  65.6   6:15am    0    9  0.01   2  32   4:44pm  NE 30.03   83
6    70.8  77.3   4:18pm  66.4  11:55pm    0    5  1.19   3  21  10:07pm  NE 29.88   92
7    70.8  81.5   4:51pm  64.0   7:08am    0    6  0.00   2  16   1:22am NNE 29.90   85
8    73.9  85.1   6:21pm  63.6   6:53am    0    9  0.00   1  11   1:38pm NNE 29.97   79
9    75.3  85.7   3:44pm  62.9   7:00am    0   10  0.00   1  14   2:41pm ENE 38.94   79
10   77.7  86.1   1:39pm  70.3  11:51pm    0   13  1.31   4  30   2:16pm  SW 29.89   82
11   74.8  83.9   3:37pm  68.1  11:52pm    0   10  0.00   2  19   5:20pm NNW 29.96   81
12   71.0  81.9   5:15pm  62.5   6:02am    0    6  0.00   3  22  12:57pm   N 30.09   73
13   69.5  82.9   5:04pm  56.6   6:40am    2    7  0.00   1  13   2:58pm ENE 30.13   73
14   71.2  85.4   6:22pm  57.8   6:16am    2    8  0.00   1  13  12:11pm  NE 30.17   73
15   72.1  89.5   4:26pm  58.5   7:05am    1    9  0.00   2  32   5:36pm  SW 30.15   75
16   75.2  91.1   3:48pm  62.7   6:51am    0   10  0.00   1  10  12:01pm NNE 30.15   77
17   73.5  80.0  11:48am  68.0   6:32am    0    9  0.00   1  13   1:33pm SSW 30.11   86
18   75.6  87.0   5:37pm  67.0   2:21am    0   11  0.00   1  18   3:35pm  SW 29.95   80
19   77.3  87.2   4:36pm  71.4   1:07am    0   12  0.04   5  27   5:01pm SSW 29.86   82
20   71.1  78.8   5:33pm  60.9  11:58pm    0    6  0.78   5  26  12:43pm WSW 29.97   73
21   67.8  81.3   3:41pm  53.4   7:13am    3    6  0.00   2  19   2:08pm ENE 30.13   71
22   69.8  83.5   5:11pm  54.9   6:30am    2    7  0.00   2  18  11:40am ENE 30.10   70
23   76.3  87.1   4:16pm  65.4   7:00am    0   11  0.01   3  19   4:19pm WSW 29.97   72
24   70.8  78.5   3:48pm  59.9   7:25am    0    6  0.00   4  27   2:19pm WSW 30.01   64
25   64.0  75.8   5:05pm  51.9   7:10am    4    3  0.00   2  19  11:00am WNW 30.04   70
26   64.3  77.4   5:20pm  51.8   6:28am    4    4  0.00   2  18  12:55pm  NE 30.11   75
27   65.8  77.1   3:58pm  55.1   7:11am    3    4  0.00   2  19   1:41pm  NE 30.15   75
28   68.3  85.7   4:37pm  52.8   6:02am    4    7  0.00   1  16  10:56am  NE 30.14   74
29   74.9  88.6   5:28pm  62.0   5:30am    0   10  0.00   3  21  11:25am SSW 30.11   74
30   74.6  86.4   2:35pm  68.1   7:16am    0   10  0.67   3  51   5:54pm  SW 30.10   79
31   75.5  88.7   3:17pm  64.1   7:28am    0   11  0.01   1  13   2:36pm WSW 30.11   75
---------------------------------------------------------------------------------------
TOT  72.5  91.1  8/16/15  51.8  8/26/15   29  260  4.71   2  51  8/30/15 WSW 30.32   76

HEAT BASE: 65.0
COOL BASE: 65.0