advFrankfort Weaher US is currently performing maintainence and upgrading some hardware and weather scripts.
Some Weather Cams will be off line, for exampkle, and there may be sporadic feature and data interruptions.
NOAA ALL HAZARDS WEATHER RADIO Live Streams

NOAA-Style Climate Reports

Select a Year or Month report
2019: Jan Feb Mar Apr May Jun Jul Aug Sep Oct Nov Dec
2018: Jan Feb Mar Apr May Jun Jul Aug Sep Oct Nov Dec
2017: Jan Feb Mar Apr May Jun Jul Aug Sep Oct Nov Dec
2016: Jan Feb Mar Apr May Jun Jul Aug Sep Oct Nov Dec
2015: Jan Feb Mar Apr May Jun Jul Aug Sep Oct Nov Dec
2014: Jan Feb Mar Apr May Jun Jul Aug Sep Oct Nov Dec
2013: Jan Feb Mar Apr May Jun Jul Aug Sep Oct Nov Dec
2012: Jan Feb Mar Apr May Jun Jul Aug Sep Oct Nov Dec
2011: Jan Feb Mar Apr May Jun Jul Aug Sep Oct Nov Dec
2010: Jan Feb Mar Apr May Jun Jul Aug Sep Oct Nov Dec

Report for 2015 September
                  MONTHLY CLIMATOLOGICAL SUMMARY FOR 9/2015
                                        HEAT  COOL        
     MEAN                               DEG   DEG       WIND SPEED       DOM MEAN  MEAN
DAY  TEMP  HIGH   TIME     LOW   TIME   DAYS  DAYS RAIN AVG  HI  TIME    DIR BAROM HUM
---------------------------------------------------------------------------------------
1    76.1  89.9   4:11pm  63.2   6:58am    0   11  0.00   1  11   1:07pm   S 30.13   74
2    77.4  91.1   4:03pm  65.1   6:56am    0   12  0.00   0  11  12:33pm NNE 30.09   75
3    78.3  91.9   4:28pm  66.0   7:22am    0   13  0.00   0  13   5:06pm   N 30.01   74
4    79.2  93.9   4:06pm  65.9   7:05am    0   14  0.00   1  32   9:49pm NNE 30.04   70
5    77.8  92.8   3:11pm  65.2   7:10am    0   13  0.10   1  24   8:47pm  NE 30.11   70
6    77.3  93.0   4:09pm  64.8   6:54am    0   12  0.00   1  19   6:33pm  SW 30.11   73
7    78.3  93.0   4:51pm  65.4   7:06am    0   13  0.00   1  14   1:35pm WSW 30.08   72
8    78.5  91.6   4:53pm  67.0   7:06am    0   13  0.00   3  22   5:03pm  SW 30.00   70
9    74.5  82.3  12:29pm  70.0   5:34am    0    9  0.49   2  19   1:06pm NNE 29.94   83
10   73.1  83.9   4:52pm  64.6  11:58pm    0    8  0.01   2  19   2:44pm NNE 29.89   80
11   68.5  83.4   1:16pm  58.6   6:57am    2    5  0.16   2  22   5:20pm WSW 29.88   79
12   60.8  67.2  12:52pm  55.1   9:16pm    4    0  0.07   4  32   3:51pm NNW 29.92   82
13   57.9  70.8   5:20pm  48.1   7:44am    8    1  0.11   2  24   2:40pm WSW 30.05   74
14   60.6  78.7   5:49pm  43.8   6:54am    8    4  0.00   1  18   5:01pm SSW 30.22   69
15   65.0  84.4   5:22pm  47.6   7:32am    6    6  0.00   1  16   3:02pm SSW 30.31   68
16   67.5  85.5   5:42pm  50.7   7:33am    4    7  0.00   1  18   2:29pm  SW 30.29   67
17   67.9  85.4   6:44pm  51.2   7:33am    4    7  0.00   1  18  12:19pm  SW 30.14   67
18   69.9  86.3   5:27pm  54.5   7:07am    3    8  0.00   2  22   1:27pm  SW 29.99   72
19   69.9  83.0  12:50pm  60.6  11:55pm    0    5  0.09   4  29  12:27pm WSW 29.94   80
20   62.9  74.8   4:17pm  53.9   7:01am    4    2  0.01   4  24  12:53pm  NE 30.09   71
21   61.8  77.3   5:03pm  48.4   7:13am    7    3  0.00   2  18   1:13pm NNE 30.09   70
22   63.8  81.5   5:03pm  46.9   7:48am    6    5  0.00   2  21   1:44pm  NE 30.16   71
23   66.0  83.0   4:11pm  49.9   7:21am    5    6  0.00   2  22   1:05pm  NE 30.19   71
24   69.3  85.3   4:36pm  53.0   7:29am    3    8  0.00   3  19   2:21pm  NE 30.17   65
25   64.0  75.0   2:47pm  58.7   2:18am    3    2  0.39   4  27   2:59pm ENE 30.14   73
26   65.8  72.1   2:21pm  60.7   1:04am    1    2  0.02   7  27  12:24am ENE 30.16   83
27   69.8  80.8   2:50pm  61.0   7:52am    1    6  0.00   2  14  12:58am ENE 30.13   76
28   71.5  85.1   3:17pm  60.5   6:46am    1    7  0.00   1  11   1:51pm ENE 30.03   79
29   69.5  72.3   1:55pm  67.5  11:46pm    0    5  1.58   2  21   6:21pm NNE 29.90   94
30   62.7  67.5  12:00am  60.4  11:58pm    3    0  0.04   6  29   4:25am NNE 29.97   88
---------------------------------------------------------------------------------------
TOT  69.5  93.9   9/4/15  43.8  9/14/15   73  209  3.07   2  32   9/4/15  NE 30.07   75

HEAT BASE: 65.0
COOL BASE: 65.0