иии NEW иии from Personal Weather Station Operators
NOAA WEATHER RADIO. ORG

NOAA-Style Climate Reports

Select a Year or Month report
2017: Jan Feb Mar Apr May Jun Jul Aug Sep Oct Nov Dec
2016: Jan Feb Mar Apr May Jun Jul Aug Sep Oct Nov Dec
2015: Jan Feb Mar Apr May Jun Jul Aug Sep Oct Nov Dec
2014: Jan Feb Mar Apr May Jun Jul Aug Sep Oct Nov Dec
2013: Jan Feb Mar Apr May Jun Jul Aug Sep Oct Nov Dec
2012: Jan Feb Mar Apr May Jun Jul Aug Sep Oct Nov Dec
2011: Jan Feb Mar Apr May Jun Jul Aug Sep Oct Nov Dec
2010: Jan Feb Mar Apr May Jun Jul Aug Sep Oct Nov Dec

Report for 2015 November
                  MONTHLY CLIMATOLOGICAL SUMMARY FOR 11/2015
                                        HEAT  COOL        
     MEAN                               DEG   DEG       WIND SPEED       DOM MEAN  MEAN
DAY  TEMP  HIGH   TIME     LOW   TIME   DAYS  DAYS RAIN AVG  HI  TIME    DIR BAROM HUM
---------------------------------------------------------------------------------------
1    57.2  64.0   3:14pm  49.9  11:59pm    8    0  0.23   2  13  11:08am  SW 30.00   88
2    54.4  68.8   4:08pm  44.3   4:05am   11    0  0.01   2  24  11:22am ENE 30.04   79
3    58.5  77.2   3:22pm  42.4   7:20am    9    3  0.00   1  14   1:06pm ENE 30.12   81
4    63.5  78.7   2:12pm  52.8   5:59am    5    3  0.00   0   8  12:35pm  SW 30.18   85
5    66.0  77.2   3:39pm  58.5  12:23am    2    3  0.00   2  21   2:52pm SSW 30.13   83
6    64.9  70.6   3:25pm  55.3  11:56pm    2    2  0.72   5  38   4:57am  SW 30.05   81
7    50.5  58.3   2:03pm  38.6  11:58pm   15    0  0.00   2  21   1:56am NNW 30.29   66
8    44.4  56.2   3:52pm  35.3   5:26am   21    0  0.00   2  22  11:26am ENE 30.37   67
9    44.5  53.3   3:17pm  33.6   4:50am   20    0  0.01   1  11   2:35pm WNW 33.72   74
10   46.4  56.7   3:53pm  35.5  11:53pm   12    0  0.00   2  18  10:56am WSW 30.10   84
11   47.1  59.6   1:22pm  31.4   5:19am   12    0  0.08   1  21  10:33pm   S 30.00   77
12   55.2  60.9   6:47am  46.8  11:52pm    7    0  0.12  11  50   7:51am  SW 29.85   71
13   46.5  55.5   2:47pm  39.6  11:57pm   13    0  0.00   7  35   1:13pm WSW 30.19   47
14   41.6  59.6   3:06pm  25.6   6:49am   23    0  0.00   1  13   1:10pm WSW 30.41   55
15   45.1  68.2   3:38pm  28.8   6:19am   20    0  0.00   1  13  11:54am  SW 30.41   65
16   45.5  58.6  12:18pm  31.3   6:25am   19    0  0.00   0  11  12:31pm SSW 30.29   77
17   55.2  63.8   2:27pm  48.4   2:05am   10    0  0.05   1  18   1:35pm ENE 30.11   66
18   60.7  65.5  11:24am  53.1  12:11am    4    0  1.41   4  30   4:06pm SSW 29.88   77
19   52.1  59.4   2:33pm  42.1  11:58pm   13    0  0.00   5  29   2:26pm  SW 30.10   67
20   39.8  54.6   4:32pm  26.1   6:38am   25    0  0.00   0  18   2:26pm ENE 30.33   59
21   41.7  61.9  12:42pm  34.5  11:58pm   23    0  0.08   7  50   2:25pm WSW 30.02   64
22   31.0  37.8   4:11pm  21.3  11:31pm   34    0  0.00   2  21   3:03am   W 30.23   74
23   32.2  48.8   4:05pm  18.6   3:24am   33    0  0.00   4  32   1:30pm  SW 30.24   69
24   39.9  60.3   2:22pm  24.8   4:20am   25    0  0.00   0  13   1:55pm  SW 30.36   73
25   45.8  60.8   3:08pm  32.0   6:50am   19    0  0.00   2  24   1:03pm   S 30.44   63
26   55.9  69.4   2:47pm  45.9   7:28am   10    0  0.00   1  19  11:34am   S 30.52   58
27   57.6  66.7   1:39pm  50.8   7:49am    8    0  0.03   3  34  12:58pm SSW 30.38   73
28   55.8  60.3  12:07pm  46.2  11:52pm    9    0  0.70   3  21  12:29pm SSW 30.23   89
29   44.3  46.2  12:00am  42.9   7:18am   21    0  0.08   5  21  10:04pm  NE 30.22   92
30   45.3  49.9  11:55pm  41.2   6:38am   20    0  0.57   4  19  12:11am  NE 30.07   93
---------------------------------------------------------------------------------------
TOT  49.7  78.7  11/4/15  18.6 11/23/15  452   12  4.09   3  48 11/21/15  SW 30.32   73

HEAT BASE: 65.0
COOL BASE: 65.0