advFrankfort Weaher US is currently performing maintainence and upgrading some hardware and weather scripts.
Some Weather Cams will be off line, for exampkle, and there may be sporadic feature and data interruptions.
NOAA ALL HAZARDS WEATHER RADIO Live Streams

NOAA-Style Climate Reports

Select a Year or Month report
2019: Jan Feb Mar Apr May Jun Jul Aug Sep Oct Nov Dec
2018: Jan Feb Mar Apr May Jun Jul Aug Sep Oct Nov Dec
2017: Jan Feb Mar Apr May Jun Jul Aug Sep Oct Nov Dec
2016: Jan Feb Mar Apr May Jun Jul Aug Sep Oct Nov Dec
2015: Jan Feb Mar Apr May Jun Jul Aug Sep Oct Nov Dec
2014: Jan Feb Mar Apr May Jun Jul Aug Sep Oct Nov Dec
2013: Jan Feb Mar Apr May Jun Jul Aug Sep Oct Nov Dec
2012: Jan Feb Mar Apr May Jun Jul Aug Sep Oct Nov Dec
2011: Jan Feb Mar Apr May Jun Jul Aug Sep Oct Nov Dec
2010: Jan Feb Mar Apr May Jun Jul Aug Sep Oct Nov Dec

Report for 2015 December
                  MONTHLY CLIMATOLOGICAL SUMMARY FOR 12/2015
                                        HEAT  COOL        
     MEAN                               DEG   DEG       WIND SPEED       DOM MEAN  MEAN
DAY  TEMP  HIGH   TIME     LOW   TIME   DAYS  DAYS RAIN AVG  HI  TIME    DIR BAROM HUM
---------------------------------------------------------------------------------------
1    52.7  60.2   7:24am  44.0  11:38pm   12    0  0.98   3  26   8:08am WSW 29.94   93
2    42.3  48.9  12:34pm  35.1  11:54pm   23    0  0.00   6  34   4:05pm WSW 29.92   84
3    35.5  45.4   3:06pm  28.0  11:06pm   30    0  0.00   3  19  12:41am WSW 30.33   79
4    34.5  52.3   3:45pm  23.6   8:05am   30    0  0.01   0  10  12:58pm  NE 30.59   83
5    34.3  51.2   3:23pm  24.5   8:36am   31    0  0.00   1  13  12:52pm ENE 30.64   86
6    38.7  58.4   3:11pm  24.8   8:09am   26    0  0.01   1  19   3:42pm  SW 30.42   78
7    44.8  50.1   1:44pm  38.2  12:00am   20    0  0.04   1  10   4:28pm NNW 30.23   87
8    44.1  58.6   3:24pm  31.5   6:59am   20    0  0.02   2  21   1:14pm  SW 30.09   76
9    48.2  56.3   4:17pm  41.9   3:38am   17    0  0.00   4  26  12:47pm  SW 29.92   77
10   50.4  58.1   1:52pm  44.0   4:47am   15    0  0.00   3  21  11:45pm SSW 29.91   87
11   60.6  66.3   2:31pm  54.6  12:00am    5    0  0.00   4  22  12:38pm SSW 29.93   84
12   65.2  70.5   3:22pm  60.3  11:57pm    1    1  0.00   5  29  12:55pm SSW 30.11   80
13   61.1  65.9   2:50pm  55.8   5:02am    4    0  0.00   2  18  10:50am   S 30.00   79
14   58.4  68.9   5:44am  50.9  11:54pm    7    0  0.40  12  48   4:12pm  SW 29.63   71
15   48.2  56.8   3:57pm  38.9  11:10pm   17    0  0.00   4  35   2:23am WSW 29.93   75
16   51.1  66.4   2:00pm  35.9   8:03am   14    0  0.12   2  27   1:51pm  SW 29.88   75
17   42.1  55.0  12:00am  31.0   9:20pm   23    0  0.10   3  27   3:47am WNW 29.91   75
18   32.3  37.4   3:04pm  27.1  10:49pm   33    0  0.00   5  38   3:51pm WSW 30.13   63
19   31.9  40.6   3:50pm  22.9  11:59pm   33    0  0.00   5  26  10:02am  SW 30.43   62
20   36.9  51.0   3:10pm  22.8  12:01am   28    0  0.00   1  18  10:40pm SSW 30.40   65
21   52.2  58.1  11:52pm  46.2  12:00am   13    0  0.36   6  35   4:54am SSW 30.06   73
22   58.9  63.5   3:34pm  54.7   9:51pm    6    0  0.18   3  21   3:24am  SW 29.89   86
23   62.6  67.4   4:26pm  58.3   8:48pm    3    0  1.02   6  50   8:40pm   S 29.70   87
24   57.3  69.3   3:52pm  47.0   8:39am    8    0  0.00   1  16   7:10am WSW 29.98   81
25   52.5  57.6  12:08am  48.0  11:29pm   12    0  0.63   3  21   7:50am NNE 30.17   91
26   56.1  65.6   9:28pm  48.0  12:00am    9    0  0.62   3  18   6:33pm  NE 30.17   94
27   58.1  69.5  11:32am  41.6  10:28pm    8    1  1.32   7  32   7:39am SSW 30.05   90
28   48.2  65.8  10:28pm  41.5  12:46am   17    0  0.62  10  34  11:24am ENE 29.88   90
29   46.9  57.6  12:00am  41.9  11:05pm   18    0  0.00   7  30   6:56am WSW 30.03   79
30   42.0  44.9  12:18pm  38.4  11:43pm   23    0  0.00   2  21   8:29pm WNW 30.22   87
31   34.1  38.4  12:00am  31.1  11:51pm   31    0  0.00   4  16   6:27am   W 30.33   82
---------------------------------------------------------------------------------------
TOT  47.8  70.5 12/12/15  22.8 12/20/15  535    3  6.43   4  50 12/23/15  SW 30.09   81

HEAT BASE: 65.0
COOL BASE: 65.0