advFrankfort Weaher US is currently performing maintainence and upgrading some hardware and weather scripts.
Some Weather Cams will be off line, for exampkle, and there may be sporadic feature and data interruptions.
NOAA ALL HAZARDS WEATHER RADIO Live Streams

NOAA-Style Climate Reports

Select a Year or Month report
2019: Jan Feb Mar Apr May Jun Jul Aug Sep Oct Nov Dec
2018: Jan Feb Mar Apr May Jun Jul Aug Sep Oct Nov Dec
2017: Jan Feb Mar Apr May Jun Jul Aug Sep Oct Nov Dec
2016: Jan Feb Mar Apr May Jun Jul Aug Sep Oct Nov Dec
2015: Jan Feb Mar Apr May Jun Jul Aug Sep Oct Nov Dec
2014: Jan Feb Mar Apr May Jun Jul Aug Sep Oct Nov Dec
2013: Jan Feb Mar Apr May Jun Jul Aug Sep Oct Nov Dec
2012: Jan Feb Mar Apr May Jun Jul Aug Sep Oct Nov Dec
2011: Jan Feb Mar Apr May Jun Jul Aug Sep Oct Nov Dec
2010: Jan Feb Mar Apr May Jun Jul Aug Sep Oct Nov Dec

Report for 2016 January
                  MONTHLY CLIMATOLOGICAL SUMMARY FOR 1/2016
                                        HEAT  COOL        
     MEAN                               DEG   DEG       WIND SPEED       DOM MEAN  MEAN
DAY  TEMP  HIGH   TIME     LOW   TIME   DAYS  DAYS RAIN AVG  HI  TIME    DIR BAROM HUM
---------------------------------------------------------------------------------------
1    33.4  41.2   3:36pm  29.1   8:07am   32    0  0.00   6  26  12:28pm WSW 30.33   71
2    34.0  44.9   4:30pm  25.9   7:57am   31    0  0.00   5  27   1:19pm  SW 30.23   69
3    34.4  43.7   2:50pm  29.7   8:13am   31    0  0.00   4  26  10:07pm  SW 30.11   73
4    31.7  36.2   2:32pm  25.4  11:14pm   33    0  0.00   5  21   6:09am NNW 30.37   68
5    25.5  35.6   3:44pm  18.2   7:34am   40    0  0.00   3  18   2:15am  NE 30.56   70
6    29.3  46.4   3:04pm  16.9   6:07am   36    0  0.00   1  14  10:44am  SW 30.41   67
7    36.4  56.0   3:54pm  20.3   7:46am   29    0  0.00   1  19   1:53pm ENE 30.18   74
8    48.2  54.2   3:08pm  41.6   3:27am   17    0  0.31   3  21   2:38pm SSW 29.95   88
9    49.3  55.8   1:25pm  43.3   6:36am   16    0  0.22   2  19  10:41am ENE 29.83   88
10   26.2  49.2  12:11am  12.3  11:55pm   39    0  0.02  11  40   3:33am WSW 29.91   85
11   20.5  32.9  11:49pm  10.0   7:40am   45    0  0.00   5  27  11:47pm  SW 30.16   72
12   28.9  35.4   5:13am  14.8  11:59pm   36    0  0.02  11  56  12:38pm  SW 30.03   63
13   20.5  31.6   5:07pm   7.4   8:03am   45    0  0.00   3  22   4:52pm  SW 30.19   64
14   42.7  58.5   3:24pm  26.7   1:39am   22    0  0.00   6  35   3:25pm  SW 29.95   61
15   44.5  51.1   1:25pm  38.9   6:18am   20    0  0.11   4  30  11:42pm  SW 29.66   69
16   32.2  40.9  12:00am  30.9  11:52pm   33    0  0.00   5  38  12:47am WSW 29.88   87
17   26.5  34.5   1:05pm  10.5  11:58pm   38    0  0.00   6  32   5:46pm WNW 30.04   72
18   11.3  18.6   3:56pm   5.5   7:42am   54    0  0.00   6  24  12:55pm WSW 31.02   62
19   15.0  25.4   4:28pm   9.4   7:11am   50    0  0.00   2  18   2:42am WNW 30.49   63
20   21.2  25.4   3:25pm  17.2  12:00am   44    0  0.00   2  18   3:36am ENE 30.30   82
21   21.8  25.4   3:05pm  18.8   7:09am   43    0  0.00   5  21  10:24am ENE 30.34   81
22   24.6  26.2   2:42pm  23.1  12:47am   40    0  0.00  11  38   7:58pm NNE 30.02   81
23   24.3  31.2   4:58pm  13.0  11:59pm   41    0  0.00   5  30  12:12pm NNW 30.10   76
24   19.9  37.8   4:45pm   2.7   7:14am   45    0  0.00   2  18   3:45pm  SW 30.21   78
25   37.7  50.3   3:18pm  21.7   7:40am   27    0  0.02   3  22   3:08pm   S 30.05   69
26   39.7  51.0   3:46am  31.0  11:28pm   25    0  0.02   7  29   2:37am WSW 30.08   78
27   30.0  37.6   2:44pm  20.3  10:53pm   35    0  0.00   2  27  12:52am WNW 30.25   72
28   35.0  48.1   4:47pm  18.7   1:18am   30    0  0.00   7  32   1:29pm  SW 29.88   72
29   36.6  43.4   5:02pm  28.2  10:32pm   28    0  0.00   5  26   1:21pm WSW 29.93   67
30   48.6  65.8   4:19pm  29.7   1:18am   16    0  0.00   7  38   2:01pm SSW 29.87   57
31   60.7  66.5   3:59pm  54.8   5:37am    5    0  0.01  13  48  11:25am  SW 29.75   62
---------------------------------------------------------------------------------------
TOT  31.9  66.5  1/31/16   2.7  1/24/16 1025    0  0.73   5  56  1/12/16  SW 30.13   72

HEAT BASE: 65.0
COOL BASE: 65.0