advFrankfort Weaher US is currently performing maintainence and upgrading some hardware and weather scripts.
Some Weather Cams will be off line, for exampkle, and there may be sporadic feature and data interruptions.
NOAA ALL HAZARDS WEATHER RADIO Live Streams

NOAA-Style Climate Reports

Select a Year or Month report
2019: Jan Feb Mar Apr May Jun Jul Aug Sep Oct Nov Dec
2018: Jan Feb Mar Apr May Jun Jul Aug Sep Oct Nov Dec
2017: Jan Feb Mar Apr May Jun Jul Aug Sep Oct Nov Dec
2016: Jan Feb Mar Apr May Jun Jul Aug Sep Oct Nov Dec
2015: Jan Feb Mar Apr May Jun Jul Aug Sep Oct Nov Dec
2014: Jan Feb Mar Apr May Jun Jul Aug Sep Oct Nov Dec
2013: Jan Feb Mar Apr May Jun Jul Aug Sep Oct Nov Dec
2012: Jan Feb Mar Apr May Jun Jul Aug Sep Oct Nov Dec
2011: Jan Feb Mar Apr May Jun Jul Aug Sep Oct Nov Dec
2010: Jan Feb Mar Apr May Jun Jul Aug Sep Oct Nov Dec

Report for 2016 February
                  MONTHLY CLIMATOLOGICAL SUMMARY FOR 2/2016
                                        HEAT  COOL        
     MEAN                               DEG   DEG       WIND SPEED       DOM MEAN  MEAN
DAY  TEMP  HIGH   TIME     LOW   TIME   DAYS  DAYS RAIN AVG  HI  TIME    DIR BAROM HUM
---------------------------------------------------------------------------------------
1    48.0  60.3  12:04am  38.3  10:58pm   17    0  0.25   3  26  12:03am   N 29.93   76
2    52.2  70.7   3:51pm  34.4   4:02am   14    1  0.35   5  30  11:56pm ENE 29.88   81
3    53.5  63.6  12:28am  38.0  11:58pm   12    0  0.98  11  51  12:59am  SW 29.77   69
4    33.2  38.1  12:00am  27.2  11:12pm   32    0  0.00   4  27   1:13am   W 30.23   66
5    31.6  45.0   3:27pm  18.1   7:16am   33    0  0.00   2  19   1:52pm SSW 30.41   63
6    36.2  52.8   1:49pm  23.8   8:01am   29    0  0.04   2  21   3:36pm WSW 30.32   62
7    39.2  53.8   2:44pm  23.4   7:19am   26    0  0.00   5  34   2:05pm SSW 30.05   60
8    35.2  44.6  12:00am  23.9  11:57pm   30    0  0.13   7  35   2:52pm WSW 29.72   82
9    21.7  24.7   1:22pm  18.3  11:53pm   43    0  0.00   8  26  12:41pm WSW 29.86   80
10   17.8  21.1   5:12pm  15.3   7:10am   47    0  0.00   7  34  10:53am WSW 40.37   72
11   22.3  31.1   4:10pm  11.6   7:55am   43    0  0.00   1  16  11:44am   N 30.31   63
12   26.6  31.7   1:48pm  22.1  12:27am   38    0  0.00   5  38   9:03pm WSW 30.23   67
13   18.5  24.3   4:39pm  13.6   7:57am   46    0  0.00   5  29   2:30am WNW 30.50   55
14   18.7  24.0  11:54pm  15.1  12:00am   46    0  0.00   4  22   1:10pm ENE 30.35   76
15   34.0  39.4   2:12pm  24.0  12:00am   31    0  0.51   1  10   4:46am   S 29.96   92
16   33.9  36.6  12:55pm  27.6  11:58pm   31    0  0.15   1  16   5:30am WSW 29.85   94
17   32.5  35.2   2:14pm  27.2  12:07am   33    0  0.00   2  13   9:56am WSW 30.23   95
18   34.1  46.6   5:11pm  22.8   7:32am   31    0  0.01   2  21   3:56pm ENE 30.43   83
19   54.2  65.9   1:54pm  37.9  12:00am   11    0  0.00  12  58   2:19pm  SW 30.08   54
20   60.5  72.0   3:15pm  47.7   7:37am    6    1  0.00   7  32   2:20pm  SW 30.01   70
21   54.5  60.2   2:39am  42.6  11:44pm   10    0  0.61   3  24   2:33am NNW 29.94   91
22   42.2  50.9   3:57pm  34.2   7:37am   23    0  0.00   3  18   3:27pm  NE 30.07   79
23   46.8  59.0   2:46pm  34.4   7:43am   18    0  0.16   6  24   9:46pm  NE 29.89   74
24   47.8  60.3  12:06pm  34.1   9:25pm   17    0  0.88  13  51   1:02pm  SW 29.34   86
25   35.6  38.8   2:10pm  33.4   4:02am   29    0  0.01  11  38   4:23am WSW 29.91   81
26   36.1  42.7   4:56pm  32.5   7:46am   29    0  0.00   5  21  12:13pm WSW 30.25   62
27   41.4  54.4   5:09pm  28.3   7:30am   24    0  0.00   5  26  12:40pm  SW 30.18   63
28   55.0  66.7   3:01pm  40.4   2:58am   10    0  0.00  12  48  11:56pm  SW 29.92   47
29   48.4  61.0  12:00am  39.1  11:50pm   16    0  0.16   8  51  12:57am WSW 29.99   63
---------------------------------------------------------------------------------------
TOT  38.3  72.0  2/20/16  11.6  2/11/16  775    2  4.24   6  58  2/19/16  SW 30.41   73

HEAT BASE: 65.0
COOL BASE: 65.0