иии NEW иии from Personal Weather Station Operators
NOAA WEATHER RADIO. ORG

NOAA-Style Climate Reports

Select a Year or Month report
2017: Jan Feb Mar Apr May Jun Jul Aug Sep Oct Nov Dec
2016: Jan Feb Mar Apr May Jun Jul Aug Sep Oct Nov Dec
2015: Jan Feb Mar Apr May Jun Jul Aug Sep Oct Nov Dec
2014: Jan Feb Mar Apr May Jun Jul Aug Sep Oct Nov Dec
2013: Jan Feb Mar Apr May Jun Jul Aug Sep Oct Nov Dec
2012: Jan Feb Mar Apr May Jun Jul Aug Sep Oct Nov Dec
2011: Jan Feb Mar Apr May Jun Jul Aug Sep Oct Nov Dec
2010: Jan Feb Mar Apr May Jun Jul Aug Sep Oct Nov Dec

Report for 2016 May
                  MONTHLY CLIMATOLOGICAL SUMMARY FOR 5/2016
                                        HEAT  COOL        
     MEAN                               DEG   DEG       WIND SPEED       DOM MEAN  MEAN
DAY  TEMP  HIGH   TIME     LOW   TIME   DAYS  DAYS RAIN AVG  HI  TIME    DIR BAROM HUM
---------------------------------------------------------------------------------------
1    67.4  81.1   3:11pm  62.0   5:47am    1    3  0.04   2  29   4:46pm  SW 29.89   85
2    64.0  70.6  12:07pm  58.1  11:59pm    2    1  0.00   4  19   2:49pm WSW 29.92   78
3    57.3  62.9   3:04pm  53.6   6:27am    8    0  0.00   4  27  12:15pm WSW 29.89   77
4    53.4  59.7  10:03am  47.8   5:20am   12    0  0.17   4  26   4:20pm WSW 29.74   76
5    48.3  56.6   2:58pm  42.2   6:59am   17    0  0.06   4  24   3:28pm WSW 29.83   79
6    58.6  71.7   5:12pm  46.8   7:10am    8    1  0.00   3  26   2:58pm WNW 29.93   65
7    63.9  81.1   2:37pm  47.4   1:44am    5    4  0.29   5  34   2:39pm WSW 29.81   70
8    58.8  71.0   5:54pm  51.8  10:34am    7    1  0.05   1  21   1:56am  NE 29.94   75
9    63.3  73.7   2:42pm  55.1   6:24am    4    2  0.00   1  16   8:15pm ENE 29.98   83
10   65.5  77.5   3:26pm  60.4  11:55pm    2    2  1.08   4  46   8:32pm SSW 29.98   83
11   70.0  86.0   6:03pm  55.7   6:23am    2    7  0.12   3  51  10:12pm  SW 30.03   79
12   68.2  79.7   3:38pm  61.9   4:40am    1    4  0.31   4  26  11:25pm  SW 29.99   81
13   62.4  71.8   6:35pm  54.1   6:51am    4    1  0.00   5  24   3:11pm WSW 30.01   68
14   52.0  58.7   7:10am  47.0  11:42pm   13    0  0.06   6  35   9:39am WSW 29.97   71
15   52.2  63.0   5:00pm  42.5   6:49am   13    0  0.00   6  32  10:33am WSW 30.13   57
16   50.3  61.9   3:39pm  35.9   6:35am   15    0  0.04   2  22  11:36am ENE 30.24   63
17   50.0  53.0   3:06pm  47.6   4:43am   15    0  0.65   4  26   7:07pm  NE 30.16   90
18   56.3  66.2   4:27pm  49.6   3:02am    8    0  0.11   5  22  10:24am  NE 30.11   81
19   58.9  71.2   4:26pm  43.9   6:27am    7    1  0.00   2  22   3:19pm  NE 30.13   69
20   57.6  65.2  12:26pm  49.7   4:02am    7    0  0.99   2  27   6:19pm ENE 30.04   83
21   59.6  63.8   6:15pm  53.0  11:45pm    5    0  0.19   2  18   1:11pm WSW 29.98   92
22   62.8  78.4   3:40pm  45.0   6:29am    7    4  0.01   3  27   5:24pm   N 29.99   67
23   63.3  78.1   4:46pm  45.4   6:51am    6    4  0.00   2  16  12:04pm ENE 30.01   66
24   67.8  83.2   3:50pm  49.4   6:47am    4    7  0.00   2  16   4:57pm  SW 30.07   62
25   70.9  83.1   3:36pm  58.8   4:35am    1    7  0.00   4  27   4:31pm  SW 30.08   69
26   69.7  82.3   2:50pm  63.7  11:59pm    0    5  0.33   4  35   3:29pm SSW 30.03   83
27   74.6  86.7   3:51pm  62.1   3:04am    1   10  0.00   3  22   1:39pm  SW 29.99   75
28   75.1  85.6   3:56pm  65.4   6:40am    0   10  0.03   3  22   3:53pm  SW 30.04   71
29   76.0  88.0   4:37pm  65.8   4:17am    0   11  0.00   2  19   2:05pm  SW 30.04   72
30   75.8  87.7   5:09pm  62.9   7:00am    0   11  0.00   2  16   3:44pm NNE 29.98   67
31   74.5  88.3   4:42pm  60.3   6:18am    1   10  0.00   1  16   1:19pm ENE 29.95   67
---------------------------------------------------------------------------------------
TOT  62.9  88.3  5/31/16  35.9  5/16/16  175  108  4.53   3  51  5/11/16 WSW 30.00   74

HEAT BASE: 65.0
COOL BASE: 65.0