] Frankfort Weather — Twin Hollies Weather Center - NOAA-Style Climate Reports
FLASH FLOOD WATCH UNTIL 2:00PM TUESDAY
Frankfort Weaher US is currently performing maintainence and upgrading some hardware and weather scripts.
Some Weather Cams will be off line, for exampkle, and there may be sporadic feature and data interruptions. Currently issues with obtaining and updating Warning / Advisory Data consistently.
NOAA ALL HAZARDS WEATHER RADIO Live Streams

NOAA-Style Climate Reports

Select a Year or Month report
2019: Jan Feb Mar Apr May Jun Jul Aug Sep Oct Nov Dec
2018: Jan Feb Mar Apr May Jun Jul Aug Sep Oct Nov Dec
2017: Jan Feb Mar Apr May Jun Jul Aug Sep Oct Nov Dec
2016: Jan Feb Mar Apr May Jun Jul Aug Sep Oct Nov Dec
2015: Jan Feb Mar Apr May Jun Jul Aug Sep Oct Nov Dec
2014: Jan Feb Mar Apr May Jun Jul Aug Sep Oct Nov Dec
2013: Jan Feb Mar Apr May Jun Jul Aug Sep Oct Nov Dec
2012: Jan Feb Mar Apr May Jun Jul Aug Sep Oct Nov Dec
2011: Jan Feb Mar Apr May Jun Jul Aug Sep Oct Nov Dec
2010: Jan Feb Mar Apr May Jun Jul Aug Sep Oct Nov Dec

Report for 2016 June
                  MONTHLY CLIMATOLOGICAL SUMMARY FOR 6/2016
                                        HEAT  COOL        
     MEAN                               DEG   DEG       WIND SPEED       DOM MEAN  MEAN
DAY  TEMP  HIGH   TIME     LOW   TIME   DAYS  DAYS RAIN AVG  HI  TIME    DIR BAROM HUM
---------------------------------------------------------------------------------------
1    75.7  89.3   3:04pm  60.8   4:32am    1   11  1.20   3  34  10:17pm  SW 29.93   70
2    71.4  83.0   4:41pm  66.0  11:58pm    0    6  0.39   2  34   5:38pm  SW 30.00   86
3    72.5  85.2   3:28pm  62.3   4:36am    1    8  0.01   1  11   2:05pm NNE 30.02   80
4    73.2  83.6   1:16pm  67.4  11:23pm    0    8  0.14   3  35   6:54pm  SW 29.88   84
5    73.4  82.5   5:22pm  66.6  11:57pm    0    8  0.00   6  35   2:01pm WSW 29.75   74
6    72.8  84.0   4:38pm  57.9   6:26am    1    9  0.00   5  32   5:27pm  SW 29.77   66
7    70.8  77.9   4:16pm  61.9   5:13am    0    6  0.01   4  30   3:02pm WSW 29.74   60
8    64.6  76.8   6:16pm  51.9   5:04am    4    4  0.00   2  19   5:18pm NNE 29.96   60
9    68.0  83.9   7:16pm  50.0   6:03am    4    7  0.00   1  16   2:37pm ENE 30.04   62
10   74.1  89.1   5:25pm  57.5   5:57am    2   11  0.00   2  16   1:18pm SSW 30.06   64
11   78.8  91.9   4:46pm  61.9   6:13am    0   14  0.00   4  27   1:41pm WSW 30.03   62
12   79.6  94.0   3:46pm  66.7   5:24am    0   15  0.00   3  24   5:33pm WSW 30.00   68
13   76.0  89.2   5:27pm  62.5   6:39am    0   11  0.00   2  16  10:58am ENE 29.96   54
14   75.0  91.7   2:53pm  61.5   6:18am    1   11  0.28   2  42   6:24pm ENE 29.91   67
15   75.4  87.6   3:57pm  66.6  11:34pm    0   10  0.47   4  43   8:22pm WSW 29.89   83
16   78.3  93.8   3:33pm  64.0   5:06am    0   13  0.01   6  32   4:22pm WSW 29.82   71
17   72.3  80.7   6:53pm  64.6   6:12am    0    7  0.00   3  19   9:28am NNE 29.94   77
18   74.9  86.9   5:46pm  63.8   5:18am    0   10  0.00   4  26   3:37pm ENE 30.15   68
19   76.2  87.5   5:22pm  63.4   6:12am    0   11  0.00   3  24  11:16am  SW 30.28   67
20   79.2  89.6   4:54pm  68.7   3:58am    0   14  0.00   5  27   3:53pm WSW 30.20   68
21   81.3  89.0   4:21pm  71.7  11:59pm    0   16  0.15   7  32   1:22pm WSW 30.00   65
22   75.2  85.4   8:05pm  67.0   3:25am    0   10  0.49   2  22  10:22am  SW 29.99   83
23   80.8  91.6   3:02pm  71.2   9:09pm    0   16  0.43   7  37   1:49pm  SW 29.90   78
24   77.3  87.9   4:20pm  69.6   3:36am    0   12  0.01   3  18   2:32pm WSW 30.00   78
25   78.8  92.3   7:12pm  64.6   6:22am    0   14  0.00   1  11   1:20pm ENE 30.11   71
26   80.8  94.2   4:21pm  67.8   6:23am    0   16  0.00   2  18  12:17pm  SW 30.09   73
27   80.1  87.0   1:49pm  72.7   6:17am    0   15  0.00   2  22   1:28pm   N 30.04   73
28   77.8  88.8   4:53pm  68.1   4:46am    0   13  0.00   3  22   9:25pm NNE 30.03   66
29   68.7  80.0   4:33pm  57.0   6:46am    1    5  0.00   3  19   4:33pm NNE 30.08   67
30   70.6  84.8   4:22pm  54.8   5:49am    2    8  0.00   1  13  12:28pm  NE 30.05   66
---------------------------------------------------------------------------------------
TOT  75.1  94.2  6/26/16  50.0   6/9/16   18  321  3.59   3  43  6/15/16 WSW 29.99   70

HEAT BASE: 65.0
COOL BASE: 65.0