иии NEW иии from Personal Weather Station Operators
NOAA WEATHER RADIO. ORG

NOAA-Style Climate Reports

Select a Year or Month report
2017: Jan Feb Mar Apr May Jun Jul Aug Sep Oct Nov Dec
2016: Jan Feb Mar Apr May Jun Jul Aug Sep Oct Nov Dec
2015: Jan Feb Mar Apr May Jun Jul Aug Sep Oct Nov Dec
2014: Jan Feb Mar Apr May Jun Jul Aug Sep Oct Nov Dec
2013: Jan Feb Mar Apr May Jun Jul Aug Sep Oct Nov Dec
2012: Jan Feb Mar Apr May Jun Jul Aug Sep Oct Nov Dec
2011: Jan Feb Mar Apr May Jun Jul Aug Sep Oct Nov Dec
2010: Jan Feb Mar Apr May Jun Jul Aug Sep Oct Nov Dec

Report for 2016 July
                  MONTHLY CLIMATOLOGICAL SUMMARY FOR 7/2016
                                        HEAT  COOL        
     MEAN                               DEG   DEG       WIND SPEED       DOM MEAN  MEAN
DAY  TEMP  HIGH   TIME     LOW   TIME   DAYS  DAYS RAIN AVG  HI  TIME    DIR BAROM HUM
---------------------------------------------------------------------------------------
1    72.8  85.0   4:21pm  63.9   4:18am    0    8  0.32   2  27   9:54am WSW 30.00   74
2    71.2  84.2   2:55pm  57.7   7:02am    1    7  0.00   2  16   1:34pm NNE 30.12   67
3    68.5  72.4   4:39pm  65.7   9:35am    0    3  0.68   3  21   1:24am ENE 30.07   85
4    72.3  76.7   2:32pm  67.0  12:00am    0    7  0.72   2  16   7:04am  SW 29.93   92
5    78.6  87.8   5:26pm  72.0   2:33am    0   14  0.00   3  19  11:39am WSW 29.94   82
6    78.3  88.6   2:26pm  72.4  11:50pm    0   13  0.00   5  34   6:33pm  SW 29.94   81
7    75.4  84.7   5:48pm  68.9   5:30am    0   10  0.01   4  29   5:59pm  SW 29.92   81
8    75.9  84.0   6:50pm  71.5  12:38am    0   11  0.73   4  27  11:44am  SW 29.92   85
9    77.0  84.1   3:34pm  69.6  11:58pm    0   12  0.00   5  21  12:24pm WSW 29.99   72
10   74.4  86.5   4:25pm  62.1   6:33am    0   10  0.00   1  16   2:39pm NNE 30.06   73
11   77.3  90.6   7:00pm  63.9   6:06am    0   12  0.00   1  14  11:24am ENE 30.05   71
12   74.8  81.5   7:47pm  69.3   4:19am    0   10  0.13   4  29  11:11am  SW 30.02   86
13   81.0  90.6   4:05pm  70.7   2:51am    0   16  0.15   5  27   5:07pm  SW 30.03   78
14   77.9  88.0   4:20pm  71.9  12:14am    0   13  0.20   4  34   5:07pm  SW 29.97   82
15   77.4  90.9   4:34pm  67.0   6:42am    0   12  0.00   3  26   6:19pm  SW 30.02   76
16   76.4  88.4   6:24pm  68.0   4:35am    0   11  0.00   1  14  12:04pm WSW 30.09   75
17   78.5  90.7   5:57pm  64.5   6:05am    0   14  0.00   2  18   3:34pm  SW 30.15   73
18   77.5  85.6   3:06pm  71.5   5:56am    0   12  0.00   3  32   9:45am WSW 30.19   78
19   80.5  92.4   4:34pm  69.1   6:37am    0   15  0.00   1  22   4:36pm NNE 30.21   74
20   79.0  92.2   2:32pm  70.5   6:40am    0   14  0.05   1  34   5:53pm ENE 30.20   75
21   81.0  94.3   3:48pm  67.4   6:22am    0   16  0.00   1  14   2:25pm WSW 30.14   71
22   80.3  90.8   6:21pm  72.4   5:04am    0   15  0.00   2  19   6:33pm WSW 30.05   79
23   82.5  94.5   5:01pm  69.7   6:29am    0   17  0.00   1  13   2:29pm   N 30.00   73
24   84.5  96.0   5:20pm  73.4   6:17am    0   20  0.00   2  21   2:46pm  SW 29.99   73
25   80.4  91.6  12:59pm  73.2   2:51pm    0   15  0.72   2  26   2:08pm WSW 30.00   83
26   80.4  92.1   3:20pm  72.4   6:21am    0   15  0.02   2  24   4:04pm WSW 30.01   81
27   80.4  92.8   5:11pm  71.2   6:36am    0   15  0.01   1  13  12:38pm WSW 29.98   81
28   74.8  82.4   5:37pm  70.3   5:58am    0   10  2.31   2  19  10:53pm  SW 29.91   89
29   77.3  86.1   2:25pm  70.9   3:15am    0   12  0.39   2  19   3:51pm WSW 29.93   83
30   75.0  87.1   3:23pm  70.2   6:00am    0   10  0.25   1  32   4:52pm WSW 29.97   86
31   76.2  88.4   3:22pm  66.3   6:43am    0   11  0.00   1  26   4:14pm WSW 30.03   79
---------------------------------------------------------------------------------------
TOT  77.3  96.0  7/24/16  57.7   7/2/16    1  384  6.69   2  34   7/6/16  SW 30.03   79

HEAT BASE: 65.0
COOL BASE: 65.0