иии NEW иии from Personal Weather Station Operators
NOAA WEATHER RADIO. ORG

NOAA-Style Climate Reports

Select a Year or Month report
2017: Jan Feb Mar Apr May Jun Jul Aug Sep Oct Nov Dec
2016: Jan Feb Mar Apr May Jun Jul Aug Sep Oct Nov Dec
2015: Jan Feb Mar Apr May Jun Jul Aug Sep Oct Nov Dec
2014: Jan Feb Mar Apr May Jun Jul Aug Sep Oct Nov Dec
2013: Jan Feb Mar Apr May Jun Jul Aug Sep Oct Nov Dec
2012: Jan Feb Mar Apr May Jun Jul Aug Sep Oct Nov Dec
2011: Jan Feb Mar Apr May Jun Jul Aug Sep Oct Nov Dec
2010: Jan Feb Mar Apr May Jun Jul Aug Sep Oct Nov Dec

Report for 2016 October
                  MONTHLY CLIMATOLOGICAL SUMMARY FOR 10/2016
                                        HEAT  COOL        
     MEAN                               DEG   DEG       WIND SPEED       DOM MEAN  MEAN
DAY  TEMP  HIGH   TIME     LOW   TIME   DAYS  DAYS RAIN AVG  HI  TIME    DIR BAROM HUM
---------------------------------------------------------------------------------------
1    59.7  69.3   4:47pm  53.8   7:14am    6    0  0.24   1  19   6:31pm  SW 30.07   90
2    64.7  72.2   5:20pm  60.0   5:52am    2    2  0.12   1  16  12:41pm WSW 30.09   86
3    63.7  78.0   4:06pm  51.7   7:59am    5    3  0.00   1  14   2:45pm NNE 30.09   78
4    68.0  84.9   5:42pm  54.2   2:47am    3    6  0.00   1  14  12:42pm ENE 30.08   75
5    70.6  84.9   4:50pm  59.5   7:53am    1    7  0.00   1  18  10:56am  SW 30.12   70
6    69.9  86.6   4:19pm  56.9   7:46am    2    7  0.00   1  14   1:48pm ENE 30.16   72
7    67.4  84.0   4:58pm  53.3   8:11am    3    6  0.00   1  14   1:52pm ENE 30.08   72
8    61.7  69.6   3:27pm  48.2  11:36pm    4    1  0.00   7  34   9:52am   N 30.17   63
9    54.4  71.5   4:58pm  40.2   8:12am   12    1  0.00   1  19   3:41pm NNE 30.36   71
10   55.9  72.5   4:09pm  41.6   6:45am   11    2  0.00   1  18   4:24pm ENE 30.39   73
11   60.0  77.7   4:39pm  47.3   5:25am    8    3  0.00   2  21   3:33pm  SW 30.29   68
12   62.8  79.8   4:06pm  45.5   6:42am    7    5  0.00   3  26   3:10pm  SW 30.19   64
13   60.6  68.4   4:42pm  46.8  11:41pm    5    0  0.00   3  19   6:08am NNE 30.22   73
14   55.2  66.2   3:20pm  43.1   4:54am   10    0  0.00   1  16   1:01pm ENE 30.29   80
15   67.6  79.9   5:04pm  56.3   5:26am    2    5  0.00   3  34  12:51pm  SW 30.19   74
16   69.0  80.7   5:33pm  57.7   6:38am    1    5  0.00   4  26  12:18pm  SW 30.10   72
17   71.6  84.4   4:28pm  59.8   4:58am    1    7  0.00   5  30   5:58pm SSW 29.95   70
18   75.5  84.3   5:18pm  66.8   3:47am    0   11  0.00   8  37   1:39pm  SW 29.89   63
19   75.5  86.3   5:07pm  67.7   7:47am    0   11  0.00   2  19   1:17pm  SW 30.01   68
20   64.3  69.0  12:00am  54.6  11:48pm    2    1  0.25   2  27   9:35pm NNW 29.87   91
21   53.2  56.2  12:40pm  48.4  11:58pm   12    0  0.21   5  27   3:27am WNW 30.03   81
22   33.3  46.7  12:56pm  22.8   4:25am   32    0  0.00   4  22  12:33pm WSW 30.34   61
---------------------------------------------------------------------------------------
TOT  49.1  83.2  11/1/16  21.8 11/13/16  128   82  0.49   3  37 11/19/16 WSW 31.02   72

HEAT BASE: 65.0
COOL BASE: 65.0