иии NEW иии from Personal Weather Station Operators
NOAA WEATHER RADIO. ORG

NOAA-Style Climate Reports

Select a Year or Month report
2017: Jan Feb Mar Apr May Jun Jul Aug Sep Oct Nov Dec
2016: Jan Feb Mar Apr May Jun Jul Aug Sep Oct Nov Dec
2015: Jan Feb Mar Apr May Jun Jul Aug Sep Oct Nov Dec
2014: Jan Feb Mar Apr May Jun Jul Aug Sep Oct Nov Dec
2013: Jan Feb Mar Apr May Jun Jul Aug Sep Oct Nov Dec
2012: Jan Feb Mar Apr May Jun Jul Aug Sep Oct Nov Dec
2011: Jan Feb Mar Apr May Jun Jul Aug Sep Oct Nov Dec
2010: Jan Feb Mar Apr May Jun Jul Aug Sep Oct Nov Dec

Report for 2016 December
                  MONTHLY CLIMATOLOGICAL SUMMARY FOR 12/2016
                                        HEAT  COOL        
     MEAN                               DEG   DEG       WIND SPEED       DOM MEAN  MEAN
DAY  TEMP  HIGH   TIME     LOW   TIME   DAYS  DAYS RAIN AVG  HI  TIME    DIR BAROM HUM
---------------------------------------------------------------------------------------
1    41.4  48.3   3:03pm  33.4  11:56pm   24    0  0.00   5  27   9:50am WSW 29.97   67
2    36.2  42.0   2:50pm  28.1   2:57am   29    0  0.00   2  19  12:07pm  SW 30.25   78
3    39.2  43.8   1:25pm  35.7   8:38pm   26    0  0.00   0  10   3:24pm   N 30.35   74
4    42.0  47.4  12:54pm  36.6  12:03am   23    0  0.12   3  26   8:42pm ENE 30.08   83
5    41.7  44.7  12:00am  37.4   7:40am   23    0  0.00   3  21  12:26am ENE 30.04   82
6    42.9  46.1   1:18pm  38.6  11:48pm   22    0  0.77   4  27   7:13pm ENE 29.80   89
7    37.0  45.6   1:39pm  29.8   7:44am   28    0  0.00   2  19  12:19am WNW 30.16   72
8    30.1  35.1   3:27pm  24.0  11:51pm   35    0  0.00   7  29   2:09pm   W 30.35   65
9    23.0  25.0   3:44pm  19.9  11:59pm   42    0  0.00   4  19  12:45am WNW 30.59   70
10   24.7  33.8   3:34pm  13.3   8:10am   40    0  0.00   1  14  12:01pm  SW 30.58   71
11   39.5  50.6   2:48pm  28.6  12:00am   26    0  0.45   4  30  12:22pm SSW 30.15   61
12   39.8  45.2   1:16pm  27.9  10:21pm   25    0  0.10   4  24  12:41pm WSW 30.06   86
13   34.5  41.3   1:43pm  28.8  12:00am   30    0  0.00   2  16  12:31pm   N 30.14   87
14   27.8  35.1   2:41pm  19.2   8:17am   37    0  0.00   3  29  10:51pm WNW 30.25   72
15   15.5  23.0  12:00am  10.4   8:17am   49    0  0.00   4  29  12:07am WNW 30.47   51
16   24.6  39.4  11:21pm  13.8  12:00am   40    0  0.03   3  19   9:30am ENE 30.23   49
17   54.6  66.0   7:17pm  36.7  12:12am   10    0  1.50   9  43   8:53am SSW 29.68   86
18   26.6  45.2  12:00am  20.3  11:38pm   38    0  0.66   7  30   2:10am WNW 30.26   86
19   21.7  29.7   2:51pm  16.3  11:58pm   43    0  0.00   2  13   1:01am NNW 30.71   82
20   24.9  41.4   3:33pm  12.3   5:05am   40    0  0.00   3  19   2:02pm  SW 30.46   83
21   35.3  45.9   2:32pm  25.8  12:16am   30    0  0.00   2  16   1:11am  SW 30.23   78
22   36.1  44.0   3:05pm  23.6  11:59pm   29    0  0.00   3  22  10:48am WSW 30.29   73
23   36.0  44.8   4:16pm  23.2  12:24am   29    0  0.32   1  13   9:52am ENE 30.31   79
24   45.4  48.5   7:20am  40.9  12:02am   20    0  0.43   2  16   5:00am  NE 30.19   93
25   47.8  53.0   9:16pm  43.1  12:44am   17    0  0.01   2  13   9:08am ENE 30.29   95
26   63.6  72.5   1:20pm  50.5  12:04am    3    2  0.70   9  46   7:32pm SSW 30.14   82
27   42.3  55.9  12:18am  30.1  11:42pm   23    0  0.18   5  29  12:59am WSW 30.16   70
28   37.5  53.1   3:38pm  23.3   7:48am   28    0  0.09   1  18   3:06pm   S 30.10   77
29   41.2  46.6   2:44pm  36.3  11:57pm   24    0  0.01  11  46   6:51pm WSW 29.96   70
30   35.8  40.9   4:19pm  30.7  10:17pm   29    0  0.00   8  37   1:58am WSW 30.11   53
31   38.7  42.2   9:24am  31.3   1:43am   26    0  0.01   9  42  10:59am  SW 29.96   70
---------------------------------------------------------------------------------------
TOT  36.4  72.5 12/26/16  10.4 12/15/16  890    2  5.38   4  46 12/29/16 WSW 30.20   75

HEAT BASE: 65.0
COOL BASE: 65.0