advFrankfort Weaher US is currently performing maintainence and upgrading some hardware and weather scripts.
Some Weather Cams will be off line, for exampkle, and there may be sporadic feature and data interruptions.
NOAA ALL HAZARDS WEATHER RADIO Live Streams

NOAA-Style Climate Reports

Select a Year or Month report
2019: Jan Feb Mar Apr May Jun Jul Aug Sep Oct Nov Dec
2018: Jan Feb Mar Apr May Jun Jul Aug Sep Oct Nov Dec
2017: Jan Feb Mar Apr May Jun Jul Aug Sep Oct Nov Dec
2016: Jan Feb Mar Apr May Jun Jul Aug Sep Oct Nov Dec
2015: Jan Feb Mar Apr May Jun Jul Aug Sep Oct Nov Dec
2014: Jan Feb Mar Apr May Jun Jul Aug Sep Oct Nov Dec
2013: Jan Feb Mar Apr May Jun Jul Aug Sep Oct Nov Dec
2012: Jan Feb Mar Apr May Jun Jul Aug Sep Oct Nov Dec
2011: Jan Feb Mar Apr May Jun Jul Aug Sep Oct Nov Dec
2010: Jan Feb Mar Apr May Jun Jul Aug Sep Oct Nov Dec

Report for 2017 January
                  MONTHLY CLIMATOLOGICAL SUMMARY FOR 1/2017
                                        HEAT  COOL        
     MEAN                               DEG   DEG       WIND SPEED       DOM MEAN  MEAN
DAY  TEMP  HIGH   TIME     LOW   TIME   DAYS  DAYS RAIN AVG  HI  TIME    DIR BAROM HUM
---------------------------------------------------------------------------------------
1    43.1  46.5   3:11pm  38.6   7:24am   22    0  0.02   3  21   2:29pm ENE 30.08   91
2    52.6  59.1   2:05pm  45.1  12:00am   12    0  0.03   1  11  11:56pm ENE 30.00   95
3    55.2  58.6   3:57pm  41.5  11:55pm   10    0  0.58   5  30   5:40pm WSW 29.70   94
4    30.7  41.5  12:00am  23.5  11:53pm   34    0  0.00   8  37   5:25am   W 30.00   70
5    22.3  26.2  12:07pm  17.6  11:53pm   43    0  0.00   2  22  11:24pm WNW 30.06   83
6    13.5  17.6  12:00am   8.9  11:56pm   52    0  0.00   4  19   9:17pm NNW 30.28   73
7    10.4  16.3   3:55pm   4.8   8:28am   55    0  0.00   4  22   2:21pm   W 30.57   68
8    14.5  25.9   3:21pm   5.0   8:07am   51    0  0.00   2  18   2:18am WSW 30.74   71
9    28.6  36.8   3:39pm  16.3  12:00am   36    0  0.01   4  26  10:33am SSW 30.51   57
10   46.3  54.5  10:52pm  35.5  12:00am   18    0  0.21  10  54   2:49pm SSW 30.04   67
11   52.7  63.5  10:55pm  39.0   4:59am   12    0  0.53   5  45  10:53pm SSW 30.01   89
12   60.2  67.9   3:06pm  39.8  11:56pm    5    1  0.20  13  46  12:18pm  SW 30.06   82
13   36.7  39.8  12:00am  34.7   7:08am   28    0  0.16   6  22   9:14am  NE 30.54   89
14   39.0  42.0   3:02pm  37.0  12:58am   26    0  0.44   1  11  12:03am  NE 30.43   95
15   38.0  39.8  11:44pm  36.4   6:20am   27    0  0.14   1  10   2:06am  NE 30.36   95
16   49.7  61.9   2:24pm  39.8  12:00am   15    0  0.05   1  14  11:50pm ENE 30.20   91
17   56.9  64.7   1:40pm  45.3  11:55pm    8    0  0.57   8  35   1:03pm WSW 29.95   86
18   41.6  45.3  12:00am  35.8  11:20pm   23    0  0.00   4  26  12:43am WSW 30.15   85
19   45.2  56.7   3:31pm  34.8   1:35am   20    0  0.30   1  14   2:36pm ENE 29.97   84
20   56.5  62.6   3:14pm  50.7  12:00am    8    0  0.24   6  34  11:56am  SW 29.69   84
21   56.3  65.6   5:06pm  48.9  11:58pm    9    0  0.00   1  18  12:26pm SSW 29.66   84
22   52.7  59.9   4:43pm  44.2   5:35am   12    0  0.01   4  29  10:16pm  NE 29.45   89
23   48.6  55.4   1:39am  42.2  11:57pm   16    0  0.28   9  32  10:24am   N 29.49   92
24   41.5  47.1   4:22pm  37.6  11:27pm   23    0  0.00   4  26   1:16am   W 29.83   86
25   46.9  58.4  12:38pm  32.2   5:19am   18    0  0.01   6  35  11:11am  SW 29.69   84
26   37.0  46.0  12:00am  31.0  11:57pm   28    0  0.00  10  35   3:00am WSW 29.89   72
27   32.3  35.5   5:32pm  28.1   8:36am   33    0  0.00   8  27   6:07pm WSW 30.01   72
28   33.6  44.2   3:34pm  25.1   6:34am   31    0  0.00   8  38   2:06pm  SW 29.90   69
29   31.8  35.9   1:15am  28.4  11:26pm   33    0  0.01   5  29   1:23pm WSW 29.86   83
30   29.9  38.1   5:08pm  21.7   8:13am   35    0  0.00   5  26   5:04am WSW 30.01   64
31   47.0  50.7  11:53am  37.9  12:00am   18    0  0.00  10  42  11:14am WSW 29.87   54
---------------------------------------------------------------------------------------
TOT  40.4  67.9  1/12/17   4.8   1/7/17  763    1  3.79   5  48  1/10/17 WSW 30.03   81

HEAT BASE: 65.0
COOL BASE: 65.0