иии NEW иии from Personal Weather Station Operators
NOAA WEATHER RADIO. ORG

NOAA-Style Climate Reports

Select a Year or Month report
2017: Jan Feb Mar Apr May Jun Jul Aug Sep Oct Nov Dec
2016: Jan Feb Mar Apr May Jun Jul Aug Sep Oct Nov Dec
2015: Jan Feb Mar Apr May Jun Jul Aug Sep Oct Nov Dec
2014: Jan Feb Mar Apr May Jun Jul Aug Sep Oct Nov Dec
2013: Jan Feb Mar Apr May Jun Jul Aug Sep Oct Nov Dec
2012: Jan Feb Mar Apr May Jun Jul Aug Sep Oct Nov Dec
2011: Jan Feb Mar Apr May Jun Jul Aug Sep Oct Nov Dec
2010: Jan Feb Mar Apr May Jun Jul Aug Sep Oct Nov Dec

Report for 2017 September
                  MONTHLY CLIMATOLOGICAL SUMMARY FOR 9/2017
                                        HEAT  COOL        
     MEAN                               DEG   DEG       WIND SPEED       DOM MEAN  MEAN
DAY  TEMP  HIGH   TIME     LOW   TIME   DAYS  DAYS RAIN AVG  HI  TIME    DIR BAROM HUM
---------------------------------------------------------------------------------------
1    60.7  72.6  12:00am  56.5  11:07am    5    1  2.95  12  45  12:47pm NNE 29.87   87
2    59.5  64.8   2:16pm  55.9   7:31am    6    0  0.12   2  21   1:12am  SW 29.95   86
3    65.8  80.1   5:32pm  54.0   6:29am    4    4  0.00   3  18   2:23pm SSW 30.05   79
4    74.9  86.0   4:03pm  63.5   1:22am    0   10  0.00   7  32   3:18pm SSW 29.94   73
5    69.2  73.8  12:00am  54.4  11:58pm    1    5  0.38   4  24  12:06am WSW 29.84   75
6    58.7  70.5   3:09pm  47.9   7:01am    7    1  0.00   2  21   2:45pm WSW 29.98   71
7    57.5  69.5   3:34pm  43.7   7:09am    8    1  0.00   2  21  12:39pm WSW 30.11   70
8    61.1  77.4   4:25pm  44.2   7:02am    7    4  0.00   1  14  12:22pm WSW 30.22   69
9    62.2  74.4   4:34pm  50.5   7:08am    5    2  0.00   4  26   5:46pm  NE 30.30   69
10   60.8  75.9   4:36pm  49.1   4:51am    5    2  0.00   3  31   2:27pm  NE 30.31   65
11   60.5  68.1   3:05pm  53.9   6:25am    5    0  0.00   5  26   2:42pm  NE 30.14   70
12   64.3  72.9   3:17pm  57.9   6:07am    3    2  0.61   8  39   1:48pm  NE 29.82   78
13   61.5  63.6   3:45pm  59.2  12:10pm    3    0  0.38   1  19  11:56am SSW 29.80   89
14   64.6  72.2   1:33pm  59.7  11:56pm    2    2  0.05   1  10   8:42am  SW 29.91   84
15   67.2  82.6   5:21pm  55.5   4:22am    3    5  0.00   1  14   3:49pm  NE 30.06   80
16   70.9  86.5   4:07pm  58.4   6:21am    1    7  0.00   1  16   5:10pm  NE 30.11   76
17   71.9  87.4   4:49pm  58.3   7:33am    1    8  0.00   1  13   1:30pm  NE 30.09   74
18   73.9  88.9   3:42pm  60.6   7:33am    1   10  0.00   1  14   3:46pm WSW 30.03   73
19   70.6  77.4   4:49pm  65.5  11:58pm    0    5  0.90   1  11   9:47am WNW 29.95   85
20   72.5  87.4   5:42pm  61.0   7:23am    1    8  0.01   1  14  12:46pm WSW 29.99   80
21   75.7  91.7   5:38pm  63.5   7:14am    0   11  0.00   1  13   2:55pm  NE 30.04   77
22   74.8  90.5   4:38pm  64.1   7:19am    0    9  0.00   1  16   3:30pm  NE 30.05   76
23   73.1  89.4   5:01pm  60.4   7:31am    1    8  0.00   1  16  12:56pm  NE 30.05   74
24   74.0  89.9   5:11pm  60.2   7:25am    1   10  0.00   1  23   2:39pm ENE 30.04   69
25   72.9  89.8   2:48pm  59.9   7:50am    1    9  0.00   1  11   1:14pm ENE 30.00   74
26   74.1  92.1   4:33pm  59.6   7:36am    1    9  0.00   1  13   2:39pm  NE 29.97   71
27   74.0  90.5   4:19pm  59.0   7:21am    1   10  0.00   2  21  11:19pm  NW 29.96   72
28   66.2  76.6   4:13pm  57.3  11:58pm    2    3  0.00   3  21  12:54am   N 30.05   67
29   62.2  78.4   5:32pm  47.1   7:46am    6    3  0.00   1  14   3:28pm NNE 30.15   68
30   59.7  71.4   4:57pm  49.7  11:36pm    7    1  0.00   5  26  10:24am  NE 30.29   61
---------------------------------------------------------------------------------------
TOT  67.1  92.1  9/26/17  43.7   9/7/17   87  150  5.40   3  42   9/1/17  NE 30.03   75

HEAT BASE: 65.0
COOL BASE: 65.0