advFrankfort Weaher US is currently performing maintainence and upgrading some hardware and weather scripts.
Some Weather Cams will be off line, for exampkle, and there may be sporadic feature and data interruptions.
NOAA ALL HAZARDS WEATHER RADIO Live Streams

NOAA-Style Climate Reports

Select a Year or Month report
2019: Jan Feb Mar Apr May Jun Jul Aug Sep Oct Nov Dec
2018: Jan Feb Mar Apr May Jun Jul Aug Sep Oct Nov Dec
2017: Jan Feb Mar Apr May Jun Jul Aug Sep Oct Nov Dec
2016: Jan Feb Mar Apr May Jun Jul Aug Sep Oct Nov Dec
2015: Jan Feb Mar Apr May Jun Jul Aug Sep Oct Nov Dec
2014: Jan Feb Mar Apr May Jun Jul Aug Sep Oct Nov Dec
2013: Jan Feb Mar Apr May Jun Jul Aug Sep Oct Nov Dec
2012: Jan Feb Mar Apr May Jun Jul Aug Sep Oct Nov Dec
2011: Jan Feb Mar Apr May Jun Jul Aug Sep Oct Nov Dec
2010: Jan Feb Mar Apr May Jun Jul Aug Sep Oct Nov Dec

Report for 2017 December
                  MONTHLY CLIMATOLOGICAL SUMMARY FOR 12/2017
                                        HEAT  COOL        
     MEAN                               DEG   DEG       WIND SPEED       DOM MEAN  MEAN
DAY  TEMP  HIGH   TIME     LOW   TIME   DAYS  DAYS RAIN AVG  HI  TIME    DIR BAROM HUM
---------------------------------------------------------------------------------------
1    36.7  55.7   3:24pm  24.2   7:56am   28    0  0.00   1  13  12:29pm  NE 30.24   78
2    40.7  61.4   4:08pm  26.3   1:38am   24    0  0.00   0  10  10:20am ENE 30.18   73
3    40.6  61.8   2:33pm  26.3   7:46am   24    0  0.01   0   8   1:44pm ESE 30.22   73
4    50.6  68.7   2:40pm  31.7   4:43am   15    0  0.00   3  29   9:49pm   S 30.08   65
5    47.3  60.5   3:16am  30.7  11:52pm   18    0  0.64   7  35   2:50pm  SW 30.01   74
6    36.0  48.0   2:38pm  28.3   7:10am   29    0  0.00   6  39  12:29pm  SW 30.16   64
7    30.9  36.8   1:25pm  23.5  11:59pm   34    0  0.00   5  31   2:13pm   W 30.18   69
8    24.9  33.3   4:44pm  18.9   2:11am   40    0  0.00   1  13   1:03pm  SW 30.14   71
9    25.5  30.8  11:58am  17.7   5:24am   39    0  0.00   6  29   9:59pm WSW 29.95   76
10   29.6  38.8   4:35pm  19.6   7:04am   35    0  0.00   6  29  12:00am  SW 30.14   64
11   38.5  52.3   3:06pm  21.1   8:10am   26    0  0.00   5  29   9:16pm  SW 29.96   64
12   32.3  44.9  12:00am  21.0  11:48pm   33    0  0.00   9  39  12:43pm   W 29.95   58
13   31.8  46.6  10:04pm  16.5   6:42am   33    0  0.00   9  42   7:16pm SSW 29.80   49
14   32.5  43.6  12:00am  25.0   9:48pm   32    0  0.00   5  34  12:42am  NW 29.96   61
15   29.3  35.7   2:02pm  21.0   8:35am   36    0  0.00   4  27  12:36pm  SW 30.10   69
16   39.7  51.3   4:16pm  30.3  12:00am   25    0  0.00   8  32   1:28pm SSW 30.15   63
17   40.6  45.7   1:39pm  34.0   2:02am   24    0  0.02   1  18   3:48am SSW 30.17   76
18   45.2  47.7  12:35pm  40.8  12:00am   20    0  0.01   6  21   9:41am  SW 30.10   89
19   48.0  55.9   2:36pm  42.3   8:13am   17    0  0.00   7  26   1:32am  SW 30.07   80
20   43.2  52.9   3:51pm  36.0  11:31pm   22    0  0.00   4  21   3:54pm  NE 30.03   66
21   45.4  60.9   3:38pm  28.0   5:24am   20    0  0.00   3  27   4:31pm SSW 30.01   67
22   55.3  57.4   6:55pm  53.0   9:05am   10    0  0.23   4  27   1:08am SSW 29.97   88
23   42.4  55.0  12:00am  35.2  11:35pm   23    0  0.81   4  32   7:09am  NW 29.96   91
24   33.4  36.8   5:14pm  22.9  11:59pm   32    0  0.04   6  42   9:57pm WSW 30.10   84
25   24.7  29.3   2:24pm  21.0   1:31am   40    0  0.00   9  40   3:21am WSW 30.39   60
26   25.7  30.7   2:50pm  21.5  11:53pm   29    0  0.00   3  18   7:39pm   N 30.52   68
27   14.6  21.6  12:06am   8.1   8:29am   50    0  0.00   5  21   3:31am   N 30.67   61
28   14.5  23.2   3:10pm   8.7   1:21am   51    0  0.00   4  24   9:18am  NE 30.59   64
29   24.3  31.1   2:06pm  13.7  12:00am   41    0  0.00   2  14   9:27am  SW 30.37   63
30   22.0  26.9   6:12am   9.6  11:57pm   43    0  0.00   5  27   7:27pm WNW 30.26   71
31   11.6  18.7   4:07pm   6.3   5:21am   53    0  0.00   5  21   4:29pm   N 30.49   67
---------------------------------------------------------------------------------------
TOT  34.2  68.7  12/4/17   6.3 12/31/17  947    0  1.76   5  42 12/13/17  SW 30.16   70

HEAT BASE: 65.0
COOL BASE: 65.0