] Frankfort Weather — Twin Hollies Weather Center - NOAA-Style Climate Reports
advFrankfort Weaher US is currently performing maintainence and upgrading some hardware and weather scripts.
Some Weather Cams will be off line, for exampkle, and there may be sporadic feature and data interruptions.
NOAA ALL HAZARDS WEATHER RADIO Live Streams

NOAA-Style Climate Reports

Select a Year or Month report
2019: Jan Feb Mar Apr May Jun Jul Aug Sep Oct Nov Dec
2018: Jan Feb Mar Apr May Jun Jul Aug Sep Oct Nov Dec
2017: Jan Feb Mar Apr May Jun Jul Aug Sep Oct Nov Dec
2016: Jan Feb Mar Apr May Jun Jul Aug Sep Oct Nov Dec
2015: Jan Feb Mar Apr May Jun Jul Aug Sep Oct Nov Dec
2014: Jan Feb Mar Apr May Jun Jul Aug Sep Oct Nov Dec
2013: Jan Feb Mar Apr May Jun Jul Aug Sep Oct Nov Dec
2012: Jan Feb Mar Apr May Jun Jul Aug Sep Oct Nov Dec
2011: Jan Feb Mar Apr May Jun Jul Aug Sep Oct Nov Dec
2010: Jan Feb Mar Apr May Jun Jul Aug Sep Oct Nov Dec

Report for 2018 February
                  MONTHLY CLIMATOLOGICAL SUMMARY FOR 2/2018
                                        HEAT  COOL        
     MEAN                               DEG   DEG       WIND SPEED       DOM MEAN  MEAN
DAY  TEMP  HIGH   TIME     LOW   TIME   DAYS  DAYS RAIN AVG  HI  TIME    DIR BAROM HUM
---------------------------------------------------------------------------------------
1    40.6  49.5  12:00am  23.0  11:57pm   24    0  0.13   6  27  12:19am  SW 30.02   67
2    18.2  25.1   4:28pm  12.3   7:42am   47    0  0.00   4  23   1:13am WNW 30.50   65
3    26.5  39.9  11:57pm  12.4   3:34am   38    0  0.00   2  16   4:44pm   S 30.31   64
4    35.2  42.4   2:20am  25.1  11:39pm   30    0  0.17   6  50   2:31am  SW 29.95   82
5    24.0  31.8   5:22pm  19.3   3:12am   41    0  0.00   2  26  12:34am WNW 30.27   71
6    31.0  36.7   2:40pm  25.8  12:00am   34    0  0.03   2  21  10:11pm  NE 30.32   75
7    30.0  32.9  12:00am  27.2  11:58pm   35    0  0.87   4  23   8:34am WNW 30.23   89
8    27.6  37.3   4:30pm  20.3   7:54am   37    0  0.00   3  18  10:21am WSW 30.49   77
9    40.5  58.4   4:06pm  25.1   6:21am   24    0  0.01   2  29  12:37pm SSW 30.24   66
10   46.0  50.4   5:36am  37.9  11:54pm   19    0  0.43   2  18   6:02am   N 30.00   84
11   38.8  48.8  11:23am  30.9  11:53pm   26    0  0.47   5  27   4:11pm   W 29.95   92
12   32.8  42.6   4:27pm  26.4   8:05am   32    0  0.07   7  27   4:34pm NNE 30.54   72
13   36.2  46.6   4:49pm  27.3   4:34am   29    0  0.00   4  21  12:44am  NE 30.53   77
14   53.4  60.2   3:11pm  40.2   1:00am   12    0  0.61   5  32   9:31pm SSW 30.21   91
15   66.4  71.7   6:10pm  59.4  12:00am    1    2  0.01  12  43  11:27pm  SW 29.86   82
16   47.8  69.7  12:00am  36.3  11:38pm   18    0  0.96   7  40  12:14am  NW 30.02   85
17   35.3  39.2  10:25pm  32.7   1:11pm   30    0  0.35   2  31  10:32pm  NE 30.15   88
18   40.4  52.4   5:07pm  27.0   7:31am   25    0  0.00   2  18   2:50pm ENE 30.27   76
19   63.3  74.8   3:27pm  44.6  12:01am    4    3  0.00   8  43  12:49pm SSW 30.09   74
20   69.8  78.6   3:07pm  61.4   1:44am    0    5  0.00   9  48   2:06pm SSW 30.11   66
21   57.0  70.2   5:50am  45.9  11:19pm    9    1  0.49   6  34   5:47am   N 30.27   88
22   45.2  48.8  11:58pm  40.8   7:46am   20    0  2.09   5  26   4:14am  NE 30.35   93
23   59.0  70.0   3:16pm  48.7  12:01am    7    1  0.89   4  26   8:14am  SW 30.23   91
24   55.0  63.7  10:16pm  50.0  11:36am   10    0  1.07   4  45  11:58pm  NE 29.97   93
25   49.9  59.4   3:33am  41.4  11:54pm   15    0  0.55   6  42  12:00am  SW 29.99   76
26   45.8  60.2   4:20pm  35.3  11:54pm   19    0  0.00   2  19   9:57am  NE 30.27   63
27   47.3  65.9   4:09pm  28.9   7:15am   18    0  0.00   2  21  12:13pm   S 30.27   66
28   54.0  56.9   3:24am  51.3  11:20am   11    0  0.09   3  26   6:13am SSW 29.93   81
---------------------------------------------------------------------------------------
TOT  43.5  78.6  2/20/18  12.3   2/2/18  615   12  9.29   4  48  2/20/18 SSW 30.19   78

HEAT BASE: 65.0
COOL BASE: 65.0