NOAA ALL HAZARDS WEATHER RADIO Live Streams

NOAA-Style Climate Reports

Select a Year or Month report
2018: Jan Feb Mar Apr May Jun Jul Aug Sep Oct Nov Dec
2017: Jan Feb Mar Apr May Jun Jul Aug Sep Oct Nov Dec
2016: Jan Feb Mar Apr May Jun Jul Aug Sep Oct Nov Dec
2015: Jan Feb Mar Apr May Jun Jul Aug Sep Oct Nov Dec
2014: Jan Feb Mar Apr May Jun Jul Aug Sep Oct Nov Dec
2013: Jan Feb Mar Apr May Jun Jul Aug Sep Oct Nov Dec
2012: Jan Feb Mar Apr May Jun Jul Aug Sep Oct Nov Dec
2011: Jan Feb Mar Apr May Jun Jul Aug Sep Oct Nov Dec
2010: Jan Feb Mar Apr May Jun Jul Aug Sep Oct Nov Dec

Report for 2018 June
                  MONTHLY CLIMATOLOGICAL SUMMARY FOR 6/2018
                                        HEAT  COOL        
     MEAN                               DEG   DEG       WIND SPEED       DOM MEAN  MEAN
DAY  TEMP  HIGH   TIME     LOW   TIME   DAYS  DAYS RAIN AVG  HI  TIME    DIR BAROM HUM
---------------------------------------------------------------------------------------
1    72.0  83.7   6:20pm  65.5   2:43am    0    7  0.21   2  16   3:40pm  SW 29.87   87
2    76.7  90.5   6:57pm  65.2   5:28am    0   12  0.00   2  16  12:57pm NNE 29.87   78
3    74.3  83.4   3:30pm  64.5  11:26pm    0    9  0.00   3  31   3:48pm WSW 29.87   72
4    68.0  77.8   5:00pm  56.7   5:31am    1    5  0.00   3  23  12:24pm WSW 29.97   61
5    69.7  82.8   5:23pm  51.1   6:05am    3    8  0.00   3  26   7:43pm  SW 29.90   63
6    69.6  79.8   4:53pm  60.3   5:59am    1    5  0.00   3  18   9:28am NNE 29.91   68
7    72.0  88.2   6:05pm  54.8   6:15am    3   10  0.00   1  14  12:53pm SSW 30.04   70
8    77.8  91.6   2:48pm  62.8   6:00am    0   13  0.00   2  31   9:23pm ENE 30.11   68
9    77.4  92.2   4:19pm  62.1   6:22am    0   13  0.00   2  32   7:48pm  SW 30.05   70
10   73.9  88.2   2:09pm  67.2  11:54pm    0    9  0.25   3  26   3:29pm SSW 29.94   81
11   70.6  77.7   7:49pm  65.0   4:06am    0    6  0.24   1  26  12:22am  NE 29.92   89
12   73.5  86.1   6:17pm  67.6   5:02am    0    9  0.65   3  39   1:31pm SSW 29.97   86
13   76.3  84.9   5:00pm  69.6   5:41am    0   11  0.01   4  19  10:03am  SW 29.98   83
14   76.4  86.2   4:55pm  66.3   6:51am    0   11  0.00   2  18   1:51pm NNE 30.03   66
15   75.5  89.8   4:56pm  59.0   6:01am    1   11  0.00   1  14  11:13am  NE 30.03   68
16   80.0  93.9   6:32pm  63.5   6:30am    0   15  0.00   1  11   2:19pm  NE 30.04   68
17   83.0  96.6   6:06pm  68.3   6:17am    0   18  0.00   1  11  12:11pm  NE 30.09   70
18   82.3  93.7   3:55pm  70.4   6:31am    0   17  0.00   3  24   6:15pm  SW 30.08   74
19   83.0  92.0   4:46pm  74.3   6:12am    0   18  0.00   5  27   6:14pm  SW 29.99   72
20   78.3  87.2  12:31pm  73.7  11:37pm    0   13  0.28   4  31   4:32pm  SW 29.90   79
21   74.2  82.0   5:43pm  71.0  11:20pm    0    9  0.57   3  21   3:08pm  SW 29.80   90
22   72.0  79.7   2:34pm  66.9  11:58pm    0    7  0.31   3  29  12:23pm SSW 29.73   87
23   72.9  81.5   4:34pm  65.8   3:22am    0    8  0.00   5  29   4:18pm  SW 29.81   81
24   76.0  86.4   4:08pm  68.2   1:07am    0    9  0.06   2  21   1:01pm WSW 29.93   80
---------------------------------------------------------------------------------------
TOT  75.2  96.6  6/17/18  51.1   6/5/18   10  253  2.58   3  37  6/12/18  SW 29.95   75

HEAT BASE: 65.0
COOL BASE: 65.0