] Frankfort Weather — Twin Hollies Weather Center - NOAA-Style Climate Reports
FLASH FLOOD WATCH UNTIL 2:00PM TUESDAY
Frankfort Weaher US is currently performing maintainence and upgrading some hardware and weather scripts.
Some Weather Cams will be off line, for exampkle, and there may be sporadic feature and data interruptions. Currently issues with obtaining and updating Warning / Advisory Data consistently.
NOAA ALL HAZARDS WEATHER RADIO Live Streams

NOAA-Style Climate Reports

Select a Year or Month report
2019: Jan Feb Mar Apr May Jun Jul Aug Sep Oct Nov Dec
2018: Jan Feb Mar Apr May Jun Jul Aug Sep Oct Nov Dec
2017: Jan Feb Mar Apr May Jun Jul Aug Sep Oct Nov Dec
2016: Jan Feb Mar Apr May Jun Jul Aug Sep Oct Nov Dec
2015: Jan Feb Mar Apr May Jun Jul Aug Sep Oct Nov Dec
2014: Jan Feb Mar Apr May Jun Jul Aug Sep Oct Nov Dec
2013: Jan Feb Mar Apr May Jun Jul Aug Sep Oct Nov Dec
2012: Jan Feb Mar Apr May Jun Jul Aug Sep Oct Nov Dec
2011: Jan Feb Mar Apr May Jun Jul Aug Sep Oct Nov Dec
2010: Jan Feb Mar Apr May Jun Jul Aug Sep Oct Nov Dec

Report for 2018 July
                  MONTHLY CLIMATOLOGICAL SUMMARY FOR 7/2018
                                        HEAT  COOL        
     MEAN                               DEG   DEG       WIND SPEED       DOM MEAN  MEAN
DAY  TEMP  HIGH   TIME     LOW   TIME   DAYS  DAYS RAIN AVG  HI  TIME    DIR BAROM HUM
---------------------------------------------------------------------------------------
1    80.2  91.5   1:42pm  72.0   6:17am    0   15  0.04   2  31   2:18pm SSW 30.02   80
2    77.8  92.9   2:14pm  72.0  11:28pm    0   13  0.05   2  32   4:11pm SSW 30.05   85
3    77.5  89.5  12:50pm  71.3   6:28am    0   13  0.64   1  35   1:42pm WSW 30.15   87
4    83.7  97.0   3:34pm  69.9   6:12am    0   19  0.00   1  11   1:19pm  NE 30.22   77
5    83.5  97.1   4:24pm  73.9   6:35am    0   18  0.00   1  21   2:53pm  NE 30.24   76
6    76.9  84.9   2:36pm  70.3  11:58pm    0   12  0.13   5  34   3:03pm NNE 30.22   79
7    72.4  83.1   4:18pm  60.0   6:36am    1    8  0.00   6  24   5:03pm NNE 30.24   65
8    77.4  90.8   5:55pm  63.2   6:37am    0   12  0.00   2  14   4:30pm  NE 30.24   69
9    77.7  92.0   5:07pm  64.5   6:06am    0   13  0.33   2  27   7:25pm WSW 30.23   78
10   81.5  92.6   4:46pm  69.8   6:43am    0   17  0.00   2  18   4:27pm WSW 30.10   75
11   79.1  87.4   3:41pm  71.7  11:59pm    0   14  0.00   4  21   3:03pm NNE 30.06   74
12   75.0  85.6   5:37pm  61.5   6:32am    0   10  0.00   3  21   2:51pm  NE 30.15   66
13   76.3  91.0   4:33pm  61.4   5:14am    1   12  0.00   1  13  12:57pm NNE 30.13   72
14   79.2  93.5   6:07pm  64.2   6:21am    0   14  0.00   1  13   2:02pm  NE 30.08   72
15   76.7  83.8   5:36pm  69.9   4:29am    0   12  0.01   1  11   9:21am  SW 30.03   85
16   76.8  83.6  11:41am  71.4   6:42am    0   12  0.19   2  18   1:27pm WSW 29.97   88
17   79.5  87.8   5:52pm  70.6   6:52am    0   14  0.00   2  21   2:47pm WNW 29.98   72
18   74.9  87.4   5:53pm  62.6   6:33am    0   10  0.00   2  16   2:34pm NNE 30.03   68
19   74.7  86.8   5:38pm  61.9   4:23am    0   10  0.00   2  19  12:24pm  NE 30.00   65
20   70.4  87.1   2:55pm  64.6   4:09pm    0    5  2.06   4  60   3:47pm SSW 29.89   88
21   71.1  82.2   3:52pm  63.3   7:07am    0    6  0.15   5  32   3:28pm  SW 29.78   84
22   71.5  80.5   3:25pm  67.7   8:35am    0    6  0.32   4  24   3:32pm WSW 29.73   89
23   70.3  76.5   4:35pm  65.3   7:29am    0    5  0.00   2  18   5:03am   N 29.87   87
24   72.9  82.4   6:17pm  62.4   5:32am    0    8  0.00   2  16   5:07pm WNW 29.98   82
25   75.4  87.0   4:06pm  62.7   6:37am    0   11  0.00   2  18   4:39pm   N 29.98   76
26   76.6  87.7   5:05pm  64.8   6:38am    0   12  0.00   3  18   2:11pm  SW 29.98   75
27   75.6  82.8   5:23pm  64.2  11:56pm    0   11  0.00   3  24   3:03pm   W 30.04   68
28   70.5  82.3   3:10pm  57.5   6:37am    2    7  0.00   1  14   3:25pm   N 30.12   76
29   72.8  85.6   4:14pm  59.2   6:27am    1    9  0.00   1  13  11:09am  NE 30.10   73
30   68.6  73.6   9:58am  66.6   6:14am    0    1  0.00   1  10   9:43am ENE 30.04   85
---------------------------------------------------------------------------------------
TOT  76.0  97.1   7/5/18  57.5  7/28/18    5  329  3.92   2  55  7/20/18 NNE 30.06   77

HEAT BASE: 65.0
COOL BASE: 65.0