Currently issues with obtaining and updating Warning / Advisory Data consistently

NOAA ALL HAZARDS WEATHER RADIO Live Streams

NOAA-Style Climate Reports


Report for 2019 January
                  MONTHLY CLIMATOLOGICAL SUMMARY FOR 1/2019
                                        HEAT  COOL        
     MEAN                               DEG   DEG       WIND SPEED       DOM MEAN  MEAN
DAY  TEMP  HIGH   TIME     LOW   TIME   DAYS  DAYS RAIN AVG  HI  TIME    DIR BAROM HUM
---------------------------------------------------------------------------------------
1    45.2  55.4  12:00am  40.8  10:49pm   20    0  0.00   4  29  12:58am WSW 30.20   83
2    41.4  44.2   1:49pm  39.4   2:16am   24    0  0.00   4  23  10:44pm  SW 30.19   89
3    37.0  42.3   3:08pm  32.3  10:14pm   28    0  0.00   1  21  12:35am WNW 30.12   85
4    39.7  46.1  11:52am  32.2  12:09am   25    0  0.98   3  24  11:33pm  NE 29.78   93
5    43.0  53.5   4:18pm  35.5   7:59am   22    0  0.00   5  24  12:09am  SW 29.94   83
6    43.4  58.3   2:55pm  31.1   6:50am   22    0  0.00   1  13   8:22pm ENE 30.19   85
7    54.4  64.6   2:11pm  45.9   6:24am   11    0  0.01   7  49   2:26pm SSW 30.04   68
8    54.5  65.0   2:26pm  41.8  11:37pm   10    0  0.01  11  58   4:27pm SSW 29.98   66
9    32.5  41.8  12:00am  22.7  11:56pm   32    0  0.00  11  42   5:11am WNW 30.20   60
10   24.1  32.6   4:15pm  19.3   8:03am   41    0  0.00   3  23  12:02am  NW 30.37   68
11   26.1  34.2   1:47pm  15.8   7:19am   39    0  0.00   2  16  10:21am  NE 30.38   77
12   32.9  36.5   3:18pm  28.8   4:16am   32    0  0.35   4  24   8:27pm  NE 30.25   90
13   33.5  35.8   1:42am  31.1  11:45pm   31    0  0.27   5  28   4:58pm NNE 30.17   92
14   29.2  31.4   1:15am  23.5  11:07pm   36    0  0.00   2  11  10:45am  NW 30.34   91
15   28.7  32.5  11:55pm  21.3   1:32am   36    0  0.00   4  21  12:40pm  SW 30.30   87
16   35.2  38.2   4:04pm  32.4  12:00am   30    0  0.01   3  21   2:37am  SW 30.26   90
17   39.1  43.1  10:13pm  35.2  12:49am   26    0  0.13   2  16   2:23pm  SW 30.11   94
18   38.5  42.0  12:01am  36.8  11:51pm   27    0  0.00   2  19   1:07am  NE 30.13   88
19   41.0  49.8   3:20pm  25.8  11:59pm   24    0  1.03   6  39  10:45pm  NE 29.69   93
20   17.7  25.8  12:00am   8.1  11:58pm   47    0  0.00   8  34  12:19am  NW 30.15   73
21   12.5  23.0   3:08pm   1.3   7:56am   53    0  0.00   2  18  11:40pm  NE 30.52   75
22   31.8  45.3   2:27pm  16.9   7:03am   33    0  0.02   4  26  11:34pm ENE 30.35   60
23   47.8  54.1   9:13am  33.7  11:59pm   17    0  1.07   6  37   9:16am   S 29.86   86
24   28.2  33.8  12:00am  24.6  11:39am   37    0  0.01   8  31  10:20pm WSW 29.94   84
25   21.1  27.5  12:00am  13.0   8:09am   44    0  0.00   6  31   1:34am WSW 30.26   60
26   29.9  37.3   8:24pm  21.3  12:43am   35    0  0.00   6  26  11:45pm SSW 30.16   74
27   32.9  39.8   1:22am  23.9  11:55pm   32    0  0.00   5  34   1:18am WSW 30.08   76
28   37.3  51.9   2:37pm  23.4   1:08am   28    0  0.09   7  37   4:43pm SSW 29.86   78
29   19.8  27.7  12:00am  15.5   9:15am   45    0  0.00  10  34   3:10pm WSW 30.05   64
30    7.5  21.9  12:30am   2.7   7:54pm   58    0  0.00   7  42   9:47am WSW 30.26   62
31   11.7  22.1  11:56pm  -1.3   4:15am   53    0  0.00   1  13  12:38pm  NE 30.41   66
---------------------------------------------------------------------------------------
TOT  32.8  65.0   1/8/19  -1.3  1/31/19  997    0  3.98   5  52   1/8/19  SW 30.15   79

HEAT BASE: 65.0
COOL BASE: 65.0