] Frankfort Weather — Twin Hollies Weather Center - NOAA-Style Climate Reports
FLASH FLOOD WATCH UNTIL 2:00PM TUESDAY
Frankfort Weaher US is currently performing maintainence and upgrading some hardware and weather scripts.
Some Weather Cams will be off line, for exampkle, and there may be sporadic feature and data interruptions. Currently issues with obtaining and updating Warning / Advisory Data consistently.
NOAA ALL HAZARDS WEATHER RADIO Live Streams

NOAA-Style Climate Reports

Select a Year or Month report
2019: Jan Feb Mar Apr May Jun Jul Aug Sep Oct Nov Dec
2018: Jan Feb Mar Apr May Jun Jul Aug Sep Oct Nov Dec
2017: Jan Feb Mar Apr May Jun Jul Aug Sep Oct Nov Dec
2016: Jan Feb Mar Apr May Jun Jul Aug Sep Oct Nov Dec
2015: Jan Feb Mar Apr May Jun Jul Aug Sep Oct Nov Dec
2014: Jan Feb Mar Apr May Jun Jul Aug Sep Oct Nov Dec
2013: Jan Feb Mar Apr May Jun Jul Aug Sep Oct Nov Dec
2012: Jan Feb Mar Apr May Jun Jul Aug Sep Oct Nov Dec
2011: Jan Feb Mar Apr May Jun Jul Aug Sep Oct Nov Dec
2010: Jan Feb Mar Apr May Jun Jul Aug Sep Oct Nov Dec

Report for 2019 February
                  MONTHLY CLIMATOLOGICAL SUMMARY FOR 2/2019
                                        HEAT  COOL        
     MEAN                               DEG   DEG       WIND SPEED       DOM MEAN  MEAN
DAY  TEMP  HIGH   TIME     LOW   TIME   DAYS  DAYS RAIN AVG  HI  TIME    DIR BAROM HUM
---------------------------------------------------------------------------------------
1    27.3  32.7   4:26pm  22.1  12:00am   38    0  0.01   1  10   2:46am  NE 30.29   86
2    38.2  57.9   4:16pm  28.0   5:05am   27    0  0.01   1  16   4:24pm  SW 30.23   87
3    49.2  68.5   4:20pm  36.6   7:35am   16    0  0.00   2  23   2:06pm SSW 30.05   73
4    51.1  61.3   1:03pm  38.3   5:38am   14    0  0.15   2  26  12:58pm   S 29.96   90
5    55.5  58.3  11:45am  51.3  11:28pm    9    0  0.02   2  13   1:14pm SSW 30.04   96
6    58.8  63.5  11:02am  51.3  12:00am    6    0  1.00   2  31  11:30am SSW 29.93   95
7    57.7  70.4   3:29pm  39.1  11:58pm    8    1  1.21   7  44   3:19pm SSW 29.89   92
8    27.0  39.1  12:00am  20.4  11:56pm   38    0  0.00   9  32  12:23am WSW 30.49   69
9    23.4  33.5   3:43pm  14.7   7:56am   42    0  0.00   4  21   3:23pm NNE 30.77   69
10   32.2  40.2  11:33pm  22.9   3:08am   33    0  0.37   2  16   4:41am  NE 30.41   82
11   44.2  48.6  11:54pm  40.2  12:00am   21    0  1.16   1  13   7:23pm  NE 30.06   97
12   48.3  56.4   9:56am  33.7  11:42pm   17    0  1.14   9  58  10:54pm  SW 29.76   90
13   34.1  41.7   4:21pm  28.0   7:38am   31    0  0.00  11  50   2:52am  SW 30.07   62
14   47.4  60.5   4:26pm  35.7  12:29am   18    0  0.00   7  45   4:11pm SSW 29.87   50
15   43.3  54.9  12:00am  33.3  11:58pm   22    0  0.00   7  32  12:29am  SW 29.86   63
16   33.0  42.3   2:59pm  27.8   8:28am   32    0  0.00   7  23   3:13pm NNE 29.98   65
17   33.6  38.4   9:00pm  27.9  12:22am   31    0  0.13   4  19   3:28am  NE 29.84   87
18   33.2  35.9  12:00am  29.5  11:58pm   32    0  0.00   6  32   3:08pm WSW 30.27   78
19   30.7  36.1   2:32pm  22.1   6:52am   34    0  0.06   4  23   1:19pm  NE 30.52   75
20   43.1  55.8   6:04pm  32.7   1:39am   22    0  2.18   6  29   6:50pm  NE 29.97   93
21   41.5  47.6   2:37pm  31.3   7:53am   24    0  0.00   2  19  12:29am WSW 30.21   78
22   41.8  44.6   4:02pm  38.6   7:29am   23    0  0.00   5  23  12:41pm  NE 30.32   70
23   48.8  61.0   2:58pm  39.2   2:34am   16    0  1.49   4  28  10:05pm ENE 29.98   91
24   47.0  59.7   2:18am  35.1  11:55pm   18    0  0.04  15  60   9:33am WSW 29.87   63
25   34.1  47.5   5:37pm  26.7   7:31am   31    0  0.00   5  32  12:32am WSW 30.41   52
26   38.7  57.0   3:40pm  22.8   7:49am   26    0  0.00   1  13   2:11pm  NE 30.35   65
27   47.4  65.6   3:31pm  27.5   6:51am   18    0  0.00   5  36   2:36pm  SW 30.11   65
28   35.1  41.7  12:00am  32.0  11:48pm   30    0  0.12   6  24   6:10am NNE 30.12   82
---------------------------------------------------------------------------------------
TOT  40.9  70.4   2/7/19  14.7   2/9/19  675    1  9.09   5  58  2/12/19  NE 30.13   77

HEAT BASE: 65.0
COOL BASE: 65.0