Currently issues with obtaining and updating Warning / Advisory Data consistently

NOAA ALL HAZARDS WEATHER RADIO Live Streams

NOAA-Style Climate Reports


Report for 2019 March
                  MONTHLY CLIMATOLOGICAL SUMMARY FOR 3/2019
                                        HEAT  COOL        
     MEAN                               DEG   DEG       WIND SPEED       DOM MEAN  MEAN
DAY  TEMP  HIGH   TIME     LOW   TIME   DAYS  DAYS RAIN AVG  HI  TIME    DIR BAROM HUM
---------------------------------------------------------------------------------------
1    34.1  36.6   4:13pm  31.3   4:42am   30    0  0.00   3  19   4:47am NNE 30.09   93
2    38.4  42.6   3:39pm  35.0   2:44am   27    0  0.01   2  13   9:19am  SW 30.17   86
3    32.8  37.7  12:52am  25.7  10:51pm   32    0  0.08   5  29   4:20pm   N 30.04   91
4    21.0  26.4  12:09am  13.4  11:58pm   44    0  0.00   7  26   1:52pm   W 30.21   72
5    18.2  28.9   3:42pm   9.4   5:19am   47    0  0.00   9  34  11:13am WSW 30.26   65
6    23.2  33.2   4:45pm  14.3   7:03am   42    0  0.00   6  24  11:16am WSW 30.39   57
7    29.3  37.7   2:05pm  20.8   2:59am   36    0  0.00   1  18   9:57pm  NE 30.36   71
8    35.1  40.8   2:51pm  30.7   3:59am   30    0  0.24   2  16   8:07pm  NE 30.15   92
9    45.2  60.0  11:57pm  35.9  12:00am   20    0  1.63   6  37   8:24pm  NE 29.89   94
10   52.5  60.6   1:01am  44.8  11:56pm   12    0  0.00  10  47   1:48am WSW 30.04   66
11   44.6  57.3   3:36pm  35.7   8:19am   20    0  0.00   2  19   5:53pm WNW 30.35   60
12   39.1  51.3   4:33pm  27.3   8:16am   26    0  0.00   1  15  12:54pm ENE 30.37   66
13   54.3  70.2   4:44pm  37.3   2:59am   12    1  0.00   2  19   7:27pm   S 30.07   55
14   66.4  76.8   5:04pm  57.0   9:41am    2    3  0.24  12  63   5:56pm   S 29.79   65
15   46.0  60.8  12:00am  37.1  11:31pm   19    0  0.00   9  40   9:02pm WSW 30.05   68
16   39.9  50.4   5:14pm  29.1   8:06am   24    0  0.00   4  32   2:41pm WNW 30.33   58
17   39.9  56.2   5:09pm  24.4   8:03am   25    0  0.00   5  34   4:36pm  SW 30.27   62
18   37.9  50.3   4:21pm  25.4   6:57am   27    0  0.00   2  23   1:51pm  NW 30.37   65
19   39.0  55.9   4:25pm  23.5   7:54am   26    0  0.00   1  15   2:31pm WNW 30.41   63
20   46.4  61.1   4:28pm  31.9   5:08am   19    0  0.00   2  24   4:41pm SSW 30.18   59
21   44.7  50.8   2:11pm  39.0  11:38pm   20    0  0.05   5  31   2:38pm WSW 29.97   83
22   44.8  53.7   3:53pm  37.4   7:09am   20    0  0.00   8  37   2:41pm WSW 30.05   66
23   42.7  59.9   5:11pm  24.7   7:29am   22    0  0.00   1  18  12:22am ENE 30.30   57
24   49.8  64.5   1:44pm  37.1   5:18am   15    0  0.00   2  29   1:49pm  SW 30.17   62
25   48.3  55.7   1:53am  39.1  11:59pm   17    0  0.38   5  31   4:24pm   N 30.03   89
26   39.6  51.3   5:02pm  28.5   7:38am   25    0  0.00   7  32  10:54am NNE 30.33   46
27   43.8  64.0   6:49pm  24.9   7:08am   21    0  0.00   1  16   3:47pm  NE 30.35   56
28   54.1  71.3   4:56pm  34.2   7:45am   12    1  0.00   6  34   1:36pm SSW 30.21   60
29   59.9  65.4   3:41pm  54.9   7:52am    5    0  0.01   4  23   8:03pm SSW 30.11   67
30   58.0  67.4   6:22pm  37.5  11:56pm    7    0  0.93   8  45   8:54pm SSW 29.84   79
31   35.6  42.4   5:41pm  29.5  11:56pm   29    0  0.00   8  31   2:18pm WNW 30.22   66
---------------------------------------------------------------------------------------
TOT  42.1  76.8  3/14/19   9.4   3/5/19  714    6  3.57   5  58  3/14/19  SW 30.17   69

HEAT BASE: 65.0
COOL BASE: 65.0