NOAA ALL HAZARDS WEATHER RADIO Live Streams

NOAA-Style Climate Reports


Report for 2019 June
                  MONTHLY CLIMATOLOGICAL SUMMARY FOR 6/2019
                                        HEAT  COOL        
     MEAN                               DEG   DEG       WIND SPEED       DOM MEAN  MEAN
DAY  TEMP  HIGH   TIME     LOW   TIME   DAYS  DAYS RAIN AVG  HI  TIME    DIR BAROM HUM
---------------------------------------------------------------------------------------
1    70.8  85.1   4:32pm  55.3   6:25am    2    8  0.00   0   8   1:22pm SSE 29.92   77
2    72.1  86.3   3:04pm  59.4   6:15am    1    8  0.00   1  15   2:13pm   S 29.87   74
3    65.2  79.9   4:40pm  45.6   6:25am    4    4  0.00   0  10  12:30pm NNE 30.11   61
4    68.6  84.3   3:45pm  51.7   6:08am    4    7  0.00   1  16  12:36pm   S 30.08   69
5    75.1  91.0   5:40pm  67.5  11:55pm    0   10  0.66   1  21   8:17pm   S 29.88   78
6    74.4  85.5   3:51pm  65.0   5:54am    0    9  0.16   0  13   9:12pm   S 29.87   86
7    70.0  73.8  12:02pm  67.9   6:11am    0    5  0.48   2  18  12:59pm NNE 29.84   94
8    73.2  81.1   3:32pm  67.9   7:50am    0    8  0.45   3  23   4:21pm NNE 29.87   88
9    73.5  81.9   2:19pm  67.7   5:48am    0    9  0.14   1  16   5:19pm NNE 29.92   89
10   71.5  80.3  12:56pm  59.8  11:59pm    0    7  0.02   1  21   4:10pm NNE 30.02   83
11   62.3  76.4   4:48pm  45.5   6:14am    6    3  0.00   1  15  12:59pm NNE 30.19   68
12   63.4  73.7  12:25pm  51.8   5:05am    4    3  0.01   2  16  12:55pm   S 29.97   83
13   63.3  69.4   6:10pm  54.0  11:58pm    3    1  0.00   7  39   2:37pm  SW 29.92   68
14   63.0  77.4   5:02pm  43.1   6:17am    6    4  0.00   2  21   3:49pm   S 30.15   62
15   74.4  83.0   3:48pm  65.0   6:37am    0    9  0.00   6  32  11:55am   S 30.00   63
16   74.4  88.5   3:27pm  65.9   8:22am    0    9  2.38   6  58   5:18pm   S 29.88   80
17   72.5  84.6   4:18pm  66.0   4:03am    0    7  1.86   2  23   9:26pm   S 29.94   89
18   72.9  82.7   5:25pm  66.6   6:03am    0    8  0.63   2  19   2:54am   S 29.90   88
19   74.5  86.3   4:17pm  66.5   5:01am    0    9  0.55   3  36   8:49pm   S 29.73   86
20   71.0  77.1   3:15pm  66.7   5:41am    0    6  0.00   6  36   3:33pm   S 29.67   86
21   69.7  81.1   3:42pm  60.4   5:46am    1    6  0.11   2  18  10:27pm SSW 29.95   81
22   69.6  78.7   2:10pm  63.1   6:13am    0    5  0.29   2  21   8:15am   N 29.98   89
23   72.0  86.8   4:40pm  62.5   6:09am    0    7  0.02   3  60   5:48pm   S 29.95   86
24   73.7  79.5  11:02am  68.1   5:43am    0    9  0.37   5  29   4:05pm   S 29.78   86
25   74.9  84.5   5:26pm  65.2   5:32am    0   10  0.01   3  26  12:59am SSW 29.97   73
26   77.3  91.4   5:41pm  61.8   6:14am    0   13  0.00   2  18  10:37am   S 30.09   74
27   79.7  91.1   7:06pm  66.1   6:23am    0   15  0.00   2  19   1:25am SSW 30.15   72
28   81.0  94.1   6:58pm  67.1   5:50am    0   16  0.00   2  19  12:46am   S 30.16   68
29   80.4  92.5   5:31pm  66.1   6:27am    0   15  0.06   2  24  10:05pm SSW 30.10   71
30   78.0  92.5   3:39pm  70.6   3:23am    0   13  0.95   3  29   4:27pm  SW 29.99   83
---------------------------------------------------------------------------------------
TOT  72.1  94.1  6/28/19  43.1  6/14/19   33  245  9.15   3  60  6/23/19   S 29.96   79

HEAT BASE: 65.0
COOL BASE: 65.0