] Frankfort Weather — Twin Hollies Weather Center - NOAA-Style Climate Reports
Currently issues with obtaining and updating Warning / Advisory Data consistently
NOAA ALL HAZARDS WEATHER RADIO Live Streams

NOAA-Style Climate Reports

Select a Year or Month report
2019: Jan Feb Mar Apr May Jun Jul Aug Sep Oct Nov Dec
2018: Jan Feb Mar Apr May Jun Jul Aug Sep Oct Nov Dec
2017: Jan Feb Mar Apr May Jun Jul Aug Sep Oct Nov Dec
2016: Jan Feb Mar Apr May Jun Jul Aug Sep Oct Nov Dec
2015: Jan Feb Mar Apr May Jun Jul Aug Sep Oct Nov Dec
2014: Jan Feb Mar Apr May Jun Jul Aug Sep Oct Nov Dec
2013: Jan Feb Mar Apr May Jun Jul Aug Sep Oct Nov Dec
2012: Jan Feb Mar Apr May Jun Jul Aug Sep Oct Nov Dec
2011: Jan Feb Mar Apr May Jun Jul Aug Sep Oct Nov Dec
2010: Jan Feb Mar Apr May Jun Jul Aug Sep Oct Nov Dec

Report for 2019 July
                  MONTHLY CLIMATOLOGICAL SUMMARY FOR 7/2019
                                        HEAT  COOL        
     MEAN                               DEG   DEG       WIND SPEED       DOM MEAN  MEAN
DAY  TEMP  HIGH   TIME     LOW   TIME   DAYS  DAYS RAIN AVG  HI  TIME    DIR BAROM HUM
---------------------------------------------------------------------------------------
1    78.4  90.5   6:25pm  67.3   6:30am    0   13  0.00   3  19   2:12pm SSW 29.96   77
2    81.0  92.5   4:02pm  70.0   6:15am    0   16  0.02   3  32  10:41pm  SW 29.92   76
3    75.3  88.1   2:20pm  68.8   6:49am    0   10  0.43   2  32   4:22pm   S 29.90   87
4    77.2  90.8   6:11pm  67.7   6:20am    0   12  0.01   2  21   6:45pm   S 29.96   84
5    80.6  91.8   6:31pm  71.1   6:17am    0   16  0.00   2  18   1:02pm   S 30.00   79
6    81.1  90.3   5:40pm  72.7   6:39am    0   16  0.00   3  19   5:46pm SSW 29.94   80
7    82.3  91.7   5:04pm  72.0   6:44am    0   17  0.00   2  18   2:11pm   N 29.86   78
8    78.7  87.1   5:19pm  70.2   6:30am    0   14  0.00   3  16  12:42pm   N 29.90   78
9    79.6  93.1   6:09pm  68.2   6:44am    0   14  0.00   1  16  12:40pm NNE 29.94   77
10   81.9  93.6   5:39pm  69.5   6:37am    0   17  0.00   1  13  12:03pm  SW 29.93   77
11   81.2  89.2   5:45pm  73.2  11:52pm    0   16  0.07   3  26   3:14pm SSW 29.83   80
12   77.6  90.1   6:21pm  66.9   5:22am    0   13  0.00   2  18   3:00pm   W 29.87   70
13   77.4  93.1   4:11pm  61.4   6:45am    0   13  0.00   1  16   5:40pm   W 29.97   67
14   79.7  90.8   5:24pm  68.4   1:03am    0   15  0.00   4  21   1:59pm SSW 30.07   78
15   75.5  89.1   1:34pm  69.2   3:09pm    0   10  2.15   1  32   2:53pm NNE 30.06   86
16   80.9  90.9   5:06pm  71.7   6:09am    0   16  0.00   5  32   5:35pm   S 29.97   77
17   77.9  89.4   5:39pm  73.6   6:12am    0   13  0.65   5  40   6:25pm   S 29.90   87
18   80.4  92.9   7:06pm  71.4   5:21am    0   15  0.01   2  18   9:01am   S 29.91   84
19   83.7  93.0   5:17pm  75.2   6:51am    0   19  0.00   4  23   2:36pm   S 29.94   79
20   84.3  93.8   6:09pm  73.7   6:33am    0   19  0.00   3  21   2:01pm SSW 29.93   77
21   77.4  90.0   1:58pm  73.1   6:59am    0   12  0.39   2  23   2:44pm   S 29.91   87
22   73.2  81.0   3:05pm  67.4  11:59pm    0    8  0.16   3  29   6:10pm   S 29.87   91
23   70.5  80.6   6:53pm  61.2   7:02am    1    6  0.00   4  31   3:20pm NNW 29.96   71
24   68.8  81.6   4:44pm  56.4   6:51am    2    6  0.00   2  19   5:19pm   W 30.03   76
25   70.8  84.2   5:38pm  56.0   7:11am    2    8  0.00   1  15  11:58am NNE 30.12   74
26   73.7  86.8   4:08pm  59.4   6:54am    1   10  0.00   1  16   2:34pm   N 30.17   73
27   76.3  89.7   6:25pm  61.8   6:43am    0   12  0.00   3  23   4:26pm SSW 30.17   71
28   77.6  90.3   5:23pm  63.4   6:47am    0   13  0.00   3  23   3:04pm SSW 30.10   72
29   78.4  89.8   2:48pm  66.1   6:30am    0   13  0.00   4  28  12:17pm   S 29.97   73
30   73.5  85.1   3:36pm  65.9   7:44pm    0    8  1.51   3  28   7:10pm   S 29.95   88
31   73.7  86.0   6:47pm  63.7   6:24am    0    9  0.15   1  18   2:14pm  SW 30.00   86
---------------------------------------------------------------------------------------
TOT  77.7  93.8  7/20/19  56.0  7/25/19    7  400  5.55   3  40  7/17/19   S 29.97   79

HEAT BASE: 65.0
COOL BASE: 65.0