Currently issues with obtaining and updating Warning / Advisory Data consistently
NOAA ALL HAZARDS WEATHER RADIO Live Streams

NOAA-Style Climate Reports

Select a Year or Month report
2019: Jan Feb Mar Apr May Jun Jul Aug Sep Oct Nov Dec
2018: Jan Feb Mar Apr May Jun Jul Aug Sep Oct Nov Dec
2017: Jan Feb Mar Apr May Jun Jul Aug Sep Oct Nov Dec
2016: Jan Feb Mar Apr May Jun Jul Aug Sep Oct Nov Dec
2015: Jan Feb Mar Apr May Jun Jul Aug Sep Oct Nov Dec
2014: Jan Feb Mar Apr May Jun Jul Aug Sep Oct Nov Dec
2013: Jan Feb Mar Apr May Jun Jul Aug Sep Oct Nov Dec
2012: Jan Feb Mar Apr May Jun Jul Aug Sep Oct Nov Dec
2011: Jan Feb Mar Apr May Jun Jul Aug Sep Oct Nov Dec
2010: Jan Feb Mar Apr May Jun Jul Aug Sep Oct Nov Dec

Report for 2019 August
                  MONTHLY CLIMATOLOGICAL SUMMARY FOR 8/2019
                                        HEAT  COOL        
     MEAN                               DEG   DEG       WIND SPEED       DOM MEAN  MEAN
DAY  TEMP  HIGH   TIME     LOW   TIME   DAYS  DAYS RAIN AVG  HI  TIME    DIR BAROM HUM
---------------------------------------------------------------------------------------
1    76.7  88.4   4:09pm  64.2   6:51am    0   12  0.00   1  13   2:49pm   W 30.02   75
2    76.4  87.6   3:29pm  65.8   7:06am    0   11  0.00   3  19   4:00pm   N 30.00   78
3    76.9  88.5   5:07pm  65.2   7:07am    0   12  0.00   2  16  12:41pm   N 29.97   75
4    75.9  89.0   4:49pm  64.1   6:49am    0   11  0.00   1  13   2:17pm   N 29.95   72
5    76.5  91.9   5:25pm  61.4   6:38am    0   12  0.00   1  11   1:30pm NNE 29.92   72
6    76.1  88.5   5:08pm  63.9   6:39am    0   11  0.41   3  28   2:50pm SSW 29.82   79
7    75.5  86.4   5:11pm  67.6   5:08am    0   11  0.01   3  18   2:53am SSW 29.80   79
8    77.0  88.9   6:01pm  63.3   6:26am    0   12  0.00   4  28   5:42pm SSE 29.84   74
9    79.3  90.1   4:06pm  71.1   5:47am    0   14  0.00   2  19   2:04pm   W 29.86   76
10   74.2  85.8   5:21pm  61.6   7:06am    0    9  0.00   2  18   4:03pm   N 29.92   69
11   74.1  89.4   5:39pm  58.7   6:53am    1   10  0.00   1  13  10:54am NNE 29.97   70
12   77.0  89.2   6:24pm  65.5   3:33am    0   12  0.00   2  19   6:27pm SSW 29.88   72
13   79.5  87.4   5:13pm  71.6  10:30am    0   14  0.27   4  26   5:05am SSW 29.78   80
14   79.4  90.8   5:45pm  69.2   6:47am    0   14  0.00   2  15  11:15am   W 29.86   76
15   76.2  86.0   3:02pm  64.2   6:59am    0   11  0.00   2  18  11:11am  SW 29.91   70
16   76.4  91.5   5:24pm  62.4   5:23am    0   12  0.00   1  18   1:10pm SSE 29.93   71
17   79.4  93.5   6:18pm  65.3   6:48am    0   14  0.00   1  11  12:28pm SSW 29.92   73
18   82.9  95.7   5:09pm  69.3   6:41am    0   18  0.00   2  16  12:39pm   S 29.90   68
19   83.9  97.7   5:14pm  70.4   6:57am    0   19  0.00   1  19   1:40pm  SW 29.95   68
20   78.9  94.6   1:57pm  69.2  11:59pm    0   14  0.41   2  39   5:55pm SSW 29.98   80
21   78.3  92.5   4:42pm  67.0   6:47am    0   13  0.01   3  23   4:52pm  SW 29.94   79
22   77.0  87.6   4:42pm  68.8   7:36am    0   12  0.25   3  40   4:49am SSW 29.92   81
23   69.3  73.6  12:00am  63.3  11:59pm    0    4  0.40   3  24   9:33am   N 30.00   89
24   67.7  78.9   5:23pm  57.4   6:49am    2    5  0.00   5  28  11:50am   N 30.08   72
25   70.8  83.8   4:39pm  58.4   5:18am    2    7  0.00   2  18   8:53am NNE 29.99   76
26   70.3  72.8   3:53am  68.7   9:48pm    0    5  0.78   2  21   3:51pm SSE 29.89   93
27   72.9  80.8   4:31pm  68.5  11:58pm    0    8  0.76   3  21  12:00pm   S 29.84   92
28   71.4  81.0   4:52pm  61.6  11:59pm    0    7  0.01   2  24   4:10pm  SW 29.94   74
29   69.2  83.6   6:02pm  52.6   7:02am    3    8  0.00   2  21   3:57pm   S 30.02   73
30   75.5  88.8   5:43pm  62.3   6:11am    0   11  0.00   2  18  11:13am   S 30.03   73
31   74.0  90.0   3:09pm  65.7   7:10am    0    9  0.67   2  32   5:56pm NNE 30.09   82
---------------------------------------------------------------------------------------
TOT  75.8  97.7  8/19/19  52.6  8/29/19   10  343  3.98   2  40  8/22/19 SSW 29.93   76

HEAT BASE: 65.0
COOL BASE: 65.0